INSERT INTO `wp_icl_translate` (`tid`, `job_id`, `content_id`, `timestamp`, `field_type`, `field_format`, `field_translate`, `field_data`, `field_data_translated`, `field_finished`) VALUES
(2146, 41, 0, '2019-01-21 19:34:06', 'excerpt', 'base64', 1, '', '', 1),
(2148, 41, 0, '2019-01-21 19:34:06', 'package-string-32-18403', 'base64', 1, 'DQo8cCBzdHlsZT0iZm9udC1zaXplOiAxN3B4OyBmb250LWZhbWlseTogbG9yYTsgZm9udC13ZWlnaHQ6IDEwMDsgY29sb3I6ICMzMzMzMzM7IHRleHQtYWxpZ246IHJpZ2h0OyI+RW5zIGFsbG90amFyZW0gYSBMYSBNZWRpdGVycsOgbmlhIGRlIENhbWJyaWxzIFBhcmsgU3BvcnQgVmlsbGFnZS4gQXF1ZXN0cyBhcGFydGFtZW50cyBkZSA0KiBTVVAgZXN0w6BuIGNvbXBsZXRhbWVudCBlcXVpcGF0cyBhbWIgY3VpbmEsIHNhbGEgZCcgZXN0YXIgYW1iIFRWIGkgMiBoYWJpdGFjaW9ucyBkb2JsZXMgYW1iIGJhbnkgcHJpdmF0IGkgVFYuPC9wPg0K', 'PHAgc3R5bGU9ImZvbnQtc2l6ZTogMTdweDsgZm9udC1mYW1pbHk6IGxvcmE7IGZvbnQtd2VpZ2h0OiAxMDA7IGNvbG9yOiAjMzMzMzMzOyB0ZXh0LWFsaWduOiByaWdodDsiPk5vcyBhbG9qYXJlbW9zIGVuIExhIE1lZGl0ZXJyw6BuaWEgZGUgQ2FtYnJpbHMgUGFyayBTcG9ydCBWaWxsYWdlLiBFc3RvcyBhcGFydGFtZW50b3MgZGUgNCAqIFNVUCBlc3TDoW4gY29tcGxldGFtZW50ZSBlcXVpcGFkb3MgY29uIGNvY2luYSwgc2FsYSBkZSBlc3RhciBjb24gVFYgeSAyIGhhYml0YWNpb25lcyBkb2JsZXMgY29uIGJhw7FvIHByaXZhZG8geSBUVi48L3A+', 1),
(2149, 41, 0, '2019-01-21 19:34:06', 'package-string-32-16394', 'base64', 1, 'U0FCRVItTkUgTcOJUw==', 'U0FCRVIgTcOBUw==', 1),
(2150, 41, 0, '2019-01-21 19:34:06', 'package-string-32-16400', 'base64', 1, 'Q09OU1VMVEEgRUwgVFJBQ0s=', 'Q09OU1VMVEEgRUwgVFJBQ0s=', 1),
(2151, 41, 0, '2019-01-21 19:34:06', 'package-string-32-18505', 'base64', 1, 'QWxsb3RqYW1lbnQgZW7CoGFwYXJ0YW1lbnRzIGRlIGR1ZXMgaGFiaXRhY2lvbmVzIGRvYmxlcyBzZXBhcmFkZXMgYW1iIGJhbnkgcHJpdmF0LiBQb2Ryw6BzIGluZGljYXIgZGUgcXVpbiBjbHViIGV0cyBwZXIgY29tcGFydGlyIGFtYiBjb21wYW55cy4=', 'QWxvamFtaWVudG8gZW4gYXBhcnRhbWVudG9zIGRlIGRvcyBoYWJpdGFjaW9uZXMgZG9ibGVzIHNlcGFyYWRhcyBjb24gYmHDsW8gcHJpdmFkby4gUG9kcsOhcyBpbmRpY2FyIGRlIHF1w6kgY2x1YiBlcmVzIHBhcmEgY29tcGFydGlyIGNvbiBjb21wYcOxZXJvcy4=', 1),
(2152, 41, 0, '2019-01-21 19:34:06', 'package-string-32-23319', 'base64', 1, 'U29wYXIgYWwgYnVmZXQgZGUgQ2FtYnJpbHMgUGFyayBTcG9ydCBWaWxsYWdlLg==', 'Q2VuYSBlbiBlbCBidWZldGUgZGUgQ2FtYnJpbHMgUGFyayBTcG9ydCBWaWxsYWdlLg==', 1),
(2153, 41, 0, '2019-01-21 19:34:06', 'package-string-32-23417', 'base64', 1, 'NzXigqw=', 'NzXigqw=', 1),
(2154, 41, 0, '2019-01-21 19:34:06', 'package-string-32-16467', 'base64', 1, 'TmV3c2xldHRlcg==', 'TmV3c2xldHRlcg==', 1),
(2155, 41, 0, '2019-01-21 19:34:06', 'package-string-32-18407', 'base64', 1, 'VU5BIFZJTEEgRVNQT1JUSVZBIFBMRU5BIERFIENPTU9ESVRBVFM=', 'VU5BIFZJTExBIERFUE9SVElWQSBMTEVOQSBERSBDT01PRElEQURFUw==', 1),
(2156, 41, 0, '2019-01-21 19:34:06', 'package-string-32-18404', 'base64', 1, 'QVBBUlRBTUVOVFMgREUgNCBFU1RSRUxMRVM=', 'QVBBUlRBTUVOVE9TIERFIDQgRVNUUkVMTEFT', 1),
(2157, 41, 0, '2019-01-21 19:34:06', 'package-string-32-18406', 'base64', 1, 'DQo8cCBzdHlsZT0iZm9udC1zaXplOiAxN3B4OyBmb250LWZhbWlseTogbG9yYTsgZm9udC13ZWlnaHQ6IDEwMDsgY29sb3I6ICMzMzMzMzM7IHRleHQtYWxpZ246IGxlZnQ7Ij5FbnMgYWxsb3RqYXJlbSBhIExhIE1lZGl0ZXJyw6BuaWEgZGUgQ2FtYnJpbHMgUGFyayBTcG9ydCBWaWxsYWdlLiBBcXVlc3RzIGFwYXJ0YW1lbnRzIGRlIDQqIFNVUCBlc3TDoG4gY29tcGxldGFtZW50IGVxdWlwYXRzIGFtYiBjdWluYSwgc2FsYSBkJyBlc3RhciBhbWIgVFYgaSAyIGhhYml0YWNpb25zIGRvYmxlcyBhbWIgYmFueSBwcml2YXQgaSBUVi48L3A+DQo=', 'PHAgc3R5bGU9ImZvbnQtc2l6ZTogMTdweDsgZm9udC1mYW1pbHk6IGxvcmE7IGZvbnQtd2VpZ2h0OiAxMDA7IGNvbG9yOiAjMzMzMzMzOyB0ZXh0LWFsaWduOiBsZWZ0OyI+Tm9zIGFsb2phcmVtb3MgZW4gTGEgTWVkaXRlcnLDoG5pYSBkZSBDYW1icmlscyBQYXJrIFNwb3J0IFZpbGxhZ2UuIEVzdG9zIGFwYXJ0YW1lbnRvcyBkZSA0ICogU1VQIGVzdMOhbiBjb21wbGV0YW1lbnRlIGVxdWlwYWRvcyBjb24gY29jaW5hLCBzYWxhIGRlIGVzdGFyIGNvbiBUViB5IDIgaGFiaXRhY2lvbmVzIGRvYmxlcyBjb24gYmHDsW8gcHJpdmFkbyB5IFRWLjwvcD4=', 1),
(2158, 41, 0, '2019-01-21 19:34:06', 'package-string-32-18393', 'base64', 1, 'UFJFVVM=', 'UFJFQ0lPUw==', 1),
(2159, 41, 0, '2019-01-21 19:34:06', 'package-string-32-18395', 'base64', 1, 'UEFSVElDSVBBTlQgTyBBQ09NUEFOWUFOVA==', 'UEFSVElDSVBBTlRFIE8gQUNPTVBBw5FBTlRF', 1),
(2160, 41, 0, '2019-01-21 19:34:06', 'package-string-32-18399', 'base64', 1, 'Q29tcGFydGVpeGVuIGhhYml0YWNpw7MgYW1iIGVscyB0dXRvcnM=', 'Q29tcGFydGVuIGhhYml0YWNpw7NuIGNvbiBsb3MgdHV0b3Jlcw==', 1),
(2161, 41, 0, '2019-01-21 19:34:06', 'package-string-32-18400', 'base64', 1, 'TkVOUyBNRU5PUlMgMTAgQU5ZUw==', 'TknDkU9TIE1FTk9SRVMgMTAgQcORT1M=', 1),
(2162, 41, 0, '2019-01-21 19:34:06', 'package-string-32-18405', 'base64', 1, 'VklTSVRBIFZJUlRVQUwgREUgMzYwwro=', 'VklTSVRBIFZJUlRVQUwgREUgMzYwwro=', 1),
(2163, 41, 0, '2019-01-21 19:34:06', 'package-string-32-23315', 'base64', 1, 'RW50cmVnYSBkZWwgUGFjayBkZSBCZW52aW5ndWRhIGFtYiBvYnNlcXVpcy4=', 'RW50cmVnYSBkZWwgUGFjayBkZSBCaWVudmVuaWRhIGNvbiBvYnNlcXVpb3Mu', 1),
(2164, 41, 0, '2019-01-21 19:34:06', 'package-string-32-23316', 'base64', 1, 'U0VTU0nDkyBJTkZPUk1BVElWQSBERSBM4oCZRVNUQURB', 'U0VTScOTTiBJTkZPUk1BVElWQSBERSBMQSBFU1RBTkNJQQ==', 1),
(2165, 41, 0, '2019-01-21 19:34:06', 'package-string-32-16855', 'base64', 1, 'DQo8cCBzdHlsZT0iZm9udC1zaXplOiAxN3B4OyBmb250LWZhbWlseTogbG9yYTsgZm9udC13ZWlnaHQ6IDEwMDsgY29sb3I6ICMzMzMzMzM7IHRleHQtYWxpZ246IGxlZnQ7Ij5MYSB2aWxhIGNvbXB0YSBhbWIgem9uZXMgZGUgam9jcywgU3BhLCBidWZmZXQsIHJlc3RhdXJhbnQsIGVsIEJhciBGw7JydW0sIEdpbW7DoHMgaSBlc3RhY2nDsyBkZSBjaWNsaXNtZSwgZW50cmUgZCcgYWx0cmVzLiBBaXjDsiBzdXBvc2EgdW5hIGdyYW4gcXVhbnRpdGF0IGQnIGVudHJldGVuaW1lbnRzIHBlciBhcXVlbGxzIHF1ZSBubyBwZWRhbGVuIGksIGV2aWRlbnRtZW50LCBwZXIgZW50cmV0ZW5pci1zZSBkZXNwcsOpcyBkZSBsZXMgcnV0ZXMuPC9wPg0K', 'PHAgc3R5bGU9ImZvbnQtc2l6ZTogMTdweDsgZm9udC1mYW1pbHk6IGxvcmE7IGZvbnQtd2VpZ2h0OiAxMDA7IGNvbG9yOiAjMzMzMzMzOyB0ZXh0LWFsaWduOiBsZWZ0OyI+TGEgdmlsbGEgY3VlbnRhIGNvbiB6b25hcyBkZSBqdWVnb3MsIFNQQSwgYnVmZmV0LCByZXN0YXVyYW50ZSwgZWwgQmFyIEbDsnJ1bSwgR2ltbmFzaW8geSBlc3RhY2nDs24gZGUgY2ljbGlzbW8sIGVudHJlIG90cm9zLiBFc3RvIHN1cG9uZSB1bmEgZ3JhbiBjYW50aWRhZCBkZSBlbnRyZXRlbmltaWVudG9zIHBhcmEgYXF1ZWxsb3MgcXVlIG5vIHBlZGFsZWFuIHksIGV2aWRlbnRlbWVudGUsIHBhcmEgZW50cmV0ZW5lcnNlIGRlc3B1w6lzIGRlIGxhcyBydXRhcy48L3A+', 1),
(2166, 41, 0, '2019-01-21 19:34:06', 'package-string-32-23313', 'base64', 1, 'UmVnaXN0cmEgbGEgdGV2YSBlbnRyYWRhIGFsIFJlc29ydC4gUmVicsOgcyBsYSB0ZXZhIGNsYXUgZGUgbCdoYWJpdGFjacOzLCBlbCBwcm9ncmFtYSBkZSBsJ2VzdGFkYSBpIGd1YXJkYXLDoHMgbGEgdGV2YSBiaWNpY2xldGEgYSBsJ2VzdGFjacOzIGRlIGNpY2xpc21lLg==', 'UmVnaXN0cmEgdHUgZW50cmFkYSBlbiBlbCBSZXNvcnQuIFJlY2liaXLDoXMgdHUgbGxhdmUgZGUgbGEgaGFiaXRhY2nDs24sIGVsIHByb2dyYW1hIGRlIGxhIGVzdGFuY2lhIHkgZ3VhcmRhcsOhcyB0dSBiaWNpY2xldGEgYSBsYSBlc3RhY2nDs24gZGUgY2ljbGlzbW8u', 1),
(2167, 41, 0, '2019-01-21 19:34:06', 'package-string-32-23314', 'base64', 1, 'MjA6MDA=', 'MjA6MDA=', 1),
(2168, 41, 0, '2019-01-21 19:34:06', 'package-string-32-23413', 'base64', 1, 'Tml2ZWxsIDE6IDgwIGttLiB8IDExMDAgbS4gZGVzbml2ZWxsDQpOaXZlbGwgMjogNzAga20uIHwgNzAwIG0uIGRlc25pdmVsbA==', 'Tml2ZWwgMTogODAga20uIHwgMTEwMCBtLiBkZXNuaXZlbA0KTml2ZWwgMjogNzAga20uIHwgNzAwIG0uIGRlc25pdmVs', 1),
(2169, 41, 0, '2019-01-21 19:34:06', 'package-string-32-23410', 'base64', 1, 'TklWRUxMIDE=', 'TklWRUwgMQ==', 1),
(2170, 41, 0, '2019-01-21 19:34:06', 'package-string-32-23411', 'base64', 1, 'TklWRUxMIDI=', 'TklWRUwgMg==', 1),
(2171, 41, 0, '2019-01-21 19:34:06', 'package-string-32-23412', 'base64', 1, 'Tml2ZWxsIDE6IDEwMCBrbS4gfCAxNDAwIG0uIGRlc25pdmVsbA0KTml2ZWxsIDI6IDg1IGttLiB8IDExMDAgbS4gZGVzbml2ZWxs', 'Tml2ZWwgMTogMTAwIGttLiB8IDEuNDAwIG0uIGRlc25pdmVsDQpOaXZlbCAyOiA4NSBrbS4gfCAxMTAwIG0uIGRlc25pdmVs', 1),
(2172, 41, 0, '2019-01-21 19:34:06', 'package-string-32-23312', 'base64', 1, 'QSBQQVJUSVIgREUgTEVTIDE2OjAw', 'QSBQQVJUSVIgREUgTEFTIDE2OjAw', 1),
(2173, 41, 0, '2019-01-21 19:34:06', 'package-string-32-18323', 'base64', 1, 'VklVIEVMIENJQ0xJU01FIEEgQ0FNQlJJTFM=', 'VklWRSBFTCBDSUNMSVNNTyBFTiBDQU1CUklMUw==', 1),
(2174, 41, 0, '2019-01-21 19:34:06', 'package-string-32-23310', 'base64', 1, 'SG9yYXJpcyByZWNvbWFuYXRzIHBlciBsJ2VzdGFkYS4=', 'SG9yYXJpb3MgcmVjb21lbmRhZG9zIHBvciBsYSBlc3RhbmNpYS4=', 1),
(2175, 41, 0, '2019-01-21 19:34:06', 'package-string-32-23311', 'base64', 1, 'QSBsYSByZWNlcGNpw7M=', 'RW4gbGEgcmVjZXBjacOzbg==', 1),
(2176, 41, 0, '2019-01-21 19:34:06', 'package-string-32-23309', 'base64', 1, 'dXJsOmh0dHBzJTNBJTJGJTJGc3BvcnR2aWxsYWdlLmNhbWJyaWxzcGFyay5jb20lMkZjYSUyRnx8dGFyZ2V0OiUyMF9ibGFua3w=', 'dXJsOmh0dHBzJTNBJTJGJTJGc3BvcnR2aWxsYWdlLmNhbWJyaWxzcGFyay5jb20lMkZjYSUyRnx8dGFyZ2V0OiUyMF9ibGFua3w=', 1),
(2177, 41, 0, '2019-01-21 19:34:06', 'package-string-32-18327', 'base64', 1, 'VE9UIElOQ0zDklM=', 'VE9ETyBJTkNMVUlETw==', 1),
(2178, 41, 0, '2019-01-21 19:34:06', 'package-string-32-18329', 'base64', 1, 'dXJsOmh0dHBzJTNBJTJGJTJGc3BvcnR2aWxsYWdlLmNhbWJyaWxzcGFyay5jb20lMkZ0b3VyJTJGaW5kZXhfY2EuaHRtbCUyM3x8dGFyZ2V0OiUyMF9ibGFua3w=', 'dXJsOmh0dHBzJTNBJTJGJTJGc3BvcnR2aWxsYWdlLmNhbWJyaWxzcGFyay5jb20lMkZ0b3VyJTJGaW5kZXhfY2EuaHRtbCUyM3x8dGFyZ2V0OiUyMF9ibGFua3w=', 1),
(2179, 41, 0, '2019-01-21 19:34:06', 'package-string-32-18330', 'base64', 1, 'UnV0ZXMgcHJvZ3JhbWFkZXMgcGVyIGRpc3NhYnRlIGkgZGl1bWVuZ2Uu', 'UnV0YXMgcHJvZ3JhbWFkYXMgcGFyYSBlbCBzw6FiYWRvIHkgZG9taW5nby4=', 1),
(2180, 41, 0, '2019-01-21 19:34:06', 'package-string-32-18331', 'base64', 1, 'UlVURVM=', 'UlVUQVM=', 1),
(2181, 41, 0, '2019-01-21 19:34:06', 'package-string-32-18341', 'base64', 1, 'UFJPR1JBTUE=', 'UFJPR1JBTUE=', 1),
(2182, 41, 0, '2019-01-21 19:34:06', 'package-string-32-18345', 'base64', 1, 'Q0hFQ0stSU4gQ0FNQlJJTFMgUEFSSyBTUE9SVCBWSUxMQUdF', 'Q0hFQ0stSU4gQ0FNQlJJTFMgUEFSSyBTUE9SVCBWSUxMQUdF', 1),
(2183, 41, 0, '2019-01-21 19:34:06', 'package-string-32-18346', 'base64', 1, 'QSBsYcKgU2FsYSBkZSBDb25mZXLDqG5jaWVz', 'RW4gbGHCoFNhbGEgZGUgQ29uZmVyZW5jaWFz', 1),
(2184, 41, 0, '2019-01-21 19:34:06', 'package-string-32-18353', 'base64', 1, 'U09QQVI=', 'Q0VOQQ==', 1),
(2185, 41, 0, '2019-01-21 19:34:06', 'package-string-32-18359', 'base64', 1, 'QcKgQ3ljbGluZyBDb3N0YSBEYXVyYWRh', 'RW4gQ3ljbGluZyBDb3N0YSBEYXVyYWRh', 1),
(2186, 41, 0, '2019-01-21 19:34:06', 'package-string-32-18369', 'base64', 1, 'RElOQVI=', 'Q09NSURB', 1),
(2187, 41, 0, '2019-01-21 19:34:06', 'package-string-32-23360', 'base64', 1, 'dXJsOmh0dHBzJTNBJTJGJTJGd3d3LnN0cmF2YS5jb20lMkZyb3V0ZXMlMkYxNjY5NjYzN3x8dGFyZ2V0OiUyMF9ibGFua3w=', 'dXJsOmh0dHBzJTNBJTJGJTJGd3d3LnN0cmF2YS5jb20lMkZyb3V0ZXMlMkYxNjY5NjYzN3x8dGFyZ2V0OiUyMF9ibGFua3w=', 1),
(2188, 41, 0, '2019-01-21 19:34:06', 'package-string-32-23359', 'base64', 1, 'RGl1bWVuZ2UgMjQgfCA4MGttIC0gMTEwMCs=', 'RG9taW5nbyAyNCB8IDgwa20gLSAxMTAwKw==', 1),
(2189, 41, 0, '2019-01-21 19:34:06', 'package-string-32-23358', 'base64', 1, 'dXJsOmh0dHBzJTNBJTJGJTJGd3d3LnN0cmF2YS5jb20lMkZyb3V0ZXMlMkYxNjY5NjU5OHx8dGFyZ2V0OiUyMF9ibGFua3w=', 'dXJsOmh0dHBzJTNBJTJGJTJGd3d3LnN0cmF2YS5jb20lMkZyb3V0ZXMlMkYxNjY5NjU5OHx8dGFyZ2V0OiUyMF9ibGFua3w=', 1),
(2190, 41, 0, '2019-01-21 19:34:06', 'package-string-32-23356', 'base64', 1, 'dXJsOmh0dHBzJTNBJTJGJTJGd3d3LnN0cmF2YS5jb20lMkZyb3V0ZXMlMkYxNjY5NjY3OXx8dGFyZ2V0OiUyMF9ibGFua3w=', 'dXJsOmh0dHBzJTNBJTJGJTJGd3d3LnN0cmF2YS5jb20lMkZyb3V0ZXMlMkYxNjY5NjY3OXx8dGFyZ2V0OiUyMF9ibGFua3w=', 1),
(2191, 41, 0, '2019-01-21 19:34:06', 'package-string-32-23355', 'base64', 1, 'RGl1bWVuZ2UgMjQgfCA3MGttIC0gNzAwKw==', 'RG9taW5nbyAyNCB8IDcwa20gLSA3MDAr', 1),
(2192, 41, 0, '2019-01-21 19:34:06', 'package-string-32-23354', 'base64', 1, 'dXJsOmh0dHBzJTNBJTJGJTJGd3d3LnN0cmF2YS5jb20lMkZyb3V0ZXMlMkYxNjY5NjYwNnx8dGFyZ2V0OiUyMF9ibGFua3w=', 'dXJsOmh0dHBzJTNBJTJGJTJGd3d3LnN0cmF2YS5jb20lMkZyb3V0ZXMlMkYxNjY5NjYwNnx8dGFyZ2V0OiUyMF9ibGFua3w=', 1),
(2193, 41, 0, '2019-01-21 19:34:06', 'package-string-32-18379', 'base64', 1, 'UmVsYXggdG90YWwgYW1iIHVuYSBzZXNzacOzIGRlIFNwYSBhbCBwcm9waSBjZW50cmUgZGUgQ2FtYnJpbHMgUGFyayBTcG9ydCBWaWxsYWdlLg==', 'UmVsYXggdG90YWwgY29uIHVuYSBzZXNpw7NuIGRlIFNwYSBlbiBlbCBwcm9waW8gY2VudHJvIGRlIENhbWJyaWxzIFBhcmsgU3BvcnQgVmlsbGFnZS4=', 1),
(2194, 41, 0, '2019-01-21 19:34:06', 'package-string-32-18380', 'base64', 1, 'U0VTU0nDkyBERSBTUEE=', 'U0VTScOTTiBERSBTUEE=', 1),
(2195, 41, 0, '2019-01-21 19:34:06', 'package-string-32-23353', 'base64', 1, 'RGlzc2FidGUgMjMgfCA4NWttIC0gMTEwMCs=', 'U8OhYmFkbyAyMyB8IDg1a20gLSAxMTAwKw==', 1),
(2196, 41, 0, '2019-01-21 19:34:06', 'package-string-32-23357', 'base64', 1, 'RGlzc2FidGUgMjMgfCAxMDBrbSAtIDE0MDAr', 'U8OhYmFkbyAyMyB8IDEwMGttIC0gMTQwMCs=', 1),
(2197, 41, 0, '2019-01-21 19:34:06', 'package-string-32-23318', 'base64', 1, 'MjE6MDA=', 'MjE6MDA=', 1),
(2198, 41, 0, '2019-01-21 19:34:06', 'package-string-32-23317', 'base64', 1, 'QWwgYnVmZXQ=', 'RW4gZWwgYnVmZXRl', 1),
(2199, 41, 0, '2019-01-21 19:34:06', 'package-string-32-23302', 'base64', 1, 'WFhWSSBFU1RBREEgQ0FUQUxBTkEgREVMIENJQ0xPVFVSSVNNRQ==', 'WFhWSSBFU1RBREEgQ0FUQUxBTkEgREVMIENJQ0xPVFVSSVNNRQ==', 1),
(2200, 41, 0, '2019-01-21 19:34:06', 'package-string-32-23303', 'base64', 1, 'Q2FtYnJpbHMgUGFyayBTcG9ydCBWaWxsYWdl', 'Q2FtYnJpbHMgUGFyayBTcG9ydCBWaWxsYWdl', 1),
(2201, 41, 0, '2019-01-21 19:34:06', 'package-string-32-23304', 'base64', 1, 'MjItMjQgRkVCUkVSIDIwMTk=', 'MjItMjQgRkVCUkVSTyAyMDE5', 1),
(2202, 41, 0, '2019-01-21 19:34:06', 'package-string-32-23305', 'base64', 1, 'VG9ybmVtIGEgY2VswrdsZWJyYXIgbCdFc3RhZGHCoENhdGFsYW5hIGRlbCBDaWNsb3R1cmlzbWXCoGVscyBwcsOyeGltcyAyMiwgMjMgaSAyNCBkZSBmZWJyZXI=', 'Vm9sdmVtb3MgYSBjZWxlYnJhciBsYcKgRXN0YWRhIENhdGFsYW5hIGRlbCBDaWNsb3R1cmlzbWUgbG9zIHByw7N4aW1vcyAyMiwgMjMgeSAyNCBkZSBmZWJyZXJv', 1),
(2203, 41, 0, '2019-01-21 19:34:06', 'package-string-32-23307', 'base64', 1, 'TGEgem9uYSBkZSBsYSBDb3N0YSBEYXVyYWRhLCBhbWIgZWwgUHJpb3JhdCBpIGVsIE1vbnRzYW50LCByZXN1bHRhIGlkZWFsIHBlciBsYSBwcsOgY3RpY2EgZGUgY2ljbGlzbWUsIHNvYnJldG90IGEgbCdoaXZlcm4uIExlcyBjYXJyZXRlcmVzIHNlbnNlIHRyw6BmaWMgaSBlbCBjbGltYSBzdWF1IHBvc3NpYmlsaXRlbiBwZWRhbGFyIGEgdG90cyBlbHMgbml2ZWxscyBkdXJhbnQgdG90IGwnYW55LiBMZXMgcnV0ZXMgZXMgZmFyw6BuIGVuIGdydXBzIHF1ZSB0aW5kcsOgbiB1biBndcOtYSBjaWNsaXN0YSBleHBlcnQsIHVuIHZlaGljbGUgZCdhc3Npc3TDqG5jaWEgaSBhdml0dWFsbGFtZW50cyBlbiBydXRhLg==', 'TGEgem9uYSBkZSBsYSBDb3N0YSBEYXVyYWRhLCBjb24gZWwgUHJpb3JhdCB5IGVsIE1vbnRzYW50LCByZXN1bHRhIGlkZWFsIHBhcmEgbGEgcHLDoWN0aWNhIGRlIGNpY2xpc21vLCBzb2JyZSB0b2RvIGVuIGludmllcm5vLiBMYXMgY2FycmV0ZXJhcyBzaW4gdHLDoWZpY28geSBlbCBjbGltYSBzdWF2ZSBwb3NpYmlsaXRhbiBwZWRhbGVhciBhIHRvZG9zIGxvcyBuaXZlbGVzIGR1cmFudGUgdG9kbyBlbCBhw7FvLiBMYXMgcnV0YXMgc2UgaGFyw6FuIGVuIGdydXBvcyBxdWUgdGVuZHLDoW4gdW4gZ3XDrWEgY2ljbGlzdGEgZXhwZXJ0bywgdW4gdmVow61jdWxvIGRlIGFzaXN0ZW5jaWEgeSBhdml0dWFsbGFtaWVudG9zIGVuIHJ1dGEu', 1),
(2204, 41, 0, '2019-01-21 19:34:06', 'package-string-32-23308', 'base64', 1, 'TCdFc3RhZGEgaW5jbG91IHRvdGVzIGxlcyBjb21vZGl0YXRzIHBlciBhc3NlZ3VyYXItdGUgMyBkaWVzIHBlcmZlY3Rlcw==', 'TGEgRXN0YWRhIGluY2x1eWUgdG9kYXMgbGFzIGNvbW9kaWRhZGVzIHBhcmEgYXNlZ3VyYXJ0ZSAzIGTDrWFzIHBlcmZlY3Rvcw==', 1),
(2205, 41, 0, '2019-01-21 19:34:06', 'package-string-32-23320', 'base64', 1, 'RGl2ZW5kcmVzIDIyIGRlIGZlYnJlcg==', 'Vmllcm5lcyAyMiBkZSBmZWJyZXJv', 1),
(2206, 41, 0, '2019-01-21 19:34:06', 'package-string-32-23321', 'base64', 1, 'MDg6MzA=', 'MDg6MzA=', 1),
(2207, 41, 0, '2019-01-21 19:34:06', 'package-string-32-23322', 'base64', 1, 'Q29uY2VudHJhY2nDsyBkYXZhbnQgbGVzIG9maWNpbmVzIGRlIEN5Y2xpbmcgQ29zdGEgRGF1cmFkYS4=', 'Q29uY2VudHJhY2nDs24gYW50ZSBsYXMgb2ZpY2luYXMgZGUgQ3ljbGluZyBDb3N0YSBEb3JhZGEu', 1),
(2208, 41, 0, '2019-01-21 19:34:06', 'package-string-32-23323', 'base64', 1, 'Q09OQ0VOVFJBQ0nDkw==', 'Q09OQ0VOVFJBQ0nDk04=', 1),
(2209, 41, 0, '2019-01-21 19:34:06', 'package-string-32-23324', 'base64', 1, 'MDk6MDA=', 'MDk6MDA=', 1),
(2210, 41, 0, '2019-01-21 19:34:06', 'package-string-32-23326', 'base64', 1, 'U09SVElEQSBDSUNMSVNUQSB8IEVMIFBSSU9SQVQ=', 'U0FMSURBIENJQ0xJU1RBIHwgRUwgUFJJT1JBVA==', 1),
(2211, 41, 0, '2019-01-21 19:34:06', 'package-string-32-23327', 'base64', 1, 'QcKgQ2FtYnJpbHM=', 'RW4gQ2FtYnJpbHM=', 1),
(2212, 41, 0, '2019-01-21 19:34:06', 'package-string-32-23328', 'base64', 1, 'MTE6MDA=', 'MTE6MDA=', 1),
(2213, 41, 0, '2019-01-21 19:34:06', 'package-string-32-23329', 'base64', 1, 'UGVyIGFjb21wYW55YW50cy4=', 'UG9yIGFjb21wYcOxYW50ZXMu', 1),
(2214, 41, 0, '2019-01-21 19:34:06', 'package-string-32-23330', 'base64', 1, 'VklTSVRBIEEgQ0FNQlJJTFM=', 'VklTSVRBIEVOIENBTUJSSUxT', 1),
(2215, 41, 0, '2019-01-21 19:34:06', 'package-string-32-23331', 'base64', 1, 'MTQ6MDA=', 'MTQ6MDA=', 1),
(2216, 41, 0, '2019-01-21 19:34:06', 'package-string-32-23332', 'base64', 1, 'RGluYXIgYWwgYnVmZXQgZGUgQ2FtYnJpbHMgUGFyayBTcG9ydCBWaWxsYWdlLg==', 'Q29taWRhIGVuIGVsIGJ1ZmV0ZSBkZSBDYW1icmlscyBQYXJrIFNwb3J0IFZpbGxhZ2Uu', 1),
(2217, 41, 0, '2019-01-21 19:34:06', 'package-string-32-23333', 'base64', 1, 'U1BBIGRlIENhbWJyaWxzIFBhcmsgU3BvcnQgVmlsbGFnZQ==', 'U1BBIGRlIENhbWJyaWxzIFBhcmsgU3BvcnQgVmlsbGFnZQ==', 1),
(2218, 41, 0, '2019-01-21 19:34:06', 'package-string-32-23334', 'base64', 1, 'MTU6MzA=', 'MTU6MzA=', 1),
(2219, 41, 0, '2019-01-21 19:34:06', 'package-string-32-23335', 'base64', 1, 'UGFyYyBTYW3DoA==', 'UGFyYyBTYW3DoA==', 1),
(2220, 41, 0, '2019-01-21 19:34:06', 'package-string-32-23336', 'base64', 1, 'MTc6MDA=', 'MTc6MDA=', 1),
(2221, 41, 0, '2019-01-21 19:34:06', 'package-string-32-23337', 'base64', 1, 'RGlzZnJ1dGFyZW0gdW5hIHZpc2l0YSBndWlhZGEgYWxzIEphcmRpbnMgZGVsIFBhcmMgU2Ftw6AgZGUgQ2FtYnJpbHMu', 'RGlzZnJ1dGFyZW1vcyB1bmEgdmlzaXRhIGd1aWFkYSBhIGxvcyBKYXJkaW5lcyBkZWwgUGFyYyBTYW3DoCBkZSBDYW1icmlscy4=', 1),
(2222, 41, 0, '2019-01-21 19:34:06', 'package-string-32-23338', 'base64', 1, 'VklTSVRBIEFMUyBKQVJESU5TIERFTCBQQVJDIFNBTcOA', 'VklTSVRBIEEgTE9TIEpBUkRJTkVTIERFTCBQQVJDIFNBTcOA', 1),
(2223, 41, 0, '2019-01-21 19:34:06', 'package-string-32-23339', 'base64', 1, 'QSBDYW1icmlscyBQYXJrIFNwb3J0IFZpbGxhZ2U=', 'RW4gQ2FtYnJpbHMgUGFyayBTcG9ydCBWaWxsYWdl', 1),
(2224, 41, 0, '2019-01-21 19:34:06', 'package-string-32-23340', 'base64', 1, 'RGVndXN0YWNpw7MgZGVscyBmYW50w6BzdGljcyB2aW5zIERlbm9taW5hY2nDsyBk4oCZT3JpZ2VuIFByaW9yYXQgaSBNb250c2FudC4=', 'RGVndXN0YWNpw7NuIGRlIGxvcyBmYW50w6FzdGljb3Mgdmlub3MgRGVub21pbmFjacOzbiBkZSBPcmlnZW4gUHJpb3JhdCB5IE1vbnRzYW50Lg==', 1),
(2225, 41, 0, '2019-01-21 19:34:06', 'package-string-32-23341', 'base64', 1, 'REVHVVNUQUNJw5MgREUgVklOUw==', 'Q0FUQSBERSBWSU5PUw==', 1),
(2226, 41, 0, '2019-01-21 19:34:06', 'package-string-32-23342', 'base64', 1, 'RGlzc2FidGUgMjMgZGUgZmVicmVy', 'U8OhYmFkbyAyMyBkZSBmZWJyZXJv', 1),
(2227, 41, 0, '2019-01-21 19:34:06', 'package-string-32-23344', 'base64', 1, 'U09SVElEQSBDSUNMSVNUQSB8IE1VTlRBTllFUyBERUwgQkFJWCBDQU1Q', 'U0FMSURBIENJQ0xJU1RBIHwgTU9OVEHDkUFTIERFTCBCQUlYIENBTVA=', 1),
(2228, 41, 0, '2019-01-21 19:34:06', 'package-string-32-23345', 'base64', 1, 'RmFyZW0gc29ydGVqb3MgZOKAmW9ic2VxdWlzIGkgZWwgY29taWF0IGZpbnMgbOKAmWFueSBzZWfDvGVudC4gR3LDoGNpZXMgcGVyIHZlbmlyIQ==', 'SGFyZW1vcyBzb3J0ZW9zIGRlIG9ic2VxdWlvcyB5IGxhIGRlc3BlZGlkYSBoYXN0YSBlbCBhw7FvIHNpZ3VpZW50ZS4gwqFHcmFjaWFzIHBvciB2ZW5pciE=', 1),
(2229, 41, 0, '2019-01-21 19:34:06', 'package-string-32-23346', 'base64', 1, 'Q09NSUFUIEkgU09SVEVKT1M=', 'REVTUEVESURBIFkgU09SVEVPUw==', 1),
(2230, 41, 0, '2019-01-21 19:34:06', 'package-string-32-23347', 'base64', 1, 'RGl1bWVuZ2UgMjQgZGUgZmVicmVy', 'RG9taW5nbyAyNCBkZSBmZWJyZXJv', 1),
(2231, 41, 0, '2019-01-21 19:34:06', 'package-string-32-23348', 'base64', 1, 'RW4gaGFiaXRhY2nDsyBkb2JsZQ==', 'RW4gaGFiaXRhY2nDs24gZG9ibGU=', 1),
(2232, 41, 0, '2019-01-21 19:34:06', 'package-string-32-23349', 'base64', 1, 'cGVyIHBlcnNvbmE=', 'cG9yIHBlcnNvbmE=', 1),
(2233, 41, 0, '2019-01-21 19:34:06', 'package-string-32-23350', 'base64', 1, 'MTM14oKs', 'MTM14oKs', 1),
(2234, 41, 0, '2019-01-21 19:34:06', 'package-string-32-23351', 'base64', 1, 'RW7CoGhhYml0YWNpw7MgaW5kaXZpZHVhbA==', 'RW7CoGhhYml0YWNpw7NuIGluZGl2aWR1YWw=', 1),
(2235, 41, 0, '2019-01-21 19:34:06', 'package-string-32-23352', 'base64', 1, 'MTc14oKs', 'MTc14oKs', 1),
(2236, 41, 0, '2019-01-21 19:34:06', 'package-string-32-23415', 'base64', 1, 'T1JHQU5JVFpB', 'T1JHQU5JWkE=', 1),
(2237, 41, 0, '2019-01-21 19:34:06', 'package-string-32-23414', 'base64', 1, 'Rk9STVVMQVJJIERFIFJFU0VSVkE=', 'Rk9STVVMQVJJTyBERSBSRVNFUlZB', 1),
(2238, 41, 0, '2019-01-21 19:34:06', 'package-string-32-23532', 'base64', 1, 'UGVyIHF1YXJ0YSB2ZWdhZGEgbCdFc3RhZGEgdGluZHLDoCBsbG9jIGEgQ2FtYnJpbHMgUGFyayBTcG9ydCBWaWxsYWdlLCB1biByZXNvcnTCoGVzcG9ydGl1IHNpdHVhdCBhIGxhIGNpdXRhdCBjb3N0ZXJhIGRlIENhbWJyaWxzIGFtYiB1bmEgZW5vcm1lIGV4cGVyacOobmNpYSBlbiBlc2RldmVuaW1lbnRzIGVzcG9ydGl1cy4gQ3ljbGluZyBDb3N0YSBEYXVyYWRhLCBvcmdhbml0emFkb3IgZGUgbGEgR3JhbiBGb25kbyBDYW1icmlscyBQYXJrIGkgZWwgQ2FtcHVzIE1lbGNpb3IgTWF1cmksIGVudHJlIGQnYWx0cmVzLCBzJ2VuY2FycmVnYSBkZSBsYSBsb2fDrXN0aWNhIHBlciBhc3NlZ3VyYXIgdW4gY2FwIGRlIHNldG1hbmEgaWRlYWwu', 'UG9yIGN1YXJ0YSB2ZXogbGEgRXN0YWRhIHRlbmRyw6EgbHVnYXIgZW4gQ2FtYnJpbHMgUGFyayBTcG9ydCBWaWxsYWdlLCB1biByZXNvcnQgZGVwb3J0aXZvIHNpdHVhZG8gZW4gbGEgY2l1ZGFkIGNvc3RlcmEgZGUgQ2FtYnJpbHMgY29uIHVuYSBlbm9ybWUgZXhwZXJpZW5jaWEgZW4gZXZlbnRvcyBkZXBvcnRpdm9zLiBDeWNsaW5nIENvc3RhIERhdXJhZGEsIG9yZ2FuaXphZG9yIGRlIGxhIEdyYW4gRm9uZG8gQ2FtYnJpbHMgUGFyayB5IGVsIENhbXB1cyBNZWxjaW9yIE1hdXJpLCBlbnRyZSBvdHJvcywgc2UgZW5jYXJnYSBkZSBsYSBsb2fDrXN0aWNhIHBhcmEgYXNlZ3VyYXIgdW4gZmluIGRlIHNlbWFuYSBpZGVhbC4=', 1),
(2239, 41, 0, '2019-01-21 19:34:06', 'package-string-32-23533', 'base64', 1, 'U3Vic2NyaXUtdGUgYSBsYSBub3N0cmEgbmV3c2xldHRlciBwZXIgYXNzYWJlbnRhci10ZSBkZSBsZXMgbm9zdHJlcyBub3ZldGF0cy4=', 'U3Vic2Nyw61iZXRlIGEgbnVlc3RyYSBuZXdzbGV0dGVyIHBhcmEgZW50ZXJhcnRlIGRlIG51ZXN0cmFzIG5vdmVkYWRlcy4=', 1),
(2240, 41, 0, '2019-01-21 19:34:06', 'package-string-32-23929', 'base64', 1, 'SU5TQ1JJVS1URQ==', 'SU5TQ1LDjUJFVEU=', 1),
(2243, 42, 0, '2019-01-22 12:25:53', 'body', 'base64', 0, 'W3ZjX3JvdyBmdWxsX3dpZHRoPSJzdHJldGNoX3JvdyIgY3NzPSIudmNfY3VzdG9tXzE1NDgwOTg3NjY2ODV7cGFkZGluZy10b3A6IDE1MHB4ICFpbXBvcnRhbnQ7fSJdW3ZjX2NvbHVtbl1bdWx0aW1hdGVfaGVhZGluZyBtYWluX2hlYWRpbmc9IkZPUk1VTEFSSU8gREUgUkVTRVJWQSIgbWFyZ2luX2Rlc2lnbl90YWJfdGV4dD0iIiBtYWluX2hlYWRpbmdfZm9udF9zaXplPSJkZXNrdG9wOjMwcHg7IiBzdWJfaGVhZGluZ19mb250X3NpemU9ImRlc2t0b3A6MjBweDsiXUVzdGFkYSBDYXRhbGFuYSBkZWwgQ2ljbG90dXJpc21lIDIwMTlbL3VsdGltYXRlX2hlYWRpbmddW3ZjX2VtcHR5X3NwYWNlXVtncmF2aXR5Zm9ybSBpZD0iNDQiIHRpdGxlPSJmYWxzZSIgZGVzY3JpcHRpb249ImZhbHNlIiBhamF4PSJmYWxzZSJdWy92Y19jb2x1bW5dWy92Y19yb3dd', 'W3ZjX3JvdyBmdWxsX3dpZHRoPSJzdHJldGNoX3JvdyIgY3NzPSIudmNfY3VzdG9tXzE1NDgwOTg3NjY2ODV7cGFkZGluZy10b3A6IDE1MHB4ICFpbXBvcnRhbnQ7fSJdW3ZjX2NvbHVtbl1bdWx0aW1hdGVfaGVhZGluZyBtYWluX2hlYWRpbmc9IkZPUk1VTEFSSSBERSBSRVNFUlZBIiBtYXJnaW5fZGVzaWduX3RhYl90ZXh0PSIiIG1haW5faGVhZGluZ19mb250X3NpemU9ImRlc2t0b3A6MzBweDsiIHN1Yl9oZWFkaW5nX2ZvbnRfc2l6ZT0iZGVza3RvcDoyMHB4OyJdRXN0YWRhIENhdGFsYW5hIGRlbCBDaWNsb3R1cmlzbWUgMjAxOVsvdWx0aW1hdGVfaGVhZGluZ11bdmNfZW1wdHlfc3BhY2VdW2dyYXZpdHlmb3JtIGlkPSI0NCIgdGl0bGU9ImZhbHNlIiBkZXNjcmlwdGlvbj0iZmFsc2UiIGFqYXg9ImZhbHNlIl1bL3ZjX2NvbHVtbl1bL3ZjX3Jvd10=', 1),
(2244, 42, 0, '2019-01-22 12:19:29', 'excerpt', 'base64', 1, '', '', 1),
(2246, 42, 0, '2019-01-22 12:19:29', 'package-string-69-23957', 'base64', 1, 'Rk9STVVMQVJJTyBERSBSRVNFUlZB', 'Rk9STVVMQVJJIERFIFJFU0VSVkE=', 1),
(2247, 42, 0, '2019-01-22 12:19:38', 'package-string-69-24030', 'base64', 1, 'RXN0YWRhIENhdGFsYW5hIGRlbCBDaWNsb3R1cmlzbWUgMjAxOQ==', 'RXN0YWRhIENhdGFsYW5hIGRlbCBDaWNsb3R1cmlzbWUgMjAxOQ==', 1),
(2333, 43, 0, '2019-01-23 09:03:00', 'form_description', 'base64', 1, '', '', 0),
(2334, 43, 0, '2019-01-23 09:03:00', 'select-11-choice-2-L-|-58-61cm-value', 'base64', 1, 'TCB8IDU4LTYxY20=', '', 0),
(2335, 43, 0, '2019-01-23 09:03:00', 'select-8-choice-0-Argon-18-GO!-Ultegra-value', 'base64', 1, 'QXJnb24gMTggR08hIFVsdGVncmE=', '', 0),
(2336, 43, 0, '2019-01-23 09:03:00', 'field-28-label', 'base64', 1, 'SGVsbWV0', '', 0),
(2337, 43, 0, '2019-01-23 09:03:00', 'select-31-choice-2-L-|-58-61cm', 'base64', 1, 'TCB8IDU4LTYxY20=', '', 0),
(2338, 43, 0, '2019-01-23 09:03:00', 'select-31-choice-1-M-|-54---58cm-value', 'base64', 1, 'TSB8IDU0IC0gNThjbQ==', '', 0),
(2339, 43, 0, '2019-01-23 09:03:00', 'field-31-label', 'base64', 1, 'U2l6ZSBIZWxtZXQ=', '', 0),
(2340, 43, 0, '2019-01-23 09:03:00', 'product-30-choice-1-Yes,-I-need-a-helmet-value', 'base64', 1, 'WWVzLCBJIG5lZWQgYSBoZWxtZXQ=', '', 0),
(2341, 43, 0, '2019-01-23 09:03:00', 'product-30-choice-1-Yes,-I-need-a-helmet', 'base64', 1, 'WWVzLCBJIG5lZWQgYSBoZWxtZXQ=', '', 0),
(2342, 43, 0, '2019-01-23 09:03:00', 'product-30-choice-0-I-don\'t-need-helmet-value', 'base64', 1, 'SSBkb24ndCBuZWVkIGhlbG1ldA==', '', 0),
(2343, 43, 0, '2019-01-23 09:03:00', 'product-30-choice-0-I-don\'t-need-helmet', 'base64', 1, 'SSBkb24ndCBuZWVkIGhlbG1ldA==', '', 0),
(2344, 43, 0, '2019-01-23 09:03:00', 'field-30-label', 'base64', 1, 'SGVsbWV0', '', 0),
(2345, 43, 0, '2019-01-23 09:03:00', 'product-28-choice-0-I-don\'t-need-helmet', 'base64', 1, 'SSBkb24ndCBuZWVkIGhlbG1ldA==', '', 0),
(2346, 43, 0, '2019-01-23 09:03:00', 'select-11-choice-2-L-|-58-61cm', 'base64', 1, 'TCB8IDU4LTYxY20=', '', 0),
(2347, 43, 0, '2019-01-23 09:03:00', 'select-11-choice-1-M-|-54---58cm-value', 'base64', 1, 'TSB8IDU0IC0gNThjbQ==', '', 0),
(2348, 43, 0, '2019-01-23 09:03:00', 'product-27-choice-1-Yes,-I-need-a-helmet', 'base64', 1, 'WWVzLCBJIG5lZWQgYSBoZWxtZXQ=', '', 0),
(2349, 43, 0, '2019-01-23 09:03:00', 'product-27-choice-0-I-don\'t-need-helmet-value', 'base64', 1, 'SSBkb24ndCBuZWVkIGhlbG1ldA==', '', 0),
(2350, 43, 0, '2019-01-23 09:03:00', 'product-27-choice-0-I-don\'t-need-helmet', 'base64', 1, 'SSBkb24ndCBuZWVkIGhlbG1ldA==', '', 0),
(2351, 43, 0, '2019-01-23 09:03:00', 'select-13-choice-0-I-don\'t-need-pedals', 'base64', 1, 'SSBkb24ndCBuZWVkIHBlZGFscw==', '', 0),
(2352, 43, 0, '2019-01-23 09:03:00', 'select-13-choice-0-I-don\'t-need-pedals-value', 'base64', 1, 'SSBkb24ndCBuZWVkIHBlZGFscw==', '', 0),
(2353, 43, 0, '2019-01-23 09:03:00', 'select-31-choice-2-L-|-58-61cm-value', 'base64', 1, 'TCB8IDU4LTYxY20=', '', 0),
(2354, 43, 0, '2019-01-23 09:03:00', 'select-31-choice-0-S-|-52---54cm', 'base64', 1, 'UyB8IDUyIC0gNTRjbQ==', '', 0),
(2355, 43, 0, '2019-01-23 09:03:00', 'select-29-choice-2-L-|-58-61cm-value', 'base64', 1, 'TCB8IDU4LTYxY20=', '', 0),
(2356, 43, 0, '2019-01-23 09:03:00', 'product-32-choice-0-I-don\'t-need-shoes-value', 'base64', 1, 'SSBkb24ndCBuZWVkIHNob2Vz', '', 0),
(2357, 43, 0, '2019-01-23 09:03:00', 'product-32-choice-1-Yes,-I-need-a-shoes', 'base64', 1, 'WWVzLCBJIG5lZWQgYSBzaG9lcw==', '', 0),
(2358, 43, 0, '2019-01-23 09:03:00', 'product-32-choice-1-Yes,-I-need-a-shoes-value', 'base64', 1, 'WWVzLCBJIG5lZWQgYSBzaG9lcw==', '', 0),
(2359, 43, 0, '2019-01-23 09:03:00', 'field-33-label', 'base64', 1, 'U2hvZXM=', '', 0),
(2360, 43, 0, '2019-01-23 09:03:00', 'product-33-choice-0-I-don\'t-need-shoes', 'base64', 1, 'SSBkb24ndCBuZWVkIHNob2Vz', '', 0),
(2361, 43, 0, '2019-01-23 09:03:00', 'product-33-choice-0-I-don\'t-need-shoes-value', 'base64', 1, 'SSBkb24ndCBuZWVkIHNob2Vz', '', 0),
(2362, 43, 0, '2019-01-23 09:03:00', 'product-33-choice-1-Yes,-I-need-a-shoes', 'base64', 1, 'WWVzLCBJIG5lZWQgYSBzaG9lcw==', '', 0),
(2363, 43, 0, '2019-01-23 09:03:00', 'product-33-choice-1-Yes,-I-need-a-shoes-value', 'base64', 1, 'WWVzLCBJIG5lZWQgYSBzaG9lcw==', '', 0),
(2364, 43, 0, '2019-01-23 09:03:00', 'field-35-label', 'base64', 1, 'U2hvZXM=', '', 0),
(2365, 43, 0, '2019-01-23 09:03:00', 'product-35-choice-0-I-don\'t-need-shoes', 'base64', 1, 'SSBkb24ndCBuZWVkIHNob2Vz', '', 0),
(2366, 43, 0, '2019-01-23 09:03:00', 'product-35-choice-0-I-don\'t-need-shoes-value', 'base64', 1, 'SSBkb24ndCBuZWVkIHNob2Vz', '', 0),
(2367, 43, 0, '2019-01-23 09:03:00', 'product-35-choice-1-Yes,-I-need-a-shoes', 'base64', 1, 'WWVzLCBJIG5lZWQgYSBzaG9lcw==', '', 0),
(2368, 43, 0, '2019-01-23 09:03:00', 'product-35-choice-1-Yes,-I-need-a-shoes-value', 'base64', 1, 'WWVzLCBJIG5lZWQgYSBzaG9lcw==', '', 0),
(2369, 43, 0, '2019-01-23 09:03:00', 'select-12-choice-0-EUR-41-|-UK-7.0', 'base64', 1, 'RVVSIDQxIHwgVUsgNy4w', '', 0),
(2370, 43, 0, '2019-01-23 09:03:00', 'select-12-choice-0-EUR-41-|-UK-7.0-value', 'base64', 1, 'RVVSIDQxIHwgVUsgNy4w', '', 0),
(2371, 43, 0, '2019-01-23 09:03:00', 'select-12-choice-1-EUR-42-|-UK-7.5', 'base64', 1, 'RVVSIDQyIHwgVUsgNy41', '', 0),
(2372, 43, 0, '2019-01-23 09:03:00', 'select-12-choice-1-EUR-42-|-UK-7.5-value', 'base64', 1, 'RVVSIDQyIHwgVUsgNy41', '', 0),
(2373, 43, 0, '2019-01-23 09:03:00', 'select-12-choice-2-EUR-43-|-UK-8.0', 'base64', 1, 'RVVSIDQzIHwgVUsgOC4w', '', 0),
(2374, 43, 0, '2019-01-23 09:03:00', 'select-12-choice-2-EUR-43-|-UK-8.0-value', 'base64', 1, 'RVVSIDQzIHwgVUsgOC4w', '', 0),
(2375, 43, 0, '2019-01-23 09:03:00', 'select-12-choice-3-EUR-44-|-UK-8.5', 'base64', 1, 'RVVSIDQ0IHwgVUsgOC41', '', 0),
(2376, 43, 0, '2019-01-23 09:03:00', 'select-12-choice-3-EUR-44-|-UK-8.5-value', 'base64', 1, 'RVVSIDQ0IHwgVUsgOC41', '', 0),
(2377, 43, 0, '2019-01-23 09:03:00', 'select-12-choice-4-EUR-45-|-UK-10', 'base64', 1, 'RVVSIDQ1IHwgVUsgMTA=', '', 0),
(2378, 43, 0, '2019-01-23 09:03:00', 'select-12-choice-4-EUR-45-|-UK-10-value', 'base64', 1, 'RVVSIDQ1IHwgVUsgMTA=', '', 0),
(2379, 43, 0, '2019-01-23 09:03:00', 'select-12-choice-5-EUR-46-|-UK-11', 'base64', 1, 'RVVSIDQ2IHwgVUsgMTE=', '', 0),
(2380, 43, 0, '2019-01-23 09:03:00', 'select-12-choice-5-EUR-46-|-UK-11-value', 'base64', 1, 'RVVSIDQ2IHwgVUsgMTE=', '', 0),
(2381, 43, 0, '2019-01-23 09:03:00', 'field-34-label', 'base64', 1, 'U2l6ZSBTaG9lcw==', '', 0),
(2382, 43, 0, '2019-01-23 09:03:00', 'select-34-choice-0-EUR-41-|-UK-7.0', 'base64', 1, 'RVVSIDQxIHwgVUsgNy4w', '', 0),
(2383, 43, 0, '2019-01-23 09:03:00', 'select-34-choice-0-EUR-41-|-UK-7.0-value', 'base64', 1, 'RVVSIDQxIHwgVUsgNy4w', '', 0),
(2384, 43, 0, '2019-01-23 09:03:00', 'select-34-choice-1-EUR-42-|-UK-7.5', 'base64', 1, 'RVVSIDQyIHwgVUsgNy41', '', 0),
(2385, 43, 0, '2019-01-23 09:03:00', 'select-34-choice-1-EUR-42-|-UK-7.5-value', 'base64', 1, 'RVVSIDQyIHwgVUsgNy41', '', 0),
(2386, 43, 0, '2019-01-23 09:03:00', 'select-34-choice-2-EUR-43-|-UK-8.0', 'base64', 1, 'RVVSIDQzIHwgVUsgOC4w', '', 0),
(2387, 43, 0, '2019-01-23 09:03:00', 'select-34-choice-2-EUR-43-|-UK-8.0-value', 'base64', 1, 'RVVSIDQzIHwgVUsgOC4w', '', 0),
(2388, 43, 0, '2019-01-23 09:03:00', 'select-34-choice-3-EUR-44-|-UK-8.5', 'base64', 1, 'RVVSIDQ0IHwgVUsgOC41', '', 0),
(2389, 43, 0, '2019-01-23 09:03:00', 'select-34-choice-3-EUR-44-|-UK-8.5-value', 'base64', 1, 'RVVSIDQ0IHwgVUsgOC41', '', 0),
(2390, 43, 0, '2019-01-23 09:03:00', 'select-34-choice-4-EUR-45-|-UK-10', 'base64', 1, 'RVVSIDQ1IHwgVUsgMTA=', '', 0),
(2391, 43, 0, '2019-01-23 09:03:00', 'select-34-choice-4-EUR-45-|-UK-10-value', 'base64', 1, 'RVVSIDQ1IHwgVUsgMTA=', '', 0),
(2392, 43, 0, '2019-01-23 09:03:00', 'select-34-choice-5-EUR-46-|-UK-11', 'base64', 1, 'RVVSIDQ2IHwgVUsgMTE=', '', 0),
(2393, 43, 0, '2019-01-23 09:03:00', 'select-34-choice-5-EUR-46-|-UK-11-value', 'base64', 1, 'RVVSIDQ2IHwgVUsgMTE=', '', 0),
(2394, 43, 0, '2019-01-23 09:03:00', 'field-36-label', 'base64', 1, 'U2l6ZSBTaG9lcw==', '', 0),
(2395, 43, 0, '2019-01-23 09:03:00', 'select-36-choice-0-EUR-41-|-UK-7.0', 'base64', 1, 'RVVSIDQxIHwgVUsgNy4w', '', 0),
(2396, 43, 0, '2019-01-23 09:03:00', 'select-36-choice-0-EUR-41-|-UK-7.0-value', 'base64', 1, 'RVVSIDQxIHwgVUsgNy4w', '', 0),
(2397, 43, 0, '2019-01-23 09:03:00', 'select-36-choice-1-EUR-42-|-UK-7.5', 'base64', 1, 'RVVSIDQyIHwgVUsgNy41', '', 0),
(2398, 43, 0, '2019-01-23 09:03:00', 'select-36-choice-1-EUR-42-|-UK-7.5-value', 'base64', 1, 'RVVSIDQyIHwgVUsgNy41', '', 0),
(2399, 43, 0, '2019-01-23 09:03:00', 'select-36-choice-2-EUR-43-|-UK-8.0', 'base64', 1, 'RVVSIDQzIHwgVUsgOC4w', '', 0),
(2400, 43, 0, '2019-01-23 09:03:00', 'select-36-choice-2-EUR-43-|-UK-8.0-value', 'base64', 1, 'RVVSIDQzIHwgVUsgOC4w', '', 0),
(2401, 43, 0, '2019-01-23 09:03:00', 'select-36-choice-3-EUR-44-|-UK-8.5', 'base64', 1, 'RVVSIDQ0IHwgVUsgOC41', '', 0),
(2402, 43, 0, '2019-01-23 09:03:00', 'select-36-choice-3-EUR-44-|-UK-8.5-value', 'base64', 1, 'RVVSIDQ0IHwgVUsgOC41', '', 0),
(2403, 43, 0, '2019-01-23 09:03:00', 'select-36-choice-4-EUR-45-|-UK-10', 'base64', 1, 'RVVSIDQ1IHwgVUsgMTA=', '', 0),
(2404, 43, 0, '2019-01-23 09:03:00', 'select-36-choice-4-EUR-45-|-UK-10-value', 'base64', 1, 'RVVSIDQ1IHwgVUsgMTA=', '', 0),
(2405, 43, 0, '2019-01-23 09:03:00', 'select-36-choice-5-EUR-46-|-UK-11', 'base64', 1, 'RVVSIDQ2IHwgVUsgMTE=', '', 0),
(2406, 43, 0, '2019-01-23 09:03:00', 'select-36-choice-5-EUR-46-|-UK-11-value', 'base64', 1, 'RVVSIDQ2IHwgVUsgMTE=', '', 0),
(2446, 44, 0, '2019-01-23 09:06:04', 'product-19-choice-1-Apartamento-para-4-personas', 'base64', 1, 'QXBhcnRhbWVudG8gcGFyYSA0IHBlcnNvbmFz', '', 0),
(2447, 44, 0, '2019-01-23 09:06:04', 'product-19-choice-0-No-value', 'base64', 1, 'Tm8=', '', 0),
(2448, 44, 0, '2019-01-23 09:06:04', 'field-19-description', 'base64', 1, 'SW5jbHV5ZSBkb3JzYWwsIDIgbm9jaGVzIGRlIGFsb2phbWllbnRvLCBjZW5hIGRlbCB2aWVybmVzIHkgZGVzYXl1bm8gZGVsIHPDoWJhZG8geSBkb21pbmdvLg==', '', 0),
(2449, 44, 0, '2019-01-23 09:06:04', 'product-19-choice-0-No', 'base64', 1, 'Tm8=', '', 0),
(2450, 44, 0, '2019-01-23 09:06:04', 'field-19-label', 'base64', 1, 'QWxvamFtaWVudG8gZW4gYXBhcnRhbWVudG8gKFByZWNpbyB0b3RhbCA0IHBlcnNvbmFzKQ==', '', 0),
(2451, 44, 0, '2019-01-23 09:06:04', 'product-7-choice-2-Habitación-doble-compartida-con-baño-compartido-(Acompañante)-value', 'base64', 1, 'SGFiaXRhY2nDs24gZG9ibGUgY29tcGFydGlkYSBjb24gYmHDsW8gY29tcGFydGlkbyAoQWNvbXBhw7FhbnRlKQ==', '', 0),
(2452, 44, 0, '2019-01-23 09:06:04', 'product-7-choice-2-Habitación-doble-compartida-con-baño-compartido-(Acompañante)', 'base64', 1, 'SGFiaXRhY2nDs24gZG9ibGUgY29tcGFydGlkYSBjb24gYmHDsW8gY29tcGFydGlkbyAoQWNvbXBhw7FhbnRlKQ==', '', 0),
(2453, 44, 0, '2019-01-23 09:06:04', 'product-7-choice-1-Habitación-doble-compartida-con-baño-compartido-(Ciclista)-value', 'base64', 1, 'SGFiaXRhY2nDs24gZG9ibGUgY29tcGFydGlkYSBjb24gYmHDsW8gY29tcGFydGlkbyAoQ2ljbGlzdGEp', '', 0),
(2454, 44, 0, '2019-01-23 09:06:04', 'field-14-description', 'base64', 1, 'SWRhIHkgdnVlbHRh', '', 0),
(2455, 44, 0, '2019-01-23 09:06:04', 'field-17-label', 'base64', 1, 'REFUT1MgUEVSU09OQUxFUw==', '', 0),
(2456, 44, 0, '2019-01-23 09:06:04', 'field-16-label', 'base64', 1, 'UXVpZXJvIGNvbXBhcnRpciBoYWJpdGFjacOzbiBjb246', '', 0),
(2457, 45, 0, '2019-01-24 12:36:23', 'original_id', '', 0, '68', '', 0),
(2458, 45, 0, '2019-01-24 12:36:23', 'name-11-customLabel-input-11.6', 'base64', 1, 'Q29nbm9tcw==', 'QXBlbGxpZG9z', 1),
(2459, 45, 0, '2019-01-24 12:36:23', 'field-11-description', 'base64', 1, 'UG90cyBpbmRpY2FyIGVsIG5vbSBkZSBsYSBwZXJzb25hIGFtYiBxdWkgdm9scyBjb21wYXJ0aXIgaGFiaXRhY2nDszo=', 'UHVlZGVzIGluZGljYXIgZWwgbm9tYnJlIGRlIGxhIHBlcnNvbmEgY29uIGxhIHF1ZSBxdWllcmVzIGNvbXBhcnRpciBoYWJpdGFjacOzbjo=', 1),
(2460, 45, 0, '2019-01-24 12:36:23', 'field-4-label', 'base64', 1, 'RS1tYWls', 'RS1tYWls', 1),
(2461, 45, 0, '2019-01-24 12:36:23', 'name-1-customLabel-input-1.3', 'base64', 1, 'Tm9t', 'Tm9tYnJl', 1),
(2462, 45, 0, '2019-01-24 12:36:23', 'name-1-customLabel-input-1.6', 'base64', 1, 'Q29nbm9tcw==', 'QXBlbGxpZG9z', 1),
(2463, 45, 0, '2019-01-24 12:36:23', 'field-10-label', 'base64', 1, 'RE5J', 'RE5J', 1),
(2464, 45, 0, '2019-01-24 12:36:23', 'field-3-label', 'base64', 1, 'RGF0YSBkZSBuYWl4ZW1lbnQ=', 'RmVjaGEgZGUgbmFjaW1pZW50bw==', 1),
(2465, 45, 0, '2019-01-24 12:36:23', 'field-1-label', 'base64', 1, 'Tm9tIGNvbXBsZXQ=', 'Tm9tYnJlIGNvbXBsZXRv', 1),
(2466, 45, 0, '2019-01-24 12:36:23', 'field-17-label', 'base64', 1, 'REFERVMgUEVSU09OQUxT', 'REFUT1MgUEVSU09OQUxFUw==', 1),
(2467, 45, 0, '2019-01-24 12:36:23', 'form_description', 'base64', 1, '', '', 1),
(2468, 45, 0, '2019-01-24 12:36:23', 'field-notification-message_Notificación-al-usuario', 'base64', 1, 'SG9sYSB7Tm9tYnJlIGNvbXBsZXRvIChOb21icmUpOjEuM30sDQoNCk1vbHRlcyBncsOgY2llcyBwZXIgbGEgdGV2YSBpbnNjcmlwY2nDsyBhIGwnRXN0YWRhIENhdGFsYW5hIGRlbCBDaWNsb3R1cmlzbWUgMjAxOSBxdWUgdGluZHLDoCBsbG9jIGEgQ2FtYnJpbHMgUGFyayBTcG9ydCBWaWxsYWdlIGVscyBwcm9wZXJzIDIyLCAyMyBpIDI0IGRlIGZlYnJlciBkZSAyMDE5Lg0KDQpSZWNvcmRhIHF1ZSBwb3RzIGVudHJhciBhbCByZXNvcnQgZWwgZGl2ZW5kcmVzIGEgcGFydGlyIGRlIGxlcyAxNjowMC4gRmVzIDxhIGhyZWY9Imh0dHBzOi8vZ29vLmdsL21hcHMveWRzeEczOHVld1EyIj5jbGljayBhcXXDrTwvYT4gcGVyIHZldXJlIGwndWJpY2FjacOzLg0KDQpTaSB1cyBwbGF1LCByZXZpc2EgbGVzIGRhZGVzIGRlIGxhIHRldmEgaW5zY3JpcGNpw7MuIEVuIGNhcyBkZSB2b2xlciByZWFsaXR6YXIgY2FudmlzLCByZXNwb24gYXF1ZXN0IG1haWw6DQoNCnthbGxfZmllbGRzfQ0KDQo8YSBocmVmPSJodHRwOi8vY3ljbGluZ2Nvc3RhZGF1cmFkYS5jb20vd3AtY29udGVudC91cGxvYWRzLzIwMTcvMDUvbG9nb2NjZG1lbnUucG5nIj48aW1nIGNsYXNzPSJzaXplLWZ1bGwgd3AtaW1hZ2UtMzAyIGFsaWduY2VudGVyIiBzcmM9Imh0dHA6Ly9jeWNsaW5nY29zdGFkYXVyYWRhLmNvbS93cC1jb250ZW50L3VwbG9hZHMvMjAxNy8wNS9sb2dvY2NkbWVudS5wbmciIGFsdD0iIiB3aWR0aD0iMTk2IiBoZWlnaHQ9IjExNiIgLz48L2E+DQoNCiZuYnNwOw==', 'SG9sYSB7Tm9tYnJlIGNvbXBsZXRvIChOb21icmUpOjEuM30sDQoNCk11Y2hhcyBncmFjaWFzIHBvciB0dSBpbnNjcmlwY2nDs24gYSBsYSBFc3RhZGEgQ2F0YWxhbmEgZGVsIENpY2xvdHVyaXNtZSAyMDE5IHF1ZSB0ZW5kcsOhIGx1Z2FyIGVuIENhbWJyaWxzIFBhcmsgU3BvcnQgVmlsbGFnZSBsb3MgcHLDs3hpbW9zIDIyLCAyMyB5IDI0IGRlIGZlYnJlcm8gZGUgMjAxOS4NCg0KUmVjdWVyZGEgcXVlIHB1ZWRlcyBlbnRyYXIgZW4gZWwgcmVzb3J0IGVsIHZpZXJuZXMgYSBwYXJ0aXIgZGUgbGFzIDE2OjAwLiBIYXogPGEgaHJlZj0iaHR0cHM6Ly9nb28uZ2wvbWFwcy95ZHN4RzM4dWV3UTIiPmNsaWNrIGFxdcOtPC9hPiBwYXJhIHZlciBsYSB1YmljYWNpw7NuLg0KDQpQb3IgZmF2b3IsIHJldmlzYSBsb3MgZGF0b3MgZGUgdHUgaW5zY3JpcGNpw7NuLiBFbiBjYXNvIGRlIHF1ZXJlciByZWFsaXphciBjYW1iaW9zLCByZXNwb25kZSBlc3RlIG1haWw6DQoNCnthbGxfZmllbGRzfQ0KDQo8YSBocmVmPSJodHRwOi8vY3ljbGluZ2Nvc3RhZGF1cmFkYS5jb20vd3AtY29udGVudC91cGxvYWRzLzIwMTcvMDUvbG9nb2NjZG1lbnUucG5nIj48aW1nIGNsYXNzPSJzaXplLWZ1bGwgd3AtaW1hZ2UtMzAyIGFsaWduY2VudGVyIiBzcmM9Imh0dHA6Ly9jeWNsaW5nY29zdGFkYXVyYWRhLmNvbS93cC1jb250ZW50L3VwbG9hZHMvMjAxNy8wNS9sb2dvY2NkbWVudS5wbmciIGFsdD0iIiB3aWR0aD0iMTk2IiBoZWlnaHQ9IjExNiIgLz48L2E+DQoNCsKg', 1),
(2469, 45, 0, '2019-01-24 12:36:23', 'notification-subject_Notificación-al-usuario', 'base64', 1, 'TGEgdGV2YSBpbnNjcmlwY2nDsyBhIGwnRXN0YWRhIENhdGFsYW5hIGRlbCBDaWNsb3R1cmlzbWUgMjAxOQ==', 'VHUgaW5zY3JpcGNpw7NuIGEgbGEgRXN0YWRhIENhdGFsYW5hIGRlbCBDaWNsb3R1cmlzbWUgMjAxOQ==', 1),
(2470, 45, 0, '2019-01-24 12:36:23', 'notification-subject_Notificación-del-administrador', 'base64', 1, 'Tm91IGluc2NyaXQgYSBsJ0VzdGFkYSBDYXRhbGFuYSBkZWwgQ2ljbG90dXJpc21lIDIwMTk=', 'TnVldm8gaW5zY3JpdG8gYSBsYSBFc3RhZGEgQ2F0YWxhbmEgZGVsIENpY2xvdHVyaXNtZSAyMDE5', 1),
(2471, 45, 0, '2019-01-24 12:36:23', 'field-notification-message_Notificación-del-administrador', 'base64', 1, 'e2FsbF9maWVsZHN9', 'e2FsbF9maWVsZHN9', 1),
(2472, 45, 0, '2019-01-24 12:36:23', 'name-11-customLabel-input-11.3', 'base64', 1, 'Tm9t', 'Tm9tYnJl', 1),
(2473, 45, 0, '2019-01-24 12:36:23', 'field-11-label', 'base64', 1, 'VnVsbCBjb21wYXJ0aXIgaGFiaXRhY2nDsyBhbWI6', 'UXVpZXJvIGNvbXBhcnRpciBoYWJpdGFjacOzbiBjb246', 1),
(2474, 45, 0, '2019-01-24 12:36:23', 'field-24-description', 'base64', 1, 'RCdhcXVlc3RhIG1hbmVyYSBjb21wYXJ0aXLDoHMgYXBhcnRhbWVudCBhbWIgY29tcGFueXMu', 'RGUgZXN0YSBtYW5lcmEgY29tcGFydGlyw6FzIGFwYXJ0YW1lbnRvIGNvbiBjb21wYcOxZXJvcy4=', 1),
(2475, 45, 0, '2019-01-24 12:36:23', 'product-7-choice-1-Habitació-doble-d\'ús-individual-value', 'base64', 1, 'SGFiaXRhY2nDsyBkb2JsZSBkJ8O6cyBpbmRpdmlkdWFs', 'SGFiaXRhY2nDsyBkb2JsZSBkJ8O6cyBpbmRpdmlkdWFs', 1),
(2476, 45, 0, '2019-01-24 12:36:23', 'product-7-choice-0-Habitació-doble-compartida', 'base64', 1, 'SGFiaXRhY2nDsyBkb2JsZSBjb21wYXJ0aWRh', 'SGFiaXRhY2nDs24gZG9ibGUgY29tcGFydGlkYQ==', 1),
(2477, 45, 0, '2019-01-24 12:36:23', 'field-7-description', 'base64', 1, 'RXNjdWxsIGwnb3BjacOzIGQnYWxsb3RqYW1lbnQgcXVlIHQnaW50ZXJlc3NhLiBPcGNpb25zIHbDoGxpZGVzIHBlciBhIGNpY2xpc3RlcyBpIGFjb21wYW55YW50cy4=', 'RXNjb2dlIGxhIG9wY2nDs24gZGUgYWxvamFtaWVudG8gcXVlIHRlIGludGVyZXNhLiBPcGNpb25lcyB2w6FsaWRhcyBwYXJhIGNpY2xpc3RhcyB5IGFjb21wYcOxYW50ZXMu', 1),
(2478, 45, 0, '2019-01-24 12:36:23', 'email-4-customLabel-input-4.2', 'base64', 1, 'VG9ybmEgYSBlc2NyaXVyZSBlbCB0ZXUgbWFpbDo=', 'VnVlbHZlIGEgZXNjcmliaXIgdHUgbWFpbDo=', 1),
(2479, 45, 0, '2019-01-24 12:36:23', 'field-5-label', 'base64', 1, 'VGVsw6hmb24=', 'VGVsw6lmb25v', 1),
(2480, 45, 0, '2019-01-24 12:36:23', 'field-6-label', 'base64', 1, 'RGlyZWNjacOz', 'RGlyZWNjacOzbg==', 1),
(2481, 45, 0, '2019-01-24 12:36:23', 'address-6-customLabel-input-6.1', 'base64', 1, 'Q2FycmVyIGkgbsO6bWVybw==', 'Q2FsbGUgeSBuw7ptZXJv', 1),
(2482, 45, 0, '2019-01-24 12:36:23', 'address-6-customLabel-input-6.3', 'base64', 1, 'Q2l1dGF0', 'Q2l1ZGFk', 1),
(2483, 45, 0, '2019-01-24 12:36:23', 'product-21-choice-2-Nen-menor-de-10-anys-value', 'base64', 1, 'TmVuIG1lbm9yIGRlIDEwIGFueXM=', 'TmVuIG1lbm9yIGRlIDEwIGFueXM=', 1),
(2484, 45, 0, '2019-01-24 12:36:23', 'product-21-choice-2-Nen-menor-de-10-anys', 'base64', 1, 'TmVuIG1lbm9yIGRlIDEwIGFueXM=', 'TmnDsW8gbWVub3IgZGUgMTAgYcOxb3M=', 1),
(2485, 45, 0, '2019-01-24 12:36:23', 'product-21-choice-0-Ciclista-value', 'base64', 1, 'Q2ljbGlzdGE=', 'Q2ljbGlzdGE=', 1),
(2486, 45, 0, '2019-01-24 12:36:23', 'field-21-label', 'base64', 1, 'SW5zY3JpcGNpw7M=', 'SW5zY3JpcGNpw7Nu', 1),
(2487, 45, 0, '2019-01-24 12:36:23', 'field-18-label', 'base64', 1, 'REFERVMgREUgUkVTRVJWQQ==', 'REFUT1MgUkVTRVJWQQ==', 1),
(2488, 45, 0, '2019-01-24 12:36:23', 'address-6-customLabel-input-6.6', 'base64', 1, 'UGHDrXM=', 'UGHDrXM=', 1),
(2489, 45, 0, '2019-01-24 12:36:23', 'address-6-customLabel-input-6.5', 'base64', 1, 'Q29kaSBQb3N0YWw=', 'Q8OzZGlnbyBQb3N0YWw=', 1),
(2490, 45, 0, '2019-01-24 12:36:23', 'address-6-customLabel-input-6.4', 'base64', 1, 'UHJvdmluY2lh', 'UHJvdmluY2lh', 1),
(2491, 45, 0, '2019-01-24 12:36:23', 'form_submit_button', 'base64', 1, 'SU5TQ1JJVVJFJ00=', 'SU5TQ1JJQklSTUU=', 1),
(2492, 45, 0, '2019-01-24 12:36:23', 'form_save_and_continue_later_text', 'base64', 1, 'R3VhcmRhciB5IGNvbnRpbnVhciBkZXNwdcOpcw==', 'R3VhcmRhciB5IGNvbnRpbnVhciBkZXNwdcOpcw==', 1),
(2493, 45, 0, '2019-01-24 12:36:23', 'field-confirmation-message_Confirmación-por-defecto', 'base64', 1, 'PHAgc3R5bGU9InRleHQtYWxpZ246IGNlbnRlcjsiPjxzdHJvbmc+SU5TQ1JJUENJw5MgUkVBTElUWkFEQSE8L3N0cm9uZz48L3A+DQo8cCBzdHlsZT0idGV4dC1hbGlnbjogY2VudGVyOyI+R3LDoGNpZXMgcGVyIGxhIHRldmEgaW5zY3JpcGNpw7MuPC9wPg0KPHAgc3R5bGU9InRleHQtYWxpZ246IGNlbnRlcjsiPlNpIHVzIHBsYXUsIHJldmlzYSBsYSB0ZXZhIHNhZmF0YSBkJ2VudHJhZGEgZGVsIGNvcnJldSBvbiB0cm9iYXLDoHMgZWwgbWFpbCBkZSBjb25maXJtYWNpw7MgZGUgbGEgdGV2YSByZXNlcnZhLiBTaSBubyBlbCB0cm9iZXMsIG1pcmEgbGEgdGV2YSBjYXJwZXRhIGRlIFNQQU0gbyBjb3JyZXUgYnJvc3NhLjwvcD4NCjxwIHN0eWxlPSJ0ZXh0LWFsaWduOiBjZW50ZXI7Ij5FbnMgdmVpZW0gbW9sdCBhdmlhdCE8L3A+DQo8cCBzdHlsZT0idGV4dC1hbGlnbjogY2VudGVyOyI+PGEgaHJlZj0iaHR0cDovL2N5Y2xpbmdjb3N0YWRhdXJhZGEuY29tL3dwLWNvbnRlbnQvdXBsb2Fkcy8yMDE3LzA2L2xvZ29jY2RtZW51XzEwMC5wbmciPjxpbWcgY2xhc3M9ImFsaWdubm9uZSBzaXplLWZ1bGwgd3AtaW1hZ2UtNzgwIiBzcmM9Imh0dHA6Ly9jeWNsaW5nY29zdGFkYXVyYWRhLmNvbS93cC1jb250ZW50L3VwbG9hZHMvMjAxNy8wNi9sb2dvY2NkbWVudV8xMDAucG5nIiBhbHQ9IiIgd2lkdGg9IjE2OSIgaGVpZ2h0PSIxMDAiIC8+PC9hPjwvcD4=', 'PHAgc3R5bGU9InRleHQtYWxpZ246IGNlbnRlcjsiPjxzdHJvbmc+wqFJTlNDUklQQ0nDk04gUkVBTElaQURBITwvc3Ryb25nPjwvcD4NCjxwIHN0eWxlPSJ0ZXh0LWFsaWduOiBjZW50ZXI7Ij5HcmFjaWFzIHBvciB0dSBpbnNjcmlwY2nDs24uPC9wPg0KPHAgc3R5bGU9InRleHQtYWxpZ246IGNlbnRlcjsiPlBvciBmYXZvciwgcmV2aXNhIHR1IGJhbmRlamEgZGUgZW50cmFkYSBkZWwgY29ycmVvIGRvbmRlIGVuY29udHJhcsOhcyBlbCBtYWlsIGRlIGNvbmZpcm1hY2nDs24gZGUgdHUgcmVzZXJ2YS4gU2kgbm8gbG8gZW5jdWVudHJhcywgbWlyYSB0dSBjYXJwZXRhIGRlIFNQQU0gbyBjb3JyZW8gYmFzdXJhLjwvcD4NCjxwIHN0eWxlPSJ0ZXh0LWFsaWduOiBjZW50ZXI7Ij7CoU5vcyB2ZW1vcyBtdXkgcHJvbnRvITwvcD4NCjxwIHN0eWxlPSJ0ZXh0LWFsaWduOiBjZW50ZXI7Ij48YSBocmVmPSJodHRwOi8vY3ljbGluZ2Nvc3RhZGF1cmFkYS5jb20vd3AtY29udGVudC91cGxvYWRzLzIwMTcvMDYvbG9nb2NjZG1lbnVfMTAwLnBuZyI+PGltZyBjbGFzcz0iYWxpZ25ub25lIHNpemUtZnVsbCB3cC1pbWFnZS03ODAiIHNyYz0iaHR0cDovL2N5Y2xpbmdjb3N0YWRhdXJhZGEuY29tL3dwLWNvbnRlbnQvdXBsb2Fkcy8yMDE3LzA2L2xvZ29jY2RtZW51XzEwMC5wbmciIGFsdD0iIiB3aWR0aD0iMTY5IiBoZWlnaHQ9IjEwMCIgLz48L2E+PC9wPg==', 1),
(2494, 45, 0, '2019-01-24 12:36:23', 'field-24-label', 'base64', 1, 'SW5kaWNhIGVsIG5vbSBkZWwgdGV1IGNsdWI=', 'SW5kaWNhIGVsIG5vbWJyZSBkZSB0dSBjbHVi', 1),
(2495, 45, 0, '2019-01-24 12:36:23', 'product-7-choice-1-Habitació-doble-d\'ús-individual', 'base64', 1, 'SGFiaXRhY2nDsyBkb2JsZSBkJ8O6cyBpbmRpdmlkdWFs', 'SGFiaXRhY2nDs24gZG9ibGUgZGUgdXNvIGluZGl2aWR1YWw=', 1),
(2496, 45, 0, '2019-01-24 12:36:23', 'product-7-choice-0-Habitació-doble-compartida-value', 'base64', 1, 'SGFiaXRhY2nDsyBkb2JsZSBjb21wYXJ0aWRh', 'SGFiaXRhY2nDsyBkb2JsZSBjb21wYXJ0aWRh', 1),
(2497, 45, 0, '2019-01-24 12:36:23', 'email-4-customLabel-input-4', 'base64', 1, 'SW50cm9kdWVpeCBlbCB0ZXUgbWFpbDo=', 'SW50cm9kdWNlIHR1IG1haWw6', 1),
(2498, 45, 0, '2019-01-24 12:36:23', 'field-7-label', 'base64', 1, 'QWxsb3RqYW1lbnQ=', 'QWxvamFtaWVudG8=', 1),
(2499, 45, 0, '2019-01-24 12:36:23', 'product-21-choice-0-Ciclista', 'base64', 1, 'Q2ljbGlzdGE=', 'Q2ljbGlzdGE=', 1),
(2500, 45, 0, '2019-01-24 12:36:23', 'form_title', 'base64', 1, 'RXN0YWRhIENhdGFsYW5hIGRlbCBDaWNsb3R1cmlzbWUgMjAxOQ==', 'RXN0YWRhIENhdGFsYW5hIGRlbCBDaWNsb3R1cmlzbWUgMjAxOQ==', 1),
(2501, 45, 0, '2019-01-24 12:36:23', 'field-25-label', 'base64', 1, 'T2JzZXJ2YWNpb25z', 'T2JzZXJ2YWNpb25lcw==', 1),
(2502, 45, 0, '2019-01-24 12:36:23', 'field-12-label', 'base64', 1, 'UHJldSB0b3RhbDo=', 'UHJlY2lvIHRvdGFsOg==', 1),
(2503, 45, 0, '2019-01-24 12:36:23', 'field-31-label', 'base64', 1, 'Q3Vww7MgZGUgZGVzY29tcHRl', 'Q3Vww7NuIGRlIGRlc2N1ZW50bw==', 1),
(2504, 45, 0, '2019-01-24 12:37:54', 'product-21-choice-1-Ciclista-+-Acompanyant', 'base64', 1, 'Q2ljbGlzdGEgKyBBY29tcGFueWFudA==', 'Q2ljbGlzdGEgKyBBY29tcGHDsWFudGU=', 1),
(2505, 45, 0, '2019-01-24 12:37:54', 'product-21-choice-1-Ciclista-+-Acompanyant-value', 'base64', 1, 'Q2ljbGlzdGEgKyBBY29tcGFueWFudA==', 'Q2ljbGlzdGEgKyBBY29tcGFueWFudA==', 1),
(2506, 46, 0, '2019-01-25 13:41:07', 'original_id', '', 0, '68', '', 0),
(2507, 46, 0, '2019-01-25 13:41:07', 'name-11-customLabel-input-11.6', 'base64', 1, 'Q29nbm9tcw==', 'QXBlbGxpZG9z', 1),
(2508, 46, 0, '2019-01-25 13:41:07', 'field-11-description', 'base64', 1, 'UG90cyBpbmRpY2FyIGVsIG5vbSBkZSBsYSBwZXJzb25hIGFtYiBxdWkgdm9scyBjb21wYXJ0aXIgaGFiaXRhY2nDszo=', 'UHVlZGVzIGluZGljYXIgZWwgbm9tYnJlIGRlIGxhIHBlcnNvbmEgY29uIGxhIHF1ZSBxdWllcmVzIGNvbXBhcnRpciBoYWJpdGFjacOzbjo=', 1),
(2509, 46, 0, '2019-01-25 13:41:07', 'field-4-label', 'base64', 1, 'RS1tYWls', 'RS1tYWls', 1),
(2510, 46, 0, '2019-01-25 13:41:07', 'name-1-customLabel-input-1.3', 'base64', 1, 'Tm9t', 'Tm9tYnJl', 1),
(2511, 46, 0, '2019-01-25 13:41:07', 'name-1-customLabel-input-1.6', 'base64', 1, 'Q29nbm9tcw==', 'QXBlbGxpZG9z', 1),
(2512, 46, 0, '2019-01-25 13:41:07', 'field-10-label', 'base64', 1, 'RE5J', 'RE5J', 1),
(2513, 46, 0, '2019-01-25 13:41:07', 'field-3-label', 'base64', 1, 'RGF0YSBkZSBuYWl4ZW1lbnQ=', 'RmVjaGEgZGUgbmFjaW1pZW50bw==', 1),
(2514, 46, 0, '2019-01-25 13:41:07', 'field-1-label', 'base64', 1, 'Tm9tIGNvbXBsZXQ=', 'Tm9tYnJlIGNvbXBsZXRv', 1),
(2515, 46, 0, '2019-01-25 13:41:07', 'field-17-label', 'base64', 1, 'REFERVMgUEVSU09OQUxT', 'REFUT1MgUEVSU09OQUxFUw==', 1),
(2516, 46, 0, '2019-01-25 13:41:07', 'form_description', 'base64', 1, '', '', 1),
(2517, 46, 0, '2019-01-25 13:41:07', 'field-notification-message_Notificación-al-usuario', 'base64', 1, 'SG9sYSB7Tm9tYnJlIGNvbXBsZXRvIChOb21icmUpOjEuM30sDQoNCk1vbHRlcyBncsOgY2llcyBwZXIgbGEgdGV2YSBpbnNjcmlwY2nDsyBhIGwnRXN0YWRhIENhdGFsYW5hIGRlbCBDaWNsb3R1cmlzbWUgMjAxOSBxdWUgdGluZHLDoCBsbG9jIGEgQ2FtYnJpbHMgUGFyayBTcG9ydCBWaWxsYWdlIGVscyBwcm9wZXJzIDIyLCAyMyBpIDI0IGRlIGZlYnJlciBkZSAyMDE5Lg0KDQpSZWNvcmRhIHF1ZSBwb3RzIGVudHJhciBhbCByZXNvcnQgZWwgZGl2ZW5kcmVzIGEgcGFydGlyIGRlIGxlcyAxNjowMC4gRmVzIDxhIGhyZWY9Imh0dHBzOi8vZ29vLmdsL21hcHMveWRzeEczOHVld1EyIj5jbGljayBhcXXDrTwvYT4gcGVyIHZldXJlIGwndWJpY2FjacOzLg0KDQpTaSB1cyBwbGF1LCByZXZpc2EgbGVzIGRhZGVzIGRlIGxhIHRldmEgaW5zY3JpcGNpw7MuIEVuIGNhcyBkZSB2b2xlciByZWFsaXR6YXIgY2FudmlzLCByZXNwb24gYXF1ZXN0IG1haWw6DQoNCnthbGxfZmllbGRzfQ0KDQo8YSBocmVmPSJodHRwOi8vY3ljbGluZ2Nvc3RhZGF1cmFkYS5jb20vd3AtY29udGVudC91cGxvYWRzLzIwMTcvMDUvbG9nb2NjZG1lbnUucG5nIj48aW1nIGNsYXNzPSJzaXplLWZ1bGwgd3AtaW1hZ2UtMzAyIGFsaWduY2VudGVyIiBzcmM9Imh0dHA6Ly9jeWNsaW5nY29zdGFkYXVyYWRhLmNvbS93cC1jb250ZW50L3VwbG9hZHMvMjAxNy8wNS9sb2dvY2NkbWVudS5wbmciIGFsdD0iIiB3aWR0aD0iMTk2IiBoZWlnaHQ9IjExNiIgLz48L2E+DQoNCiZuYnNwOw==', 'SG9sYSB7Tm9tYnJlIGNvbXBsZXRvIChOb21icmUpOjEuM30sDQoNCk11Y2hhcyBncmFjaWFzIHBvciB0dSBpbnNjcmlwY2nDs24gYSBsYSBFc3RhZGEgQ2F0YWxhbmEgZGVsIENpY2xvdHVyaXNtZSAyMDE5IHF1ZSB0ZW5kcsOhIGx1Z2FyIGVuIENhbWJyaWxzIFBhcmsgU3BvcnQgVmlsbGFnZSBsb3MgcHLDs3hpbW9zIDIyLCAyMyB5IDI0IGRlIGZlYnJlcm8gZGUgMjAxOS4NCg0KUmVjdWVyZGEgcXVlIHB1ZWRlcyBlbnRyYXIgZW4gZWwgcmVzb3J0IGVsIHZpZXJuZXMgYSBwYXJ0aXIgZGUgbGFzIDE2OjAwLiBIYXogPGEgaHJlZj0iaHR0cHM6Ly9nb28uZ2wvbWFwcy95ZHN4RzM4dWV3UTIiPmNsaWNrIGFxdcOtPC9hPiBwYXJhIHZlciBsYSB1YmljYWNpw7NuLg0KDQpQb3IgZmF2b3IsIHJldmlzYSBsb3MgZGF0b3MgZGUgdHUgaW5zY3JpcGNpw7NuLiBFbiBjYXNvIGRlIHF1ZXJlciByZWFsaXphciBjYW1iaW9zLCByZXNwb25kZSBlc3RlIG1haWw6DQoNCnthbGxfZmllbGRzfQ0KDQo8YSBocmVmPSJodHRwOi8vY3ljbGluZ2Nvc3RhZGF1cmFkYS5jb20vd3AtY29udGVudC91cGxvYWRzLzIwMTcvMDUvbG9nb2NjZG1lbnUucG5nIj48aW1nIGNsYXNzPSJzaXplLWZ1bGwgd3AtaW1hZ2UtMzAyIGFsaWduY2VudGVyIiBzcmM9Imh0dHA6Ly9jeWNsaW5nY29zdGFkYXVyYWRhLmNvbS93cC1jb250ZW50L3VwbG9hZHMvMjAxNy8wNS9sb2dvY2NkbWVudS5wbmciIGFsdD0iIiB3aWR0aD0iMTk2IiBoZWlnaHQ9IjExNiIgLz48L2E+DQoNCsKg', 1),
(2518, 46, 0, '2019-01-25 13:41:07', 'notification-subject_Notificación-al-usuario', 'base64', 1, 'TGEgdGV2YSBpbnNjcmlwY2nDsyBhIGwnRXN0YWRhIENhdGFsYW5hIGRlbCBDaWNsb3R1cmlzbWUgMjAxOQ==', 'VHUgaW5zY3JpcGNpw7NuIGEgbGEgRXN0YWRhIENhdGFsYW5hIGRlbCBDaWNsb3R1cmlzbWUgMjAxOQ==', 1),
(2519, 46, 0, '2019-01-25 13:41:07', 'notification-subject_Notificación-del-administrador', 'base64', 1, 'Tm91IGluc2NyaXQgYSBsJ0VzdGFkYSBDYXRhbGFuYSBkZWwgQ2ljbG90dXJpc21lIDIwMTk=', 'TnVldm8gaW5zY3JpdG8gYSBsYSBFc3RhZGEgQ2F0YWxhbmEgZGVsIENpY2xvdHVyaXNtZSAyMDE5', 1),
(2520, 46, 0, '2019-01-25 13:41:07', 'field-notification-message_Notificación-del-administrador', 'base64', 1, 'e2FsbF9maWVsZHN9', 'e2FsbF9maWVsZHN9', 1),
(2521, 46, 0, '2019-01-25 13:41:07', 'name-11-customLabel-input-11.3', 'base64', 1, 'Tm9t', 'Tm9tYnJl', 1),
(2522, 46, 0, '2019-01-25 13:41:07', 'field-11-label', 'base64', 1, 'VnVsbCBjb21wYXJ0aXIgaGFiaXRhY2nDsyBhbWI6', 'UXVpZXJvIGNvbXBhcnRpciBoYWJpdGFjacOzbiBjb246', 1),
(2523, 46, 0, '2019-01-25 13:41:07', 'field-24-description', 'base64', 1, 'RCdhcXVlc3RhIG1hbmVyYSBjb21wYXJ0aXLDoHMgYXBhcnRhbWVudCBhbWIgY29tcGFueXMu', 'RGUgZXN0YSBtYW5lcmEgY29tcGFydGlyw6FzIGFwYXJ0YW1lbnRvIGNvbiBjb21wYcOxZXJvcy4=', 1),
(2524, 46, 0, '2019-01-25 13:41:07', 'product-7-choice-1-Habitació-doble-d\'ús-individual-value', 'base64', 1, 'SGFiaXRhY2nDsyBkb2JsZSBkJ8O6cyBpbmRpdmlkdWFs', 'SGFiaXRhY2nDsyBkb2JsZSBkJ8O6cyBpbmRpdmlkdWFs', 1),
(2525, 46, 0, '2019-01-25 13:41:07', 'product-7-choice-0-Habitació-doble-compartida', 'base64', 1, 'SGFiaXRhY2nDsyBkb2JsZSBjb21wYXJ0aWRh', 'SGFiaXRhY2nDs24gZG9ibGUgY29tcGFydGlkYQ==', 1),
(2526, 46, 0, '2019-01-25 13:41:07', 'field-7-description', 'base64', 1, 'RXNjdWxsIGwnb3BjacOzIGQnYWxsb3RqYW1lbnQgcXVlIHQnaW50ZXJlc3NhLiBPcGNpb25zIHbDoGxpZGVzIHBlciBhIGNpY2xpc3RlcyBpIGFjb21wYW55YW50cy4=', 'RXNjb2dlIGxhIG9wY2nDs24gZGUgYWxvamFtaWVudG8gcXVlIHRlIGludGVyZXNhLiBPcGNpb25lcyB2w6FsaWRhcyBwYXJhIGNpY2xpc3RhcyB5IGFjb21wYcOxYW50ZXMu', 1),
(2527, 46, 0, '2019-01-25 13:41:07', 'email-4-customLabel-input-4.2', 'base64', 1, 'VG9ybmEgYSBlc2NyaXVyZSBlbCB0ZXUgbWFpbDo=', 'VnVlbHZlIGEgZXNjcmliaXIgdHUgbWFpbDo=', 1),
(2528, 46, 0, '2019-01-25 13:41:07', 'field-5-label', 'base64', 1, 'VGVsw6hmb24=', 'VGVsw6lmb25v', 1),
(2529, 46, 0, '2019-01-25 13:41:07', 'field-6-label', 'base64', 1, 'RGlyZWNjacOz', 'RGlyZWNjacOzbg==', 1);
INSERT INTO `wp_icl_translate` (`tid`, `job_id`, `content_id`, `timestamp`, `field_type`, `field_format`, `field_translate`, `field_data`, `field_data_translated`, `field_finished`) VALUES
(2530, 46, 0, '2019-01-25 13:41:07', 'address-6-customLabel-input-6.1', 'base64', 1, 'Q2FycmVyIGkgbsO6bWVybw==', 'Q2FsbGUgeSBuw7ptZXJv', 1),
(2531, 46, 0, '2019-01-25 13:41:07', 'address-6-customLabel-input-6.3', 'base64', 1, 'Q2l1dGF0', 'Q2l1ZGFk', 1),
(2532, 46, 0, '2019-01-25 13:41:07', 'product-21-choice-0-Ciclista-value', 'base64', 1, 'Q2ljbGlzdGE=', 'Q2ljbGlzdGE=', 1),
(2533, 46, 0, '2019-01-25 13:41:07', 'field-21-label', 'base64', 1, 'SW5zY3JpcGNpw7M=', 'SW5zY3JpcGNpw7Nu', 1),
(2534, 46, 0, '2019-01-25 13:41:07', 'field-18-label', 'base64', 1, 'REFERVMgREUgUkVTRVJWQQ==', 'REFUT1MgUkVTRVJWQQ==', 1),
(2535, 46, 0, '2019-01-25 13:41:07', 'address-6-customLabel-input-6.6', 'base64', 1, 'UGHDrXM=', 'UGHDrXM=', 1),
(2536, 46, 0, '2019-01-25 13:41:07', 'address-6-customLabel-input-6.5', 'base64', 1, 'Q29kaSBQb3N0YWw=', 'Q8OzZGlnbyBQb3N0YWw=', 1),
(2537, 46, 0, '2019-01-25 13:41:07', 'address-6-customLabel-input-6.4', 'base64', 1, 'UHJvdmluY2lh', 'UHJvdmluY2lh', 1),
(2538, 46, 0, '2019-01-25 13:41:07', 'form_submit_button', 'base64', 1, 'SU5TQ1JJVVJFJ00=', 'SU5TQ1JJQklSTUU=', 1),
(2539, 46, 0, '2019-01-25 13:41:07', 'form_save_and_continue_later_text', 'base64', 1, 'R3VhcmRhciB5IGNvbnRpbnVhciBkZXNwdcOpcw==', 'R3VhcmRhciB5IGNvbnRpbnVhciBkZXNwdcOpcw==', 1),
(2540, 46, 0, '2019-01-25 13:41:07', 'field-confirmation-message_Confirmación-por-defecto', 'base64', 1, 'PHAgc3R5bGU9InRleHQtYWxpZ246IGNlbnRlcjsiPjxzdHJvbmc+SU5TQ1JJUENJw5MgUkVBTElUWkFEQSE8L3N0cm9uZz48L3A+DQo8cCBzdHlsZT0idGV4dC1hbGlnbjogY2VudGVyOyI+R3LDoGNpZXMgcGVyIGxhIHRldmEgaW5zY3JpcGNpw7MuPC9wPg0KPHAgc3R5bGU9InRleHQtYWxpZ246IGNlbnRlcjsiPlNpIHVzIHBsYXUsIHJldmlzYSBsYSB0ZXZhIHNhZmF0YSBkJ2VudHJhZGEgZGVsIGNvcnJldSBvbiB0cm9iYXLDoHMgZWwgbWFpbCBkZSBjb25maXJtYWNpw7MgZGUgbGEgdGV2YSByZXNlcnZhLiBTaSBubyBlbCB0cm9iZXMsIG1pcmEgbGEgdGV2YSBjYXJwZXRhIGRlIFNQQU0gbyBjb3JyZXUgYnJvc3NhLjwvcD4NCjxwIHN0eWxlPSJ0ZXh0LWFsaWduOiBjZW50ZXI7Ij5FbnMgdmVpZW0gbW9sdCBhdmlhdCE8L3A+DQo8cCBzdHlsZT0idGV4dC1hbGlnbjogY2VudGVyOyI+PGEgaHJlZj0iaHR0cDovL2N5Y2xpbmdjb3N0YWRhdXJhZGEuY29tL3dwLWNvbnRlbnQvdXBsb2Fkcy8yMDE3LzA2L2xvZ29jY2RtZW51XzEwMC5wbmciPjxpbWcgY2xhc3M9ImFsaWdubm9uZSBzaXplLWZ1bGwgd3AtaW1hZ2UtNzgwIiBzcmM9Imh0dHA6Ly9jeWNsaW5nY29zdGFkYXVyYWRhLmNvbS93cC1jb250ZW50L3VwbG9hZHMvMjAxNy8wNi9sb2dvY2NkbWVudV8xMDAucG5nIiBhbHQ9IiIgd2lkdGg9IjE2OSIgaGVpZ2h0PSIxMDAiIC8+PC9hPjwvcD4=', 'PHAgc3R5bGU9InRleHQtYWxpZ246IGNlbnRlcjsiPjxzdHJvbmc+wqFJTlNDUklQQ0nDk04gUkVBTElaQURBITwvc3Ryb25nPjwvcD4NCjxwIHN0eWxlPSJ0ZXh0LWFsaWduOiBjZW50ZXI7Ij5HcmFjaWFzIHBvciB0dSBpbnNjcmlwY2nDs24uPC9wPg0KPHAgc3R5bGU9InRleHQtYWxpZ246IGNlbnRlcjsiPlBvciBmYXZvciwgcmV2aXNhIHR1IGJhbmRlamEgZGUgZW50cmFkYSBkZWwgY29ycmVvIGRvbmRlIGVuY29udHJhcsOhcyBlbCBtYWlsIGRlIGNvbmZpcm1hY2nDs24gZGUgdHUgcmVzZXJ2YS4gU2kgbm8gbG8gZW5jdWVudHJhcywgbWlyYSB0dSBjYXJwZXRhIGRlIFNQQU0gbyBjb3JyZW8gYmFzdXJhLjwvcD4NCjxwIHN0eWxlPSJ0ZXh0LWFsaWduOiBjZW50ZXI7Ij7CoU5vcyB2ZW1vcyBtdXkgcHJvbnRvITwvcD4NCjxwIHN0eWxlPSJ0ZXh0LWFsaWduOiBjZW50ZXI7Ij48YSBocmVmPSJodHRwOi8vY3ljbGluZ2Nvc3RhZGF1cmFkYS5jb20vd3AtY29udGVudC91cGxvYWRzLzIwMTcvMDYvbG9nb2NjZG1lbnVfMTAwLnBuZyI+PGltZyBjbGFzcz0iYWxpZ25ub25lIHNpemUtZnVsbCB3cC1pbWFnZS03ODAiIHNyYz0iaHR0cDovL2N5Y2xpbmdjb3N0YWRhdXJhZGEuY29tL3dwLWNvbnRlbnQvdXBsb2Fkcy8yMDE3LzA2L2xvZ29jY2RtZW51XzEwMC5wbmciIGFsdD0iIiB3aWR0aD0iMTY5IiBoZWlnaHQ9IjEwMCIgLz48L2E+PC9wPg==', 1),
(2541, 46, 0, '2019-01-25 13:41:07', 'field-24-label', 'base64', 1, 'SW5kaWNhIGVsIG5vbSBkZWwgdGV1IGNsdWI=', 'SW5kaWNhIGVsIG5vbWJyZSBkZSB0dSBjbHVi', 1),
(2542, 46, 0, '2019-01-25 13:41:07', 'product-7-choice-1-Habitació-doble-d\'ús-individual', 'base64', 1, 'SGFiaXRhY2nDsyBkb2JsZSBkJ8O6cyBpbmRpdmlkdWFs', 'SGFiaXRhY2nDs24gZG9ibGUgZGUgdXNvIGluZGl2aWR1YWw=', 1),
(2543, 46, 0, '2019-01-25 13:41:07', 'product-7-choice-0-Habitació-doble-compartida-value', 'base64', 1, 'SGFiaXRhY2nDsyBkb2JsZSBjb21wYXJ0aWRh', 'SGFiaXRhY2nDsyBkb2JsZSBjb21wYXJ0aWRh', 1),
(2544, 46, 0, '2019-01-25 13:41:07', 'email-4-customLabel-input-4', 'base64', 1, 'SW50cm9kdWVpeCBlbCB0ZXUgbWFpbDo=', 'SW50cm9kdWNlIHR1IG1haWw6', 1),
(2545, 46, 0, '2019-01-25 13:41:07', 'field-7-label', 'base64', 1, 'QWxsb3RqYW1lbnQ=', 'QWxvamFtaWVudG8=', 1),
(2546, 46, 0, '2019-01-25 13:42:26', 'product-21-choice-2-Ciclista-+-Acompanyant-value', 'base64', 1, 'Q2ljbGlzdGEgKyBBY29tcGFueWFudA==', 'Q2ljbGlzdGEgKyBBY29tcGFueWFudA==', 1),
(2547, 46, 0, '2019-01-25 13:41:07', 'product-21-choice-0-Ciclista', 'base64', 1, 'Q2ljbGlzdGE=', 'Q2ljbGlzdGE=', 1),
(2548, 46, 0, '2019-01-25 13:41:07', 'form_title', 'base64', 1, 'RXN0YWRhIENhdGFsYW5hIGRlbCBDaWNsb3R1cmlzbWUgMjAxOQ==', 'RXN0YWRhIENhdGFsYW5hIGRlbCBDaWNsb3R1cmlzbWUgMjAxOQ==', 1),
(2549, 46, 0, '2019-01-25 13:41:07', 'field-25-label', 'base64', 1, 'T2JzZXJ2YWNpb25z', 'T2JzZXJ2YWNpb25lcw==', 1),
(2550, 46, 0, '2019-01-25 13:41:07', 'field-12-label', 'base64', 1, 'UHJldSB0b3RhbDo=', 'UHJlY2lvIHRvdGFsOg==', 1),
(2551, 46, 0, '2019-01-25 13:41:07', 'field-31-label', 'base64', 1, 'Q3Vww7MgZGUgZGVzY29tcHRl', 'Q3Vww7NuIGRlIGRlc2N1ZW50bw==', 1),
(2552, 46, 0, '2019-01-25 13:42:26', 'product-21-choice-2-Ciclista-+-Acompanyant', 'base64', 1, 'Q2ljbGlzdGEgKyBBY29tcGFueWFudA==', 'Q2ljbGlzdGEgKyBBY29tcGHDsWFudGU=', 1),
(2553, 46, 0, '2019-01-25 13:42:26', 'product-21-choice-1-Acompanyant-value', 'base64', 1, 'QWNvbXBhbnlhbnQ=', 'QWNvbXBhbnlhbnQ=', 1),
(2554, 46, 0, '2019-01-25 13:42:26', 'product-21-choice-1-Acompanyant', 'base64', 1, 'QWNvbXBhbnlhbnQ=', 'QWNvbXBhw7FhbnRl', 1),
(2555, 46, 0, '2019-01-25 13:42:26', 'product-21-choice-3-Nen-menor-de-10-anys', 'base64', 1, 'TmVuIG1lbm9yIGRlIDEwIGFueXM=', 'TmnDsW9zIG1lbm9yIGRlIDEwIGHDsW9z', 1),
(2556, 46, 0, '2019-01-25 13:42:26', 'product-21-choice-3-Nen-menor-de-10-anys-value', 'base64', 1, 'TmVuIG1lbm9yIGRlIDEwIGFueXM=', 'TmVuIG1lbm9yIGRlIDEwIGFueXM=', 1),
(2557, 47, 0, '2019-01-25 14:17:37', 'field-_yoast_wpseo_title-0', 'base64', 1, 'UXVlYnJhbnRhaHVlc29zIHNpbiBzb3J0ZW8gfCBDeWNsaW5nIENvc3RhIERhdXJhZGE=', 'UXVlYnJhbnRhaHVlc29zIG5vIHJhZmZsZSB8IEN5Y2xpbmcgQ29zdGEgRGF1cmFkYQ==', 1),
(2558, 47, 0, '2019-01-25 14:23:01', 'field-_yoast_wpseo_title-0-name', '', 0, '_yoast_wpseo_title-0', '', 1),
(2559, 47, 0, '2019-01-25 14:23:01', 'field-_yoast_wpseo_title-0-type', '', 0, 'custom_field', '', 1),
(2560, 47, 0, '2019-01-25 14:17:37', 'field-_yoast_wpseo_metadesc-0', 'base64', 1, 'RG9yc2FsIGFzZWd1cmFkbyBwYXJhIGxhIFF1ZWJyYW50YWh1ZXNvcyAyMDE5LiBSZXNlcnZhIHlhIHR1IHBsYXphIHkgdmlhamEgY29uIHRvZG8gaW5jbHVpZG8uIEFsb2phbWllbnRvLCBhc2lzdGVuY2lhIG1lY8OhbmljYSB5IG11Y2hvIG3DoXMu', 'RG9yc2FsIGluc3VyZWQgZm9yIHRoZSBRdWVicmFudGFodWVzb3MgMjAxOS4gQm9vayB5b3VyIHBsYWNlIG5vdyBhbmQgdHJhdmVsIHdpdGggZXZlcnl0aGluZyBpbmNsdWRlZC4gQWNjb21tb2RhdGlvbiwgbWVjaGFuaWNhbCBhc3Npc3RhbmNlIGFuZCBtdWNoIG1vcmUu', 1),
(2561, 47, 0, '2019-01-25 14:23:01', 'field-_yoast_wpseo_metadesc-0-name', '', 0, '_yoast_wpseo_metadesc-0', '', 1),
(2562, 47, 0, '2019-01-25 14:23:01', 'field-_yoast_wpseo_metadesc-0-type', '', 0, 'custom_field', '', 1),
(2563, 47, 0, '2019-01-25 14:17:37', 'field-_yoast_wpseo_focuskw-0', 'base64', 1, 'cXVlYnJhbnRhaHVlc29zIHNpbiBzb3J0ZW8=', 'cXVlYnJhbnRhaHVlc29zIG5vIHJhZmZsZQ==', 1),
(2564, 47, 0, '2019-01-25 14:23:01', 'field-_yoast_wpseo_focuskw-0-name', '', 0, '_yoast_wpseo_focuskw-0', '', 1),
(2565, 47, 0, '2019-01-25 14:23:01', 'field-_yoast_wpseo_focuskw-0-type', '', 0, 'custom_field', '', 1),
(2566, 47, 0, '2019-01-25 14:23:01', 'original_id', '', 0, '55', '', 1),
(2567, 47, 0, '2019-01-25 14:17:37', 'title', 'base64', 1, 'UXVlYnJhbnRhaHVlc29zIDIwMTk=', 'UXVlYnJhbnRhaHVlc29zIDIwMTk=', 1);
INSERT INTO `wp_icl_translate` (`tid`, `job_id`, `content_id`, `timestamp`, `field_type`, `field_format`, `field_translate`, `field_data`, `field_data_translated`, `field_finished`) VALUES
(2568, 47, 0, '2019-01-25 14:28:19', 'body', 'base64', 0, '[encoded data, 56636 characters]', '[encoded data, 55848 characters]', 1);
INSERT INTO `wp_icl_translate` (`tid`, `job_id`, `content_id`, `timestamp`, `field_type`, `field_format`, `field_translate`, `field_data`, `field_data_translated`, `field_finished`) VALUES
(2569, 47, 0, '2019-01-25 14:17:37', 'excerpt', 'base64', 1, '', '', 1),
(2571, 47, 0, '2019-01-25 14:17:37', 'package-string-30-15954', 'base64', 1, 'VEFSSUZBUyBDSUNMSVNUQVMgREVTREUgMjMgRElDSUVNQlJF', 'Q1lDTElTVCBSQVRFUyBGUk9NIDIzIERFQ0VNQkVS', 1),
(2572, 47, 0, '2019-01-25 14:17:37', 'package-string-30-15953', 'base64', 1, 'QWNvbXBhw7FhbnRlcyBwYWdhbiAxMTXigqwgbWVub3MgZW4gY2FkYSB0YXJpZmEu', 'Q29tcGFuaW9ucyBwYXkg4oKsIDExNSBsZXNzIGluIGVhY2ggcmF0ZS4=', 1),
(2573, 47, 0, '2019-01-25 14:17:37', 'package-string-30-22687', 'base64', 1, 'SGFiaXRhY2nDs24gc8OzbG8gcGFyYSB0aQ==', 'Um9vbSBqdXN0IGZvciB5b3U=', 1),
(2574, 47, 0, '2019-01-25 14:17:37', 'package-string-30-16015', 'base64', 1, 'UFJPR1JBTUE=', 'UFJPR1JBTQ==', 1),
(2575, 47, 0, '2019-01-25 14:17:37', 'package-string-30-15937', 'base64', 1, 'Mjg14oKs', 'Mjg14oKs', 1),
(2576, 47, 0, '2019-01-25 14:17:37', 'package-string-30-15933', 'base64', 1, 'T1BDSU9OQUw=', 'T1BUSU9OQUw=', 1),
(2577, 47, 0, '2019-01-25 14:17:37', 'package-string-30-15905', 'base64', 1, 'SGFiaXRhY2nDs24gc29sbyBwYXJhIHRp', 'Um9vbSBqdXN0IGZvciB5b3U=', 1),
(2578, 47, 0, '2019-01-25 14:17:37', 'package-string-30-15906', 'base64', 1, 'SGFiaXRhY2nDs24gaW5kaXZpZHVhbCBiYcOxbyBwcml2YWRv', 'U2luZ2xlIHJvb20gcHJpdmF0ZSBiYXRocm9vbQ==', 1),
(2579, 47, 0, '2019-01-25 14:17:37', 'package-string-30-15907', 'base64', 1, 'UG9yIHBlcnNvbmE=', 'UGVyIHBlcnNvbg==', 1),
(2580, 47, 0, '2019-01-25 14:17:37', 'package-string-30-15909', 'base64', 1, 'Q29tcGFydGUgdW5hIGhhYml0YWNpw7NuIGRvYmxlLg==', 'U2hhcmUgYSBkb3VibGUgcm9vbQ==', 1),
(2581, 47, 0, '2019-01-25 14:17:37', 'package-string-30-15910', 'base64', 1, 'SGFiaXRhY2nDs24gZG9ibGUgY29tcGFydGlkYQ==', 'RG91YmxlIHJvb20gc2hhcmVk', 1),
(2582, 47, 0, '2019-01-25 14:17:37', 'package-string-30-15912', 'base64', 1, 'Q29tcGFydGUgdW5hIGhhYml0YWNpw7NuIHRyaXBsZS4=', 'U2hhcmUgYSB0cmlwbGUgcm9vbS4=', 1),
(2583, 47, 0, '2019-01-25 14:17:37', 'package-string-30-15913', 'base64', 1, 'SGFiaXRhY2nDs24gdHJpcGxlIGNvbXBhcnRpZGE=', 'VHJpcGxlIHJvb20gc2hhcmVk', 1),
(2584, 47, 0, '2019-01-25 14:17:37', 'package-string-30-15915', 'base64', 1, 'Q29tcGFydGUgdW5hIGRvYmxlIHkgYmHDsW8u', 'U2hhcmUgYSBkb3VibGUgYW5kIGJhdGhyb29tLg==', 1),
(2585, 47, 0, '2019-01-25 14:17:37', 'package-string-30-15916', 'base64', 1, 'SGFiaXRhY2nDs24gZG9ibGUgYmHDsW8gY29tcGFydGlkbw==', 'RG91YmxlIHJvb20gc2hhcmVkIGJhdGhyb29t', 1),
(2586, 47, 0, '2019-01-25 14:17:37', 'package-string-30-15918', 'base64', 1, 'U3Vic2Nyw61iZXRlIGEgbGEgbmV3c2xldHRlciBkZSBDQ0QgcGFyYSBlbnRlcmFydGUgZGUgdG9kby4=', 'U3Vic2NyaWJlIHRvIHRoZSBDQ0QgbmV3c2xldHRlciB0byBmaW5kIG91dCBldmVyeXRoaW5nLg==', 1),
(2587, 47, 0, '2019-01-25 14:17:37', 'package-string-30-15919', 'base64', 1, 'TmV3c2xldHRlcg==', 'TmV3c2xldHRlcg==', 1),
(2588, 47, 0, '2019-01-25 14:17:37', 'package-string-30-15932', 'base64', 1, 'SU5DTFVZRQ==', 'SU5DTFVERVM=', 1),
(2589, 47, 0, '2019-01-25 14:17:37', 'package-string-30-16348', 'base64', 1, 'QUdPVEFETw==', 'RVhIQVVTVEVE', 1),
(2590, 47, 0, '2019-01-25 14:17:37', 'package-string-30-22686', 'base64', 1, 'VEFSSUZBUw==', 'UFJJQ0VT', 1),
(2591, 47, 0, '2019-01-25 14:17:37', 'package-string-30-22685', 'base64', 1, 'RGVsIDIxIGFsIDIzIGRlIGp1bmlvIGRlIDIwMTk=', 'RnJvbSBKdW5lIDIxIHRvIDIzLCAyMDE5', 1),
(2592, 47, 0, '2019-01-25 14:17:37', 'package-string-30-15974', 'base64', 1, 'c2RheSxzaHIsc21pbg==', 'c2RheSxzaHIsc21pbg==', 1),
(2593, 47, 0, '2019-01-25 14:17:37', 'package-string-30-15975', 'base64', 1, 'RMOtYQ==', 'RGF5', 1),
(2594, 47, 0, '2019-01-25 14:17:37', 'package-string-30-15976', 'base64', 1, 'RMOtYXM=', 'RGF5cw==', 1),
(2595, 47, 0, '2019-01-25 14:17:37', 'package-string-30-15977', 'base64', 1, 'U2VtYW5h', 'V2Vlaw==', 1),
(2596, 47, 0, '2019-01-25 14:17:37', 'package-string-30-15978', 'base64', 1, 'U2VtYW5hcw==', 'V2Vla3M=', 1),
(2597, 47, 0, '2019-01-25 14:17:37', 'package-string-30-15979', 'base64', 1, 'TWVz', 'TW9udGg=', 1),
(2598, 47, 0, '2019-01-25 14:17:37', 'package-string-30-15980', 'base64', 1, 'TWVzZXM=', 'TW9udGhz', 1),
(2599, 47, 0, '2019-01-25 14:17:37', 'package-string-30-15981', 'base64', 1, 'QcOxbw==', 'WWVhcg==', 1),
(2600, 47, 0, '2019-01-25 14:17:37', 'package-string-30-15982', 'base64', 1, 'QcOxb3M=', 'WWVhcnM=', 1),
(2601, 47, 0, '2019-01-25 14:17:37', 'package-string-30-15983', 'base64', 1, 'SG9yYQ==', 'SG91cg==', 1),
(2602, 47, 0, '2019-01-25 14:17:37', 'package-string-30-15984', 'base64', 1, 'SG9yYXM=', 'SG91cnM=', 1),
(2603, 47, 0, '2019-01-25 14:17:37', 'package-string-30-15985', 'base64', 1, 'TWludXRv', 'TWludXRl', 1),
(2604, 47, 0, '2019-01-25 14:17:37', 'package-string-30-15986', 'base64', 1, 'TWludXRvcw==', 'TWludXRlcw==', 1),
(2605, 47, 0, '2019-01-25 14:17:37', 'package-string-30-15987', 'base64', 1, 'U2VndW5kbw==', 'U2Vjb25k', 1),
(2606, 47, 0, '2019-01-25 14:17:37', 'package-string-30-15988', 'base64', 1, 'U2VndW5kb3M=', 'U2Vjb25kcw==', 1),
(2607, 47, 0, '2019-01-25 14:17:37', 'package-string-30-15989', 'base64', 1, 'U2l0dWFkbyBhIHNvbG8gMTUgbWludXRvcyBkZSBsYSBzYWxpZGEsIGVsIEhvc3RhbCBSw61vIEFyYSBlcyB1biBwZXF1ZcOxbyBlc3RhYmxlY2ltaWVudG8gZmFtaWxpYXIgc2l0dWFkbyBqdXN0byBhIGxhIG9yaWxsYSBkZWwgUsOtbyBBcmEsIHBlZ2FkbyBhbCBQYXJxdWUgTmFjaW9uYWwgZGUgT3JkZXNhLiBDdWVudGEgY29uIHVuYSBidWVuYSBvZmVydGEgZ2FzdHJvbsOzbWljYcKgYmFzYWRhIGVuIHByb2R1Y3RvcyBsb2NhbGVzLCBhZGVtw6FzIGRlbCBkZXNheXVubyBidWZmZXQu', 'TG9jYXRlZCBqdXN0IDE1IG1pbnV0ZXMgZnJvbSB0aGUgZXhpdCwgdGhlIEhvc3RhbCBSaW8gQXJhIGlzIGEgc21hbGwgZmFtaWx5IGVzdGFibGlzaG1lbnQgbG9jYXRlZCByaWdodCBvbiB0aGUgYmFua3Mgb2YgdGhlIEFyYSBSaXZlciwgbmV4dCB0byB0aGUgT3JkZXNhIE5hdGlvbmFsIFBhcmsuIEl0IGhhcyBhIGdvb2QgZ2FzdHJvbm9taWMgb2ZmZXIgYmFzZWQgb24gbG9jYWwgcHJvZHVjdHMsIGluIGFkZGl0aW9uIHRvIHRoZSBicmVha2Zhc3QgYnVmZmV0Lg==', 1),
(2608, 47, 0, '2019-01-25 14:17:37', 'package-string-30-15990', 'base64', 1, 'SG9zdGFsIFLDrW8gQXJhIMK3IEZpc2NhbA==', 'SG9zdGFsIFLDrW8gQXJhIMK3IEZpc2NhbA==', 1),
(2609, 47, 0, '2019-01-25 14:17:37', 'package-string-30-15991', 'base64', 1, 'REVTIERFIDE1SA==', 'RlJPTSAxNTowMA==', 1),
(2610, 47, 0, '2019-01-25 14:17:37', 'package-string-30-15992', 'base64', 1, 'UmVnw61zdHJhdGUgZW4gZWwgaG9zdGFsIHkgcmVjb2dlIHR1IHBhY2sgZGUgYmllbnZlbmlkYS4=', 'U2lnbiB1cCBhdCB0aGUgaG9zdGVsIGFuZCBwaWNrIHVwIHlvdXIgd2VsY29tZSBwYWNrLg==', 1),
(2611, 47, 0, '2019-01-25 14:17:37', 'package-string-30-15993', 'base64', 1, 'Q0hFQ0stSU4gSE9TVEFMIFLDjU8gQVJB', 'Q0hFQ0stSU4gSE9TVEFMIFLDjU8gQVJB', 1),
(2612, 47, 0, '2019-01-25 14:17:37', 'package-string-30-15994', 'base64', 1, 'MjA6MzA=', 'MjA6MzA=', 1),
(2613, 47, 0, '2019-01-25 14:17:37', 'package-string-30-15995', 'base64', 1, 'Q2VuYSBlbiBlbCBwcm9waW8gaG9zdGFsLg==', 'RGlubmVyIGF0IHRoZSBob3N0ZWwu', 1),
(2614, 47, 0, '2019-01-25 14:17:37', 'package-string-30-15996', 'base64', 1, 'Q0VOQQ==', 'RElOTkVS', 1),
(2615, 47, 0, '2019-01-25 14:17:37', 'package-string-30-15997', 'base64', 1, 'MjE6MzA=', 'MjE6MzA=', 1),
(2616, 47, 0, '2019-01-25 14:17:37', 'package-string-30-15998', 'base64', 1, 'VGUgY29udGFtb3MgbG9zwqBkZXRhbGxlcyB5ICJzZWNyZXRvcyIgcGFyYSBkaXNmcnV0YXIgZXN0YSBwcnVlYmEgYWwgbcOheGltby4=', 'V2UgdGVsbCB5b3UgdGhlIGRldGFpbHMgYW5kICJzZWNyZXRzIiB0byBlbmpveSB0aGlzIHRlc3QgdG8gdGhlIGZ1bGxlc3Qu', 1),
(2617, 47, 0, '2019-01-25 14:17:37', 'package-string-30-15999', 'base64', 1, 'QlJJRUZJTkcgREVCVVRBTlRFUw==', 'QlJJRUZJTkcgREVCVVRBTlRT', 1),
(2618, 47, 0, '2019-01-25 14:17:37', 'package-string-30-16000', 'base64', 1, 'Vmllcm5lcywgMjIgZGUganVuaW8=', 'RnJpZGF5LCBKdW5lIDIy', 1),
(2619, 47, 0, '2019-01-25 14:17:37', 'package-string-30-16001', 'base64', 1, 'REVTIERFIDA1OjMwSA==', 'RlJPTSAwNTozMA==', 1),
(2620, 47, 0, '2019-01-25 14:17:37', 'package-string-30-16002', 'base64', 1, 'RGVzYXl1bm8gYnVmZmV0IGVuIGVsIGhvc3RhbC4=', 'QnVmZmV0IGJyZWFrZmFzdCBhdCB0aGUgaG9zdGVsLg==', 1),
(2621, 47, 0, '2019-01-25 14:17:37', 'package-string-30-16003', 'base64', 1, 'REVTQVlVTk8=', 'QlJFQUtGQVNU', 1),
(2622, 47, 0, '2019-01-25 14:17:37', 'package-string-30-16004', 'base64', 1, 'MDc6MzA=', 'MDc6MzA=', 1),
(2623, 47, 0, '2019-01-25 14:17:37', 'package-string-30-16005', 'base64', 1, 'U2FsaWRhIGRlIGxhIHBydWViYSBwYXJhIGxvcyBtw6FzIGRlIDEwLjAwMCBwYXJ0aWNpcGFudGVzLg==', 'RXhpdCBvZiB0aGUgdGVzdCBmb3IgdGhlIG1vcmUgdGhhbiAxMCwwMDAgcGFydGljaXBhbnRzLg==', 1),
(2624, 47, 0, '2019-01-25 14:17:37', 'package-string-30-16006', 'base64', 1, 'U0FMSURBIFFVRUJSQU5UQUhVRVNPUyAyMDE4', 'U1RBUlQgUVVFQlJBTlRBSFVFU09TIDIwMTk=', 1),
(2625, 47, 0, '2019-01-25 14:17:37', 'package-string-30-16007', 'base64', 1, 'MjA6MDA=', 'MjA6MDA=', 1),
(2626, 47, 0, '2019-01-25 14:17:37', 'package-string-30-16008', 'base64', 1, 'Tm9zIGVuY29udHJhcmVtb3MgdG9kb3MgZW4gZWwgaG9zdGFsIHBhcmEgY29tcGFydGlyIGxhIGV4cGVyaWVuY2lhIGNvbiB1biByZWZyZXNjbyBlbiBtYW5vIGHCoGNhcmdvIGRlIENDRC4=', 'V2Ugd2lsbCBhbGwgbWVldCBhdCB0aGUgaG9zdGVsIHRvIHNoYXJlIHRoZSBleHBlcmllbmNlIHdpdGggYSBzb2Z0IGRyaW5rIGluIGhhbmQgYnkgQ0NELg==', 1),
(2627, 47, 0, '2019-01-25 14:17:37', 'package-string-30-16009', 'base64', 1, 'Q09NUEFSVEUgTEEgRVhQRVJJRU5DSUE=', 'U0hBUkUgVEhFIEVYUEVSSUVOQ0U=', 1),
(2628, 47, 0, '2019-01-25 14:17:37', 'package-string-30-16010', 'base64', 1, 'U8OhYmFkbywgMjMgZGUganVuaW8=', 'U2F0dXJkYXksIEp1bmUgMjM=', 1),
(2629, 47, 0, '2019-01-25 14:17:37', 'package-string-30-16011', 'base64', 1, 'SEFTVEEgMTJI', 'VElMTCAxMjowMA==', 1),
(2630, 47, 0, '2019-01-25 14:17:37', 'package-string-30-16012', 'base64', 1, 'RGVqYXJlbW9zIGVsIGhvc3RhbCBkZXNwdcOpcyBkZWwgZGVzYXl1bm8u', 'V2Ugd2lsbCBsZWF2ZSB0aGUgaG9zdGVsIGFmdGVyIGJyZWFrZmFzdC4=', 1),
(2631, 47, 0, '2019-01-25 14:17:37', 'package-string-30-16013', 'base64', 1, 'Q0hFQ0stT1VU', 'Q0hFQ0stT1VU', 1),
(2632, 47, 0, '2019-01-25 14:17:37', 'package-string-30-16014', 'base64', 1, 'RG9taW5nbywgMjQgZGUganVuaW8=', 'U3VuZGF5LCBKdW5lIDI0', 1),
(2633, 47, 0, '2019-01-25 14:17:37', 'package-string-30-22982', 'base64', 1, 'Rk9STVVMQVJJTyBERSBJTlNDUklQQ0nDk04=', 'UkVHSVNUUkFUSU9OIEZPUk0=', 1),
(2634, 47, 0, '2019-01-25 14:17:37', 'package-string-30-22697', 'base64', 1, 'SGFiaXRhY2nDs24gY3XDoWRydXBsZQ==', 'UXVhZHJ1cGxlIHJvb20=', 1),
(2635, 47, 0, '2019-01-25 14:17:37', 'package-string-30-22696', 'base64', 1, 'Q29tcGFydGUgdW5hIGhhYml0YWNpw7NuIGN1w6FkcnVwbGU=', 'U2hhcmUgYSBxdWFkIHJvb20=', 1),
(2636, 47, 0, '2019-01-25 14:17:37', 'package-string-30-22695', 'base64', 1, 'MzMwIOKCrA==', '4oKsIDMzMA==', 1),
(2637, 47, 0, '2019-01-25 14:17:37', 'package-string-30-22694', 'base64', 1, 'SGFiaXRhY2nDs24gdHJpcGxl', 'VHJpcGxlIHJvb20=', 1),
(2638, 47, 0, '2019-01-25 14:17:37', 'package-string-30-22693', 'base64', 1, 'Q29tcGFydGUgdW5hIGhhYml0YWNpw7NuIHRyaXBsZQ==', 'U2hhcmUgYSB0cmlwbGUgcm9vbQ==', 1),
(2639, 47, 0, '2019-01-25 14:17:37', 'package-string-30-22692', 'base64', 1, 'MzQwIOKCrA==', '4oKsIDM0MA==', 1),
(2640, 47, 0, '2019-01-25 14:17:37', 'package-string-30-22690', 'base64', 1, 'Q29tcGFydGUgdW5hIGhhYml0YWNpw7NuIGRvYmxl', 'U2hhcmUgYSBkb3VibGUgcm9vbQ==', 1),
(2641, 47, 0, '2019-01-25 14:17:37', 'package-string-30-22689', 'base64', 1, 'MzYwIOKCrA==', '4oKsIDM2MA==', 1),
(2642, 47, 0, '2019-01-25 14:17:37', 'package-string-30-22688', 'base64', 1, 'SGFiaXRhY2nDs24gaW5kaXZpZHVhbA==', 'U2luZ2xlIHJvb20=', 1),
(2643, 47, 0, '2019-01-25 14:17:37', 'package-string-30-22684', 'base64', 1, 'MjAxOS8wNi8yMSAwODowMDowMA==', 'MjAxOS8wNi8yMSAwODowMDowMA==', 1),
(2644, 47, 0, '2019-01-25 14:17:37', 'package-string-30-22683', 'base64', 1, 'UEFDSyBDWUNMSU5HIENPU1RBIERBVVJBREE=', 'UEFDSyBDWUNMSU5HIENPU1RBIERBVVJBREE=', 1),
(2645, 47, 0, '2019-01-25 14:17:37', 'package-string-30-22681', 'base64', 1, 'UVVFQlJBTlRBSFVFU09TIDIwMTk=', 'UVVFQlJBTlRBSFVFU09TIDIwMTk=', 1),
(2646, 47, 0, '2019-01-25 14:17:37', 'package-string-30-22680', 'base64', 1, 'U2FiacOxw6FuaWdvLCAyMiBkZSBqdW5pbyBkZSAyMDE5', 'U2FiacOxw6FuaWdvLCBKdW5lIDIyLCAyMDE5', 1),
(2647, 47, 0, '2019-01-25 14:17:37', 'package-string-30-22698', 'base64', 1, 'MzI1IOKCrA==', '4oKsIDMyNQ==', 1),
(2648, 47, 0, '2019-01-25 14:17:37', 'package-string-30-22691', 'base64', 1, 'SGFiaXRhY2nDs24gZG9ibGU=', 'RG91YmxlIHJvb20=', 1),
(2649, 47, 0, '2019-01-25 14:17:37', 'package-string-30-22838', 'base64', 1, 'Q3ljbGluZyBDb3N0YSBEYXVyYWRhIHRlIGxsZXZhIGEgdW5hIGRlIGxhcyBjaXRhcyBtw6FzIGltcG9ydGFudGVzIGRlbCBhw7FvIGNvbiB0b2RhcyBsYXMgY29tb2RpZGFkZXMgeSBjb24gaW5zY3JpcGNpw7NuIGRpcmVjdGEu', 'Q3ljbGluZyBDb3N0YSBEYXVyYWRhIHRha2VzIHlvdSB0byBvbmUgb2YgdGhlIG1vc3QgaW1wb3J0YW50IGFwcG9pbnRtZW50cyBvZiB0aGUgeWVhciB3aXRoIGFsbCB0aGUgYW1lbml0aWVzIGFuZCB3aXRoIGRpcmVjdCByZWdpc3RyYXRpb24u', 1),
(2650, 48, 0, '2019-01-25 14:31:05', 'original_id', '', 0, '58', '', 0),
(2651, 48, 0, '2019-01-25 14:41:16', 'field-notification-message_Notificación-del-administrador', 'base64', 1, 'e2FsbF9maWVsZHN9', 'e2FsbF9maWVsZHN9', 1),
(2652, 48, 0, '2019-01-25 14:41:16', 'notification-subject_Notificación-del-administrador', 'base64', 1, 'TnVldm8gaW5zY3JpdG8gYSBsYSB7Zm9ybV90aXRsZX0=', 'TmV3IHJlZ2lzdGVyZWQgdG8gdGhlIHtmb3JtX3RpdGxlfQ==', 1),
(2653, 48, 0, '2019-01-25 14:41:16', 'form_save_and_continue_later_text', 'base64', 1, 'R3VhcmRhciB5IGNvbnRpbnVhciBkZXNwdcOpcw==', 'U2F2ZSBhbmQgY29udGludWUgbGF0ZXI=', 1),
(2654, 48, 0, '2019-01-25 14:41:16', 'form_title', 'base64', 1, 'UXVlYnJhbnRhaHVlc29zIDIwMTk=', 'UXVlYnJhbnRhaHVlc29zIDIwMTk=', 1),
(2655, 48, 0, '2019-01-25 14:41:16', 'notification-subject_Notificación-al-usuario', 'base64', 1, 'QmllbnZlbmlkby9hIGEgbGEgUXVlYnJhbnRhaHVlc29zIDIwMTkgY29uIEN5Y2xpbmcgQ29zdGEgRGF1cmFkYQ==', 'V2VsY29tZSB0byB0aGUgUXVlYnJhbnRhaHVlc29zIDIwMTkgd2l0aCBDeWNsaW5nIENvc3RhIERhdXJhZGE=', 1),
(2656, 48, 0, '2019-01-25 14:41:16', 'field-notification-message_Notificación-al-usuario', 'base64', 1, 'SG9sYSB7Tm9tYnJlIGNvbXBsZXRvIChOb21icmUpOjEuM30sDQoNCk11Y2hhcyBncmFjaWFzIHBvciB0dcKgaW5zY3JpcGNpw7NuIGEgbGEgUXVlYnJhbnRhaHVlc29zIDIwMTksIG5vcyBlbmNhbnRhIGNvbnRhciBjb250aWdvLg0KDQpUZSBlbnZpYW1vcyBsb3MgZGF0b3MgZGUgdHXCoGluc2NyaXBjacOzbi4gRW4gY2FzbyBkZSBxdWVyZXIgYWxnw7puIGNhbWJpbywgcmVzcG9uZGUgYSBlc3RlIGUtbWFpbCBkaXJlY3RhbWVudGUuDQoNCk5vcyBwb25kcmVtb3MgZW4gY29udGFjdG8gY29uIG3DoXMgaW5mb3JtYWNpw7NuIG11eSBwcm9udG8sDQoNCjxzdHJvbmc+RWwgZXF1aXBvIGRlIEN5Y2xpbmcgQ29zdGEgRGF1cmFkYS48L3N0cm9uZz4NCg0Ke2FsbF9maWVsZHN9DQoNCjxhIGhyZWY9Imh0dHA6Ly9jeWNsaW5nY29zdGFkYXVyYWRhLmNvbS93cC1jb250ZW50L3VwbG9hZHMvMjAxNy8wNS9sb2dvY2NkbWVudS5wbmciPjxpbWcgY2xhc3M9InNpemUtZnVsbCB3cC1pbWFnZS0zMDIgYWxpZ25jZW50ZXIiIHNyYz0iaHR0cDovL2N5Y2xpbmdjb3N0YWRhdXJhZGEuY29tL3dwLWNvbnRlbnQvdXBsb2Fkcy8yMDE3LzA1L2xvZ29jY2RtZW51LnBuZyIgYWx0PSIiIHdpZHRoPSIxOTYiIGhlaWdodD0iMTE2IiAvPjwvYT4NCg0KJm5ic3A7', 'SGkge05vbWJyZSBjb21wbGV0byAoTm9tYnJlKToxLjN9LA0KDQpUaGFuayB5b3UgdmVyeSBtdWNoIGZvciB5b3VyIHJlZ2lzdHJhdGlvbiB0byB0aGUgUXVlYnJhbnRhaHVlc29zIDIwMTksIHdlIGxvdmUgdG8gaGF2ZSB5b3UuDQoNCldlIHNlbmQgeW91IHRoZSBpbmZvcm1hdGlvbiBvZiB5b3VyIHJlZ2lzdHJhdGlvbi4gSW4gY2FzZSB5b3Ugd2FudCBhIGNoYW5nZSwgcmVzcG9uZCB0byB0aGlzIGUtbWFpbCBkaXJlY3RseS4NCg0KV2Ugd2lsbCBnZXQgaW4gdG91Y2ggd2l0aCBtb3JlIGluZm9ybWF0aW9uIHNvb24sDQoNCjxzdHJvbmc+VGhlIHRlYW0gb2YgQ3ljbGluZyBDb3N0YSBEYXVyYWRhLjwvc3Ryb25nPg0KDQp7YWxsX2ZpZWxkc30NCg0KPGEgaHJlZj0iaHR0cDovL2N5Y2xpbmdjb3N0YWRhdXJhZGEuY29tL3dwLWNvbnRlbnQvdXBsb2Fkcy8yMDE3LzA1L2xvZ29jY2RtZW51LnBuZyI+PGltZyBjbGFzcz0ic2l6ZS1mdWxsIHdwLWltYWdlLTMwMiBhbGlnbmNlbnRlciIgc3JjPSJodHRwOi8vY3ljbGluZ2Nvc3RhZGF1cmFkYS5jb20vd3AtY29udGVudC91cGxvYWRzLzIwMTcvMDUvbG9nb2NjZG1lbnUucG5nIiBhbHQ9IiIgd2lkdGg9IjE5NiIgaGVpZ2h0PSIxMTYiIC8+PC9hPg0KDQrCoA==', 1),
(2657, 48, 0, '2019-01-25 14:41:16', 'form_submit_button', 'base64', 1, 'SU5TQ1JJQklSTUU=', 'Qk9PSyBOT1c=', 1),
(2658, 48, 0, '2019-01-25 14:41:16', 'field-confirmation-message_Confirmación-por-defecto', 'base64', 1, 'PHAgc3R5bGU9InRleHQtYWxpZ246IGNlbnRlcjsiPjxzdHJvbmc+QmllbnZlbmlkby9hIGEgbGEgUXVlYnJhbnRhaHVlc29zIDIwMTk8L3N0cm9uZz48L3A+DQo8cCBzdHlsZT0idGV4dC1hbGlnbjogY2VudGVyOyI+wqFHcmFjaWFzIHBvciB0dSBpbnNjcmlwY2nDs24hPC9wPg0KPHAgc3R5bGU9InRleHQtYWxpZ246IGNlbnRlcjsiPlJldmlzYSBsb3MgZGF0b3MgZGUgdHUgaW5zY3JpcGNpw7NuIGVuIGVsIGNvcnJlbyBkZSBjb25maXJtYWNpw7NuLjwvcD4NCjxwIHN0eWxlPSJ0ZXh0LWFsaWduOiBjZW50ZXI7Ij5Ob3MgdmVtb3MgbXV5IHByb250by48L3A+DQo8cCBzdHlsZT0idGV4dC1hbGlnbjogY2VudGVyOyI+PGEgaHJlZj0iaHR0cDovL2N5Y2xpbmdjb3N0YWRhdXJhZGEuY29tL3dwLWNvbnRlbnQvdXBsb2Fkcy8yMDE3LzA2L2xvZ29jY2RtZW51XzEwMC5wbmciPjxpbWcgY2xhc3M9ImFsaWdubm9uZSBzaXplLWZ1bGwgd3AtaW1hZ2UtNzgwIiBzcmM9Imh0dHA6Ly9jeWNsaW5nY29zdGFkYXVyYWRhLmNvbS93cC1jb250ZW50L3VwbG9hZHMvMjAxNy8wNi9sb2dvY2NkbWVudV8xMDAucG5nIiBhbHQ9IiIgd2lkdGg9IjE2OSIgaGVpZ2h0PSIxMDAiIC8+PC9hPjwvcD4=', 'PHAgc3R5bGU9InRleHQtYWxpZ246IGNlbnRlcjsiPjxzdHJvbmc+V2VsY29tZSB0byB0aGUgUXVlYnJhbnRhaHVlc29zIDIwMTk8L3N0cm9uZz48L3A+DQo8cCBzdHlsZT0idGV4dC1hbGlnbjogY2VudGVyOyI+VGhhbmtzIGZvciB5b3VyIHJlZ2lzdHJhdGlvbiE8L3A+DQo8cCBzdHlsZT0idGV4dC1hbGlnbjogY2VudGVyOyI+Q2hlY2sgeW91ciByZWdpc3RyYXRpb24gZGV0YWlscyBpbiB0aGUgY29uZmlybWF0aW9uIGVtYWlsLjwvcD4NCjxwIHN0eWxlPSJ0ZXh0LWFsaWduOiBjZW50ZXI7Ij5TZWUgeW91IHZlcnkgc29vbi48L3A+DQo8cCBzdHlsZT0idGV4dC1hbGlnbjogY2VudGVyOyI+PGEgaHJlZj0iaHR0cDovL2N5Y2xpbmdjb3N0YWRhdXJhZGEuY29tL3dwLWNvbnRlbnQvdXBsb2Fkcy8yMDE3LzA2L2xvZ29jY2RtZW51XzEwMC5wbmciPjxpbWcgY2xhc3M9ImFsaWdubm9uZSBzaXplLWZ1bGwgd3AtaW1hZ2UtNzgwIiBzcmM9Imh0dHA6Ly9jeWNsaW5nY29zdGFkYXVyYWRhLmNvbS93cC1jb250ZW50L3VwbG9hZHMvMjAxNy8wNi9sb2dvY2NkbWVudV8xMDAucG5nIiBhbHQ9IiIgd2lkdGg9IjE2OSIgaGVpZ2h0PSIxMDAiIC8+PC9hPjwvcD4=', 1),
(2659, 48, 0, '2019-01-25 14:41:16', 'field-17-label', 'base64', 1, 'REFUT1MgUEVSU09OQUxFUw==', 'UEVSU09OQUwgREFUQQ==', 1),
(2660, 48, 0, '2019-01-25 14:41:16', 'field-1-label', 'base64', 1, 'Tm9tYnJlIGNvbXBsZXRv', 'RnVsbCBuYW1l', 1),
(2661, 48, 0, '2019-01-25 14:41:16', 'field-10-label', 'base64', 1, 'RE5J', 'SUQ=', 1),
(2662, 48, 0, '2019-01-25 14:41:16', 'field-3-label', 'base64', 1, 'RmVjaGEgZGUgbmFjaW1pZW50bw==', 'QmlydGggZGF0ZQ==', 1),
(2663, 48, 0, '2019-01-25 14:41:16', 'field-4-label', 'base64', 1, 'RS1tYWls', 'RS1tYWls', 1),
(2664, 48, 0, '2019-01-25 14:41:16', 'field-5-label', 'base64', 1, 'VGVsw6lmb25v', 'UGhvbmU=', 1),
(2665, 48, 0, '2019-01-25 14:41:16', 'field-6-label', 'base64', 1, 'RGlyZWNjacOzbg==', 'QWRyZXNz', 1),
(2666, 48, 0, '2019-01-25 14:41:16', 'address-6-customLabel-input-6.1', 'base64', 1, 'Q2FsbGUgeSBuw7ptZXJv', 'U3RyZWV0IGFuZCBudW1iZXI=', 1),
(2667, 48, 0, '2019-01-25 14:41:16', 'address-6-customLabel-input-6.3', 'base64', 1, 'Q2l1ZGFk', 'Q2l0eQ==', 1),
(2668, 48, 0, '2019-01-25 14:41:16', 'address-6-customLabel-input-6.4', 'base64', 1, 'UHJvdmluY2lh', 'UHJvdmluY2U=', 1),
(2669, 48, 0, '2019-01-25 14:41:16', 'address-6-customLabel-input-6.5', 'base64', 1, 'Q8OzZGlnbyBQb3N0YWw=', 'UG9zdGFsIENvZGU=', 1),
(2670, 48, 0, '2019-01-25 14:41:16', 'address-6-customLabel-input-6.6', 'base64', 1, 'UGHDrXM=', 'Q291bnRyeQ==', 1),
(2671, 48, 0, '2019-01-25 14:41:16', 'field-18-label', 'base64', 1, 'REFUT1MgUkVTRVJWQQ==', 'UkVTRVJWQVRJT04gREFUQQ==', 1),
(2672, 48, 0, '2019-01-25 14:41:16', 'field-7-label', 'base64', 1, 'QWxvamFtaWVudG8gZW4gSG90ZWwgQ2FzYSBOb3RhcmlvIChBc8OtbiBkZSBCcm90byk=', 'QWNjb21tb2RhdGlvbiBhdCBIb3RlbCBDYXNhIE5vdGFyaW8gKEFzw61uIGRlIEJyb3RvKQ==', 1),
(2673, 48, 0, '2019-01-25 14:41:16', 'form_description', 'base64', 1, '', '', 1),
(2674, 48, 0, '2019-01-25 14:41:16', 'field-20-label', 'base64', 1, 'Tm9tYnJlcyBkZSBsb3MgaHXDqXNwZWRlcw==', 'TmFtZXMgb2YgdGhlIGd1ZXN0cy4=', 1),
(2675, 48, 0, '2019-01-25 14:41:16', 'textarea-20-placeholder', 'base64', 1, 'Tm9tYnJlIHkgYXBlbGxpZG9z', 'TmFtZSBhbmQgU3VybmFtZXM=', 1),
(2676, 48, 0, '2019-01-25 14:41:16', 'product-7-choice-2-Habitación-triple', 'base64', 1, 'SGFiaXRhY2nDs24gdHJpcGxl', 'VHJpcGxlIHJvb20=', 1),
(2677, 48, 0, '2019-01-25 14:41:16', 'field-13-label', 'base64', 1, 'RXNjb2dlciBjYWrDs24gZGUgc2FsaWRh', 'Q2hvb3NlIGV4aXQgZHJhd2Vy', 1),
(2678, 48, 0, '2019-01-25 14:41:16', 'field-13-description', 'base64', 1, 'Q2Fqw7NuIHByZWZlcmVudGU=', 'UHJlZmVycmVkIGV4aXQgZHJhd2VyLg==', 1),
(2679, 48, 0, '2019-01-25 14:41:16', 'product-13-choice-0-Sí', 'base64', 1, 'U8Ot', 'WWVz', 1),
(2680, 48, 0, '2019-01-25 14:41:16', 'product-13-choice-0-Sí-value', 'base64', 1, 'U8Ot', 'U8Ot', 1),
(2681, 48, 0, '2019-01-25 14:41:16', 'product-13-choice-1-No', 'base64', 1, 'Tm8=', 'Tm8=', 1),
(2682, 48, 0, '2019-01-25 14:41:16', 'product-13-choice-1-No-value', 'base64', 1, 'Tm8=', 'Tm8=', 1),
(2683, 48, 0, '2019-01-25 14:41:16', 'product-7-choice-1-Habitación-doble', 'base64', 1, 'SGFiaXRhY2nDs24gZG9ibGU=', 'RG91YmxlIHJvb20=', 1),
(2684, 48, 0, '2019-01-25 14:41:16', 'product-7-choice-0-Habitación-individual-value', 'base64', 1, 'SGFiaXRhY2nDs24gaW5kaXZpZHVhbA==', 'SGFiaXRhY2nDs24gaW5kaXZpZHVhbA==', 1),
(2685, 48, 0, '2019-01-25 14:41:16', 'field-12-label', 'base64', 1, 'UHJlY2lvIHRvdGFs', 'VG90YWwgcHJpY2U=', 1),
(2686, 48, 0, '2019-01-25 14:41:16', 'product-7-choice-0-Habitación-individual', 'base64', 1, 'SGFiaXRhY2nDs24gaW5kaXZpZHVhbA==', 'U2luZ2xlIHJvb20=', 1),
(2687, 48, 0, '2019-01-25 14:41:16', 'product-7-choice-1-Habitación-doble-value', 'base64', 1, 'SGFiaXRhY2nDs24gZG9ibGU=', 'SGFiaXRhY2nDs24gZG9ibGU=', 1),
(2688, 48, 0, '2019-01-25 14:41:16', 'product-7-choice-2-Habitación-triple-value', 'base64', 1, 'SGFiaXRhY2nDs24gdHJpcGxl', 'SGFiaXRhY2nDs24gdHJpcGxl', 1),
(2689, 48, 0, '2019-01-25 14:41:16', 'product-7-choice-3-Habitación-cuádruple', 'base64', 1, 'SGFiaXRhY2nDs24gY3XDoWRydXBsZQ==', 'UXVhZHJ1cGxlIHJvb20=', 1),
(2690, 48, 0, '2019-01-25 14:41:16', 'product-7-choice-3-Habitación-cuádruple-value', 'base64', 1, 'SGFiaXRhY2nDs24gY3XDoWRydXBsZQ==', 'SGFiaXRhY2nDs24gY3XDoWRydXBsZQ==', 1);

-- --------------------------------------------------------

--
-- Estructura de tabla para la tabla `wp_icl_translate_job`
--

CREATE TABLE `wp_icl_translate_job` (
  `job_id` bigint(20) UNSIGNED NOT NULL,
  `rid` bigint(20) UNSIGNED NOT NULL,
  `translator_id` int(10) UNSIGNED NOT NULL,
  `translated` tinyint(3) UNSIGNED NOT NULL DEFAULT '0',
  `manager_id` int(10) UNSIGNED NOT NULL,
  `revision` int(10) UNSIGNED DEFAULT NULL,
  `title` varchar(160) COLLATE latin1_spanish_ci DEFAULT NULL,
  `deadline_date` datetime DEFAULT NULL,
  `completed_date` datetime DEFAULT NULL,
  `editor` varchar(16) COLLATE latin1_spanish_ci DEFAULT NULL
) ENGINE=MyISAM DEFAULT CHARSET=latin1 COLLATE=latin1_spanish_ci;

--
-- Volcado de datos para la tabla `wp_icl_translate_job`
--

INSERT INTO `wp_icl_translate_job` (`job_id`, `rid`, `translator_id`, `translated`, `manager_id`, `revision`, `title`, `deadline_date`, `completed_date`, `editor`) VALUES
(1, 1, 1, 1, 1, NULL, NULL, NULL, NULL, NULL),
(2, 2, 1, 1, 1, NULL, NULL, NULL, NULL, NULL),
(3, 3, 1, 1, 1, NULL, NULL, NULL, NULL, NULL),
(4, 4, 1, 1, 1, NULL, NULL, NULL, NULL, NULL),
(5, 5, 1, 1, 1, NULL, NULL, NULL, NULL, NULL),
(6, 6, 1, 1, 1, NULL, NULL, NULL, NULL, NULL),
(7, 7, 1, 1, 1, NULL, NULL, NULL, NULL, NULL),
(8, 8, 1, 1, 1, NULL, NULL, NULL, NULL, NULL),
(9, 9, 1, 1, 1, NULL, NULL, NULL, NULL, NULL),
(10, 10, 1, 1, 1, NULL, NULL, NULL, NULL, NULL),
(11, 11, 1, 1, 1, NULL, NULL, NULL, NULL, NULL),
(12, 12, 1, 1, 1, NULL, NULL, NULL, NULL, NULL),
(13, 13, 1, 1, 1, 1, NULL, NULL, NULL, NULL),
(14, 14, 1, 1, 1, 1, NULL, NULL, NULL, NULL),
(15, 13, 1, 1, 1, 2, NULL, NULL, NULL, NULL),
(16, 14, 1, 1, 1, 2, NULL, NULL, NULL, NULL),
(17, 13, 1, 1, 1, NULL, NULL, NULL, NULL, NULL),
(18, 14, 1, 1, 1, NULL, NULL, NULL, NULL, NULL),
(44, 179, 4, 0, 4, NULL, 'Gravity Form - Quebrantahuesos 2018', NULL, NULL, NULL),
(20, 16, 0, 0, 1, NULL, NULL, NULL, NULL, NULL),
(21, 17, 4, 1, 1, 1, NULL, NULL, '2018-11-08 18:50:56', NULL),
(22, 18, 1, 1, 1, 1, NULL, NULL, NULL, NULL),
(23, 19, 0, 0, 1, NULL, NULL, NULL, NULL, NULL),
(24, 20, 1, 1, 1, NULL, NULL, NULL, NULL, NULL),
(25, 21, 0, 0, 1, NULL, NULL, NULL, NULL, NULL),
(26, 22, 0, 0, 1, NULL, NULL, NULL, NULL, NULL),
(43, 178, 4, 0, 4, NULL, 'Gravity Form - Alquiler de bicis', NULL, NULL, NULL),
(37, 171, 0, 0, 4, NULL, 'Gravity Form - Alquiler de bicis', NULL, NULL, NULL),
(29, 82, 4, 1, 4, 1, 'Gravity Form - CAMBRIBIKE ROAD 2019', '2018-10-21 00:00:00', '2018-10-19 09:31:30', NULL),
(30, 87, 4, 1, 4, NULL, 'CAMBRI.BIKE ROAD', NULL, NULL, NULL),
(31, 82, 4, 1, 4, NULL, 'Gravity Form - CAMBRIBIKE ROAD 2019', '2018-11-05 00:00:00', '2018-11-02 07:08:45', NULL),
(32, 164, 4, 1, 4, 1, 'Estada Catalana del Cicloturisme', NULL, '2019-01-10 17:03:57', NULL),
(33, 164, 4, 1, 4, 2, 'Estada Catalana del Cicloturisme', NULL, '2019-01-10 17:10:25', NULL),
(34, 168, 4, 1, 4, 1, 'Gravity Form - Estada Catalana del Cicloturisme 2019', '2019-01-13 00:00:00', '2019-01-15 07:14:45', NULL),
(35, 17, 4, 1, 4, NULL, 'Gravity Form - Newsletter', '2019-01-18 00:00:00', '2019-01-23 09:02:45', NULL),
(36, 18, 4, 1, 4, NULL, 'Gravity Form - Newsletter', '2019-01-18 00:00:00', '2019-01-25 14:42:35', NULL),
(38, 164, 4, 1, 4, 3, 'Estada Catalana del Cicloturisme', NULL, '2019-01-15 09:25:52', NULL),
(39, 168, 4, 1, 4, 2, 'Gravity Form - Estada Catalana del Cicloturisme 2019', '2019-01-24 00:00:00', '2019-01-21 16:25:43', NULL),
(40, 174, 4, 1, 4, 1, 'Inscripción - Estada Catalana del Cicloturisme 2019', NULL, '2019-01-21 19:28:37', NULL),
(41, 164, 4, 1, 4, NULL, 'Estada Catalana del Cicloturisme', NULL, '2019-01-22 12:22:37', NULL),
(42, 174, 4, 1, 4, NULL, 'Inscripción - Estada Catalana del Cicloturisme 2019', NULL, '2019-01-22 12:24:32', NULL),
(45, 168, 4, 1, 4, 3, 'Gravity Form - Estada Catalana del Cicloturisme 2019', NULL, '2019-01-24 12:37:54', NULL),
(46, 168, 4, 1, 4, NULL, 'Gravity Form - Estada Catalana del Cicloturisme 2019', NULL, '2019-01-25 13:42:26', NULL),
(47, 181, 4, 1, 4, NULL, 'Quebrantahuesos 2019', NULL, '2019-01-25 14:17:37', NULL),
(48, 182, 4, 1, 4, NULL, 'Gravity Form - Quebrantahuesos 2019', '2019-01-28 00:00:00', '2019-01-25 14:41:16', NULL);

-- --------------------------------------------------------

--
-- Estructura de tabla para la tabla `wp_icl_translations`
--

CREATE TABLE `wp_icl_translations` (
  `translation_id` bigint(20) NOT NULL,
  `element_type` varchar(60) COLLATE latin1_spanish_ci NOT NULL DEFAULT 'post_post',
  `element_id` bigint(20) DEFAULT NULL,
  `trid` bigint(20) NOT NULL,
  `language_code` varchar(7) COLLATE latin1_spanish_ci NOT NULL,
  `source_language_code` varchar(7) COLLATE latin1_spanish_ci DEFAULT NULL
) ENGINE=MyISAM DEFAULT CHARSET=latin1 COLLATE=latin1_spanish_ci;

--
-- Volcado de datos para la tabla `wp_icl_translations`
--

INSERT INTO `wp_icl_translations` (`translation_id`, `element_type`, `element_id`, `trid`, `language_code`, `source_language_code`) VALUES
(614, 'package_gravity_form', 61, 1228, 'es', NULL),
(2, 'post_nav_menu_item', 17, 17, 'es', NULL),
(3, 'post_nav_menu_item', 18, 18, 'es', NULL),
(4, 'post_nav_menu_item', 19, 19, 'es', NULL),
(5, 'post_nav_menu_item', 107, 107, 'es', NULL),
(121, 'tax_category', 27, 778, 'ca', 'es'),
(7, 'post_nav_menu_item', 433, 433, 'es', NULL),
(8, 'post_nav_menu_item', 434, 434, 'es', NULL),
(9, 'post_nav_menu_item', 629, 629, 'es', NULL),
(90, 'post_nav_menu_item', 875, 860, 'en', NULL),
(14, 'post_nav_menu_item', 639, 639, 'es', NULL),
(15, 'post_nav_menu_item', 640, 640, 'es', NULL),
(16, 'post_nav_menu_item', 641, 641, 'es', NULL),
(119, 'package_gravity_form', 17, 874, 'es', NULL),
(18, 'post_page', 6, 6, 'es', NULL),
(19, 'post_page', 55, 55, 'es', NULL),
(20, 'post_page', 136, 136, 'es', NULL),
(21, 'post_page', 141, 141, 'es', NULL),
(22, 'post_page', 195, 195, 'es', NULL),
(23, 'post_page', 199, 199, 'es', NULL),
(24, 'post_page', 256, 256, 'es', NULL),
(25, 'post_page', 261, 261, 'es', NULL),
(26, 'post_page', 316, 316, 'es', NULL),
(27, 'post_page', 435, 435, 'es', NULL),
(28, 'post_page', 513, 513, 'es', NULL),
(29, 'post_page', 534, 534, 'en', NULL),
(30, 'post_page', 660, 660, 'es', NULL),
(31, 'post_page', 687, 687, 'en', NULL),
(32, 'post_page', 703, 703, 'es', NULL),
(33, 'post_page', 771, 771, 'es', NULL),
(34, 'post_pix_portfolio', 318, 318, 'es', NULL),
(35, 'post_pix_portfolio', 506, 506, 'es', NULL),
(36, 'post_pix_portfolio', 508, 508, 'es', NULL),
(37, 'post_pix_portfolio', 509, 509, 'es', NULL),
(38, 'post_pix_portfolio', 510, 510, 'es', NULL),
(39, 'post_pix_portfolio', 511, 511, 'es', NULL),
(40, 'post_pix_portfolio', 512, 512, 'es', NULL),
(41, 'post_pix_portfolio', 655, 655, 'es', NULL),
(42, 'post_post', 1, 1, 'es', NULL),
(189, 'post_page', 1328, 909, 'ca', NULL),
(44, 'tax_category', 1, 778, 'es', NULL),
(45, 'tax_nav_menu', 15, 794, 'es', NULL),
(46, 'tax_nav_menu', 23, 802, 'es', NULL),
(47, 'tax_product_type', 2, 805, 'es', NULL),
(48, 'tax_product_type', 3, 806, 'es', NULL),
(49, 'tax_product_type', 4, 807, 'es', NULL),
(50, 'tax_product_type', 5, 808, 'es', NULL),
(51, 'tax_product_visibility', 6, 815, 'es', NULL),
(52, 'tax_product_visibility', 7, 816, 'es', NULL),
(53, 'tax_product_visibility', 8, 817, 'es', NULL),
(54, 'tax_product_visibility', 9, 818, 'es', NULL),
(55, 'tax_product_visibility', 10, 819, 'es', NULL),
(56, 'tax_product_visibility', 11, 820, 'es', NULL),
(57, 'tax_product_visibility', 12, 821, 'es', NULL),
(58, 'tax_product_visibility', 13, 822, 'es', NULL),
(59, 'tax_product_visibility', 14, 823, 'es', NULL),
(60, 'tax_pix_categories', 16, 840, 'es', NULL),
(61, 'tax_pix_categories', 17, 841, 'es', NULL),
(62, 'tax_pix_categories', 18, 842, 'es', NULL),
(63, 'tax_pix_categories', 19, 843, 'es', NULL),
(64, 'tax_pix_categories', 20, 844, 'es', NULL),
(65, 'tax_pix_categories', 21, 845, 'es', NULL),
(66, 'tax_pix_categories', 22, 846, 'es', NULL),
(67, 'comment', 1, 848, 'es', NULL),
(68, 'tax_category', 24, 778, 'en', 'es'),
(69, 'tax_nav_menu', 25, 794, 'en', 'es'),
(71, 'package_gravity_form', 1, 849, 'es', NULL),
(73, 'package_gravity_form', 2, 850, 'es', NULL),
(75, 'package_gravity_form', 3, 851, 'es', NULL),
(77, 'package_gravity_form', 4, 852, 'es', NULL),
(79, 'package_gravity_form', 5, 853, 'es', NULL),
(80, 'post_page', 815, 534, 'es', 'en'),
(81, 'post_page', 818, 854, 'es', NULL),
(83, 'package_gravity_form', 6, 855, 'es', NULL),
(85, 'package_gravity_form', 7, 856, 'es', NULL),
(86, 'post_page', 839, 857, 'es', NULL),
(88, 'package_gravity_form', 8, 858, 'es', NULL),
(91, 'post_nav_menu_item', 876, 862, 'en', 'es'),
(92, 'tax_nav_menu', 26, 802, 'en', 'es'),
(93, 'post_nav_menu_item', 877, 17, 'en', 'es'),
(94, 'post_nav_menu_item', 878, 18, 'en', 'es'),
(95, 'post_nav_menu_item', 879, 19, 'en', 'es'),
(96, 'post_nav_menu_item', 880, 107, 'en', 'es'),
(109, 'package_gravity_form', 13, 867, 'es', NULL),
(186, 'package_gravity_form', 31, 906, 'es', NULL),
(99, 'post_nav_menu_item', 883, 862, 'es', NULL),
(100, 'post_page', 884, 6, 'en', 'es'),
(162, 'package_gravity_form', 24, 897, 'es', NULL),
(520, 'post_page', 891, 1179, 'en', NULL),
(107, 'post_nav_menu_item', 906, 866, 'es', NULL),
(106, 'post_nav_menu_item', 897, 865, 'es', NULL),
(110, 'post_page', 910, 868, 'en', NULL),
(111, 'post_page', 907, 869, 'ca', NULL),
(113, 'package_gravity_form', 15, 870, 'es', NULL),
(115, 'package_gravity_form', 16, 871, 'es', NULL),
(116, 'post_page', 952, 872, 'en', NULL),
(117, 'post_nav_menu_item', 1014, 873, 'en', NULL),
(120, 'post_page', 1047, 875, 'en', NULL),
(123, 'post_nav_menu_item', 632, 877, 'es', NULL),
(124, 'tax_nav_menu', 28, 794, 'ca', 'es'),
(625, 'post_attachment', 1715, 1238, 'ca', 'en'),
(126, 'tax_nav_menu', 29, 802, 'ca', 'es'),
(127, 'post_nav_menu_item', 1064, 17, 'ca', 'es'),
(128, 'post_nav_menu_item', 1065, 18, 'ca', 'es'),
(129, 'post_nav_menu_item', 1066, 19, 'ca', 'es'),
(130, 'post_nav_menu_item', 1067, 107, 'ca', 'es'),
(131, 'post_nav_menu_item', 1068, 638, 'ca', NULL),
(198, 'post_page', 1376, 916, 'en', NULL),
(132, 'post_nav_menu_item', 1069, 631, 'ca', 'es'),
(133, 'post_nav_menu_item', 1070, 879, 'es', NULL),
(134, 'post_page', 1071, 6, 'ca', 'es'),
(136, 'post_nav_menu_item', 1075, 881, 'ca', NULL),
(137, 'post_nav_menu_item', 1076, 882, 'ca', NULL),
(138, 'post_nav_menu_item', 1077, 883, 'ca', NULL),
(139, 'post_nav_menu_item', 1078, 884, 'ca', NULL),
(140, 'post_page', 1086, 885, 'es', NULL),
(141, 'post_page', 1087, 886, 'es', NULL),
(142, 'post_page', 1089, 869, 'es', 'ca'),
(200, 'package_gravity_form', 36, 917, 'es', NULL),
(145, 'package_gravity_form', 22, 888, 'es', NULL),
(146, 'post_page', 1120, 889, 'es', NULL),
(147, 'post_page', 1138, 869, 'en', 'ca'),
(149, 'post_page', 1144, 256, 'en', 'es'),
(150, 'post_page', 1150, 261, 'en', 'es'),
(151, 'post_page', 1156, 435, 'en', 'es'),
(152, 'post_page', 1163, 660, 'en', 'es'),
(153, 'post_page', 1166, 889, 'en', 'es'),
(154, 'post_page', 1168, 513, 'en', 'es'),
(155, 'post_nav_menu_item', 1170, 891, 'en', NULL),
(156, 'post_nav_menu_item', 1171, 892, 'en', NULL),
(157, 'post_nav_menu_item', 1172, 893, 'en', NULL),
(158, 'post_nav_menu_item', 1173, 894, 'en', NULL),
(159, 'post_nav_menu_item', 1174, 895, 'en', NULL),
(160, 'post_nav_menu_item', 1175, 896, 'en', NULL),
(163, 'post_page', 1181, 898, 'es', NULL),
(165, 'package_gravity_form', 27, 899, 'es', NULL),
(166, 'post_page', 1208, 900, 'es', NULL),
(187, 'post_page', 1304, 907, 'es', NULL),
(169, 'package_gravity_form', 28, 902, 'es', NULL),
(170, 'package_gravity_form', NULL, 902, 'ca', 'es'),
(171, 'package_gravity_form', NULL, 902, 'en', 'es'),
(172, 'post_page', 1233, 903, 'es', NULL),
(173, 'package_gravity_form', NULL, 849, 'ca', 'es'),
(174, 'package_gravity_form', NULL, 849, 'en', 'es'),
(175, 'package_gravity_form', NULL, 850, 'ca', 'es'),
(176, 'package_gravity_form', NULL, 850, 'en', 'es'),
(177, 'package_gravity_form', NULL, 851, 'ca', 'es'),
(178, 'package_gravity_form', NULL, 851, 'en', 'es'),
(179, 'package_gravity_form', NULL, 852, 'ca', 'es'),
(180, 'package_gravity_form', NULL, 852, 'en', 'es'),
(181, 'package_gravity_form', NULL, 858, 'ca', 'es'),
(182, 'package_gravity_form', NULL, 858, 'en', 'es'),
(183, 'post_page', 1272, 904, 'es', NULL),
(191, 'package_gravity_form', 33, 910, 'es', NULL),
(195, 'package_gravity_form', 34, 913, 'es', NULL),
(196, 'post_page', 1355, 914, 'es', NULL),
(197, 'post_page', 1362, 915, 'es', NULL),
(202, 'package_gravity_form', 37, 918, 'es', NULL),
(204, 'package_gravity_form', 38, 919, 'es', NULL),
(205, 'post_page', 1391, 920, 'en', NULL),
(207, 'package_gravity_form', 39, 921, 'es', NULL),
(209, 'package_gravity_form', 40, 922, 'es', NULL),
(211, 'package_gravity_form', 41, 923, 'es', NULL),
(212, 'post_page', 1403, 924, 'es', NULL),
(214, 'package_gravity_form', 42, 925, 'es', NULL),
(215, 'post_page', 1406, 926, 'en', NULL),
(216, 'tax_translation_priority', 30, 927, 'es', NULL),
(217, 'tax_translation_priority', 31, 927, 'ca', 'es'),
(218, 'tax_translation_priority', 32, 927, 'en', 'es'),
(219, 'tax_translation_priority', 33, 928, 'es', NULL),
(220, 'tax_translation_priority', 34, 928, 'ca', 'es'),
(221, 'tax_translation_priority', 35, 928, 'en', 'es'),
(222, 'tax_translation_priority', 36, 929, 'es', NULL),
(223, 'tax_translation_priority', 37, 929, 'ca', 'es'),
(224, 'tax_translation_priority', 38, 929, 'en', 'es'),
(225, 'post_attachment', 10, 930, 'es', NULL),
(226, 'post_attachment', 12, 931, 'es', NULL),
(227, 'post_attachment', 33, 932, 'es', NULL),
(228, 'post_attachment', 34, 933, 'es', NULL),
(229, 'post_attachment', 35, 934, 'es', NULL),
(230, 'post_attachment', 36, 935, 'es', NULL),
(231, 'post_attachment', 38, 936, 'es', NULL),
(232, 'post_attachment', 40, 937, 'es', NULL),
(233, 'post_attachment', 41, 938, 'es', NULL),
(234, 'post_attachment', 44, 939, 'es', NULL),
(235, 'post_attachment', 45, 940, 'es', NULL),
(236, 'post_attachment', 46, 941, 'es', NULL),
(237, 'post_attachment', 53, 942, 'es', NULL),
(238, 'post_attachment', 54, 943, 'es', NULL),
(239, 'post_attachment', 56, 944, 'es', NULL),
(240, 'post_attachment', 64, 945, 'es', NULL),
(241, 'post_attachment', 71, 946, 'es', NULL),
(242, 'post_attachment', 72, 947, 'es', NULL),
(243, 'post_attachment', 91, 948, 'es', NULL),
(244, 'post_attachment', 94, 949, 'es', NULL),
(245, 'post_attachment', 98, 950, 'es', NULL),
(246, 'post_attachment', 102, 951, 'es', NULL),
(247, 'post_attachment', 103, 952, 'es', NULL),
(248, 'post_attachment', 119, 953, 'es', NULL),
(249, 'post_attachment', 121, 954, 'es', NULL),
(250, 'post_attachment', 123, 955, 'es', NULL),
(251, 'post_attachment', 173, 956, 'es', NULL),
(252, 'post_attachment', 175, 957, 'es', NULL),
(253, 'post_attachment', 206, 958, 'es', NULL),
(254, 'post_attachment', 210, 959, 'es', NULL),
(255, 'post_attachment', 227, 960, 'es', NULL),
(256, 'post_attachment', 232, 961, 'es', NULL),
(257, 'post_attachment', 250, 962, 'es', NULL),
(258, 'post_attachment', 251, 963, 'es', NULL),
(259, 'post_attachment', 252, 964, 'es', NULL),
(260, 'post_attachment', 259, 965, 'es', NULL),
(261, 'post_attachment', 274, 966, 'es', NULL),
(262, 'post_attachment', 286, 967, 'es', NULL),
(263, 'post_attachment', 289, 968, 'es', NULL),
(264, 'post_attachment', 292, 969, 'es', NULL),
(265, 'post_attachment', 302, 970, 'es', NULL),
(266, 'post_attachment', 303, 971, 'es', NULL),
(267, 'post_attachment', 305, 972, 'es', NULL),
(268, 'post_attachment', 307, 973, 'es', NULL),
(269, 'post_attachment', 323, 974, 'es', NULL),
(270, 'post_attachment', 325, 975, 'es', NULL),
(271, 'post_attachment', 326, 976, 'es', NULL),
(272, 'post_attachment', 327, 977, 'es', NULL),
(273, 'post_attachment', 329, 978, 'es', NULL),
(274, 'post_attachment', 359, 979, 'es', NULL),
(275, 'post_attachment', 365, 980, 'es', NULL),
(276, 'post_attachment', 368, 981, 'es', NULL),
(277, 'post_attachment', 369, 982, 'es', NULL),
(278, 'post_attachment', 370, 983, 'es', NULL),
(279, 'post_attachment', 372, 984, 'es', NULL),
(280, 'post_attachment', 385, 985, 'es', NULL),
(281, 'post_attachment', 394, 986, 'es', NULL),
(282, 'post_attachment', 409, 987, 'es', NULL),
(283, 'post_attachment', 413, 988, 'es', NULL),
(284, 'post_attachment', 418, 989, 'es', NULL),
(285, 'post_attachment', 427, 990, 'es', NULL),
(286, 'post_attachment', 437, 991, 'es', NULL),
(287, 'post_attachment', 442, 992, 'es', NULL),
(288, 'post_attachment', 443, 993, 'es', NULL),
(289, 'post_attachment', 444, 994, 'es', NULL),
(290, 'post_attachment', 445, 995, 'es', NULL),
(291, 'post_attachment', 452, 996, 'es', NULL),
(292, 'post_attachment', 454, 997, 'es', NULL),
(293, 'post_attachment', 455, 998, 'es', NULL),
(294, 'post_attachment', 457, 999, 'es', NULL),
(295, 'post_attachment', 459, 1000, 'es', NULL),
(296, 'post_attachment', 501, 1001, 'es', NULL),
(297, 'post_attachment', 503, 1002, 'es', NULL),
(298, 'post_attachment', 504, 1003, 'es', NULL),
(299, 'post_attachment', 505, 1004, 'es', NULL),
(300, 'post_attachment', 507, 1005, 'es', NULL),
(301, 'post_attachment', 537, 1006, 'es', NULL),
(302, 'post_attachment', 550, 1007, 'es', NULL),
(303, 'post_attachment', 562, 1008, 'es', NULL),
(304, 'post_attachment', 564, 1009, 'es', NULL),
(305, 'post_attachment', 565, 1010, 'es', NULL),
(306, 'post_attachment', 566, 1011, 'es', NULL),
(307, 'post_attachment', 568, 1012, 'es', NULL),
(308, 'post_attachment', 578, 1013, 'es', NULL),
(309, 'post_attachment', 614, 1014, 'es', NULL),
(310, 'post_attachment', 616, 1015, 'es', NULL),
(311, 'post_attachment', 617, 1016, 'es', NULL),
(312, 'post_attachment', 618, 1017, 'es', NULL),
(313, 'post_attachment', 624, 1018, 'es', NULL),
(314, 'post_attachment', 656, 1019, 'es', NULL),
(315, 'post_attachment', 658, 1020, 'es', NULL),
(316, 'post_attachment', 661, 1021, 'es', NULL),
(317, 'post_attachment', 665, 1022, 'es', NULL),
(318, 'post_attachment', 674, 1023, 'es', NULL),
(319, 'post_attachment', 677, 1024, 'es', NULL),
(320, 'post_attachment', 689, 1025, 'es', NULL),
(321, 'post_attachment', 691, 1026, 'es', NULL),
(322, 'post_attachment', 694, 1027, 'es', NULL),
(323, 'post_attachment', 717, 1028, 'es', NULL),
(324, 'post_attachment', 721, 1029, 'es', NULL),
(325, 'post_attachment', 722, 1030, 'es', NULL),
(326, 'post_attachment', 725, 1031, 'es', NULL),
(327, 'post_attachment', 726, 1032, 'es', NULL),
(328, 'post_attachment', 727, 1033, 'es', NULL),
(329, 'post_attachment', 732, 1034, 'es', NULL),
(330, 'post_attachment', 733, 1035, 'es', NULL),
(331, 'post_attachment', 735, 1036, 'es', NULL),
(332, 'post_attachment', 736, 1037, 'es', NULL),
(333, 'post_attachment', 737, 1038, 'es', NULL),
(334, 'post_attachment', 744, 1039, 'es', NULL),
(335, 'post_attachment', 746, 1040, 'es', NULL),
(336, 'post_attachment', 747, 1041, 'es', NULL),
(337, 'post_attachment', 749, 1042, 'es', NULL),
(338, 'post_attachment', 750, 1043, 'es', NULL),
(339, 'post_attachment', 753, 1044, 'es', NULL),
(340, 'post_attachment', 754, 1045, 'es', NULL),
(341, 'post_attachment', 777, 1046, 'es', NULL),
(342, 'post_attachment', 779, 1047, 'es', NULL),
(343, 'post_attachment', 780, 1048, 'es', NULL),
(344, 'post_attachment', 784, 1049, 'es', NULL),
(345, 'post_attachment', 785, 1050, 'es', NULL),
(346, 'post_attachment', 786, 1051, 'es', NULL),
(347, 'post_attachment', 788, 1052, 'es', NULL),
(348, 'post_attachment', 793, 1053, 'es', NULL),
(349, 'post_attachment', 808, 1054, 'es', NULL),
(350, 'post_attachment', 819, 1055, 'es', NULL),
(351, 'post_attachment', 820, 1056, 'es', NULL),
(352, 'post_attachment', 821, 1057, 'es', NULL),
(353, 'post_attachment', 822, 1058, 'es', NULL),
(354, 'post_attachment', 825, 1059, 'es', NULL),
(355, 'post_attachment', 832, 1060, 'es', NULL),
(356, 'post_attachment', 833, 1061, 'es', NULL),
(357, 'post_attachment', 834, 1062, 'es', NULL),
(358, 'post_attachment', 844, 1063, 'es', NULL),
(359, 'post_attachment', 850, 1064, 'es', NULL),
(360, 'post_attachment', 853, 1065, 'es', NULL),
(361, 'post_attachment', 855, 1066, 'es', NULL),
(362, 'post_attachment', 863, 1067, 'es', NULL),
(363, 'post_attachment', 871, 1068, 'es', NULL),
(364, 'post_attachment', 886, 1069, 'es', NULL),
(365, 'post_attachment', 898, 1070, 'es', NULL),
(366, 'post_attachment', 900, 1071, 'es', NULL),
(367, 'post_attachment', 901, 1072, 'es', NULL),
(368, 'post_attachment', 902, 1073, 'es', NULL),
(369, 'post_attachment', 908, 1074, 'es', NULL),
(370, 'post_attachment', 923, 1075, 'es', NULL),
(371, 'post_attachment', 925, 1076, 'es', NULL),
(372, 'post_attachment', 926, 1077, 'es', NULL),
(373, 'post_attachment', 928, 1078, 'es', NULL),
(374, 'post_attachment', 931, 1079, 'es', NULL),
(375, 'post_attachment', 932, 1080, 'es', NULL),
(376, 'post_attachment', 934, 1081, 'es', NULL),
(377, 'post_attachment', 938, 1082, 'es', NULL),
(378, 'post_attachment', 939, 1083, 'es', NULL),
(379, 'post_attachment', 940, 1084, 'es', NULL),
(380, 'post_attachment', 959, 1085, 'es', NULL),
(381, 'post_attachment', 960, 1086, 'es', NULL),
(382, 'post_attachment', 961, 1087, 'es', NULL),
(383, 'post_attachment', 962, 1088, 'es', NULL),
(384, 'post_attachment', 963, 1089, 'es', NULL),
(385, 'post_attachment', 976, 1090, 'es', NULL),
(386, 'post_attachment', 987, 1091, 'es', NULL),
(387, 'post_attachment', 990, 1092, 'es', NULL),
(388, 'post_attachment', 991, 1093, 'es', NULL),
(389, 'post_attachment', 992, 1094, 'es', NULL),
(390, 'post_attachment', 993, 1095, 'es', NULL),
(391, 'post_attachment', 999, 1096, 'es', NULL),
(392, 'post_attachment', 1001, 1097, 'es', NULL),
(393, 'post_attachment', 1022, 1098, 'es', NULL),
(394, 'post_attachment', 1027, 1099, 'es', NULL),
(395, 'post_attachment', 1028, 1100, 'es', NULL),
(396, 'post_attachment', 1029, 1101, 'es', NULL),
(397, 'post_attachment', 1030, 1102, 'es', NULL),
(398, 'post_attachment', 1031, 1103, 'es', NULL),
(399, 'post_attachment', 1032, 1104, 'es', NULL),
(400, 'post_attachment', 1033, 1105, 'es', NULL),
(401, 'post_attachment', 1034, 1106, 'es', NULL),
(402, 'post_attachment', 1035, 1107, 'es', NULL),
(403, 'post_attachment', 1036, 1108, 'es', NULL),
(404, 'post_attachment', 1037, 1109, 'es', NULL),
(405, 'post_attachment', 1038, 1110, 'es', NULL),
(406, 'post_attachment', 1040, 1111, 'es', NULL),
(407, 'post_attachment', 1041, 1112, 'es', NULL),
(408, 'post_attachment', 1042, 1113, 'es', NULL),
(409, 'post_attachment', 1043, 1114, 'es', NULL),
(410, 'post_attachment', 1044, 1115, 'es', NULL),
(411, 'post_attachment', 1045, 1116, 'es', NULL),
(412, 'post_attachment', 1059, 1117, 'es', NULL),
(413, 'post_attachment', 1060, 1118, 'es', NULL),
(414, 'post_attachment', 1082, 1119, 'es', NULL),
(415, 'post_attachment', 1083, 1120, 'es', NULL),
(416, 'post_attachment', 1103, 1121, 'es', NULL),
(417, 'post_attachment', 1105, 1122, 'es', NULL),
(418, 'post_attachment', 1106, 1123, 'es', NULL),
(419, 'post_attachment', 1107, 1124, 'es', NULL),
(420, 'post_attachment', 1109, 1125, 'es', NULL),
(421, 'post_attachment', 1110, 1126, 'es', NULL),
(422, 'post_attachment', 1111, 1127, 'es', NULL),
(423, 'post_attachment', 1112, 1128, 'es', NULL),
(424, 'post_attachment', 1130, 1129, 'es', NULL),
(425, 'post_attachment', 1133, 1130, 'es', NULL),
(426, 'post_attachment', 1186, 1131, 'es', NULL),
(427, 'post_attachment', 1188, 1132, 'es', NULL),
(428, 'post_attachment', 1189, 1133, 'es', NULL),
(429, 'post_attachment', 1190, 1134, 'es', NULL),
(430, 'post_attachment', 1191, 1135, 'es', NULL),
(431, 'post_attachment', 1195, 1136, 'es', NULL),
(432, 'post_attachment', 1196, 1137, 'es', NULL),
(433, 'post_attachment', 1197, 1138, 'es', NULL),
(434, 'post_attachment', 1198, 1139, 'es', NULL),
(435, 'post_attachment', 1199, 1140, 'es', NULL),
(436, 'post_attachment', 1200, 1141, 'es', NULL),
(437, 'post_attachment', 1201, 1142, 'es', NULL),
(438, 'post_attachment', 1206, 1143, 'es', NULL),
(439, 'post_attachment', 1210, 1144, 'es', NULL),
(440, 'post_attachment', 1211, 1145, 'es', NULL),
(441, 'post_attachment', 1212, 1146, 'es', NULL),
(442, 'post_attachment', 1265, 1147, 'es', NULL),
(443, 'post_attachment', 1276, 1148, 'es', NULL),
(444, 'post_attachment', 1290, 1149, 'es', NULL),
(445, 'post_attachment', 1291, 1150, 'es', NULL),
(446, 'post_attachment', 1292, 1151, 'es', NULL),
(447, 'post_attachment', 1293, 1152, 'es', NULL),
(448, 'post_attachment', 1294, 1153, 'es', NULL),
(449, 'post_attachment', 1296, 1154, 'es', NULL),
(450, 'post_attachment', 1297, 1155, 'es', NULL),
(451, 'post_attachment', 1298, 1156, 'es', NULL),
(452, 'post_attachment', 1299, 1157, 'es', NULL),
(453, 'post_attachment', 1300, 1158, 'es', NULL),
(454, 'post_attachment', 1301, 1159, 'es', NULL),
(455, 'post_attachment', 1302, 1160, 'es', NULL),
(456, 'post_attachment', 1303, 1161, 'es', NULL),
(457, 'post_attachment', 1317, 1162, 'es', NULL),
(458, 'post_attachment', 1318, 1163, 'es', NULL),
(459, 'post_attachment', 1319, 1164, 'es', NULL),
(460, 'post_attachment', 1334, 1165, 'es', NULL),
(461, 'post_attachment', 1337, 1166, 'es', NULL),
(462, 'post_attachment', 1372, 1167, 'es', NULL),
(463, 'post_attachment', 1374, 1168, 'es', NULL),
(464, 'post_attachment', 1377, 1169, 'es', NULL),
(465, 'post_attachment', 1380, 1170, 'es', NULL),
(466, 'post_attachment', 1382, 1171, 'es', NULL),
(467, 'post_attachment', 1395, 1172, 'es', NULL),
(468, 'package_page-builder-shortcode-strings', 21, 1173, 'es', NULL),
(469, 'package_page-builder-shortcode-strings', 11, 1174, 'es', NULL),
(471, 'package_gravity_form', 44, 1175, 'es', NULL),
(474, 'post_attachment', 1427, 1006, 'ca', 'es'),
(475, 'post_attachment', 1428, 1006, 'en', 'es'),
(478, 'post_attachment', 1431, 1007, 'ca', 'es'),
(479, 'post_attachment', 1432, 1007, 'en', 'es'),
(482, 'post_attachment', 1435, 1008, 'ca', 'es'),
(483, 'post_attachment', 1436, 1008, 'en', 'es'),
(486, 'post_attachment', 1439, 1009, 'ca', 'es'),
(487, 'post_attachment', 1440, 1009, 'en', 'es'),
(490, 'post_attachment', 1443, 1010, 'ca', 'es'),
(491, 'post_attachment', 1444, 1010, 'en', 'es'),
(494, 'post_attachment', 1447, 1011, 'ca', 'es'),
(495, 'post_attachment', 1448, 1011, 'en', 'es'),
(498, 'post_attachment', 1451, 1012, 'ca', 'es'),
(499, 'post_attachment', 1452, 1012, 'en', 'es'),
(502, 'post_attachment', 1455, 1013, 'ca', 'es'),
(503, 'post_attachment', 1456, 1013, 'en', 'es'),
(504, 'post_attachment', 1457, 1055, 'ca', 'es'),
(505, 'post_attachment', 1458, 1055, 'en', 'es'),
(506, 'post_attachment', 1459, 1056, 'ca', 'es'),
(507, 'post_attachment', 1460, 1056, 'en', 'es'),
(508, 'post_attachment', 1461, 1057, 'ca', 'es'),
(509, 'post_attachment', 1462, 1057, 'en', 'es'),
(510, 'post_attachment', 1463, 1058, 'ca', 'es'),
(511, 'post_attachment', 1464, 1058, 'en', 'es'),
(512, 'post_attachment', 1465, 1059, 'ca', 'es'),
(513, 'post_attachment', 1466, 1059, 'en', 'es'),
(514, 'post_attachment', 1467, 1068, 'ca', 'es'),
(515, 'post_attachment', 1468, 1068, 'en', 'es'),
(517, 'package_gravity_form', 45, 1176, 'es', NULL),
(518, 'post_page', 1471, 1177, 'en', NULL),
(519, 'package_page-builder-shortcode-strings', 10, 1178, 'es', NULL),
(522, 'package_page-builder-shortcode-strings', 46, 1180, 'es', NULL),
(523, 'package_page-builder-shortcode-strings', 25, 1181, 'es', NULL),
(524, 'post_page', 1492, 1182, 'en', NULL),
(526, 'package_page-builder-shortcode-strings', 47, 1183, 'es', NULL),
(527, 'post_attachment', 1495, 1184, 'en', NULL),
(528, 'post_attachment', 1496, 1184, 'ca', 'en'),
(529, 'post_attachment', 1497, 1184, 'es', 'en'),
(530, 'post_attachment', 1506, 1185, 'en', NULL),
(531, 'post_attachment', 1507, 1185, 'ca', 'en'),
(532, 'post_attachment', 1508, 1185, 'es', 'en'),
(533, 'post_attachment', 1509, 1186, 'en', NULL),
(534, 'post_attachment', 1510, 1186, 'ca', 'en'),
(535, 'post_attachment', 1511, 1186, 'es', 'en'),
(536, 'post_attachment', 1512, 1187, 'en', NULL),
(537, 'post_attachment', 1513, 1187, 'ca', 'en'),
(538, 'post_attachment', 1514, 1187, 'es', 'en'),
(612, 'post_nav_menu_item', 1702, 1227, 'es', NULL),
(541, 'package_gravity_form', 48, 1189, 'es', NULL),
(542, 'post_page', 1526, 1190, 'en', NULL),
(544, 'package_gravity_form', 49, 1191, 'es', NULL),
(545, 'post_page', 1528, 1192, 'en', NULL),
(547, 'package_gravity_form', 50, 1193, 'es', NULL),
(548, 'post_page', 1532, 1194, 'en', NULL),
(550, 'package_gravity_form', 51, 1195, 'es', NULL),
(551, 'post_page', 1535, 1196, 'en', NULL),
(553, 'package_gravity_form', 52, 1197, 'es', NULL),
(554, 'post_page', 1542, 1198, 'en', NULL),
(556, 'package_gravity_form', 53, 1199, 'es', NULL),
(557, 'post_page', 1545, 1200, 'en', NULL),
(558, 'post_page', 1547, 1201, 'en', NULL),
(559, 'post_page', 1551, 1202, 'ca', NULL),
(560, 'post_page', 1552, 1202, 'en', 'es'),
(562, 'package_page-builder-shortcode-strings', 54, 1203, 'es', NULL),
(564, 'package_gravity_form', 55, 1204, 'es', NULL),
(565, 'post_attachment', 1559, 1205, 'ca', NULL),
(566, 'post_attachment', 1560, 1205, 'en', 'ca'),
(567, 'post_attachment', 1561, 1205, 'es', 'ca'),
(568, 'post_attachment', 1562, 1206, 'ca', NULL),
(569, 'post_attachment', 1563, 1206, 'en', 'ca'),
(570, 'post_attachment', 1564, 1206, 'es', 'ca'),
(571, 'package_gravity_form', NULL, 1204, 'ca', 'es'),
(572, 'post_attachment', 1565, 1207, 'ca', NULL),
(573, 'post_attachment', 1566, 1207, 'en', 'ca'),
(574, 'post_attachment', 1567, 1207, 'es', 'ca'),
(575, 'post_attachment', 1568, 1208, 'ca', NULL),
(576, 'post_attachment', 1569, 1208, 'en', 'ca'),
(577, 'post_attachment', 1570, 1208, 'es', 'ca'),
(578, 'post_page', 1576, 1202, 'es', 'ca'),
(624, 'post_attachment', 1714, 1238, 'en', NULL),
(582, 'package_gravity_form', 56, 1211, 'es', NULL),
(583, 'post_page', 1583, 1212, 'es', NULL),
(585, 'package_page-builder-shortcode-strings', 57, 1213, 'es', NULL),
(586, 'post_page', 1588, 1214, 'en', NULL),
(587, 'package_page-builder-shortcode-strings', 30, 1215, 'es', NULL),
(588, 'post_attachment', 1592, 1216, 'es', NULL),
(589, 'post_attachment', 1593, 1216, 'ca', 'es'),
(590, 'post_attachment', 1594, 1216, 'en', 'es'),
(591, 'post_attachment', 1595, 1217, 'es', NULL),
(592, 'post_attachment', 1596, 1217, 'ca', 'es'),
(593, 'post_attachment', 1597, 1217, 'en', 'es'),
(594, 'post_attachment', 1598, 1218, 'es', NULL),
(595, 'post_attachment', 1599, 1218, 'ca', 'es'),
(596, 'post_attachment', 1600, 1218, 'en', 'es'),
(597, 'post_attachment', 1601, 1219, 'es', NULL),
(598, 'post_attachment', 1602, 1219, 'ca', 'es'),
(599, 'post_attachment', 1603, 1219, 'en', 'es'),
(601, 'package_gravity_form', 58, 1220, 'es', NULL),
(603, 'package_gravity_form', 59, 1221, 'es', NULL),
(604, 'post_page', 1612, 1222, 'es', NULL),
(606, 'package_page-builder-shortcode-strings', 60, 1223, 'es', NULL),
(607, 'post_attachment', 1696, 1224, 'es', NULL),
(608, 'post_attachment', 1697, 1224, 'ca', 'es'),
(609, 'post_attachment', 1698, 1224, 'en', 'es'),
(615, 'post_nav_menu_item', 1703, 1229, 'en', NULL),
(611, 'post_nav_menu_item', 1701, 1226, 'es', NULL),
(631, 'post_nav_menu_item', 1723, 1242, 'es', NULL),
(617, 'post_nav_menu_item', 1705, 1231, 'es', NULL),
(618, 'post_nav_menu_item', 1706, 1232, 'ca', NULL),
(619, 'post_nav_menu_item', 1707, 1233, 'ca', NULL),
(620, 'post_nav_menu_item', 1708, 1234, 'ca', NULL),
(621, 'post_nav_menu_item', 1709, 1235, 'ca', NULL),
(622, 'post_nav_menu_item', 1710, 1236, 'ca', NULL),
(623, 'post_nav_menu_item', 1711, 1237, 'ca', NULL),
(626, 'post_attachment', 1716, 1238, 'es', 'en'),
(627, 'post_page', 1718, 1239, 'en', NULL),
(629, 'package_page-builder-shortcode-strings', 62, 1240, 'es', NULL),
(630, 'post_nav_menu_item', 1722, 1241, 'en', NULL),
(632, 'post_nav_menu_item', 1724, 1243, 'es', NULL),
(633, 'package_page-builder-shortcode-strings', 9, 1244, 'es', NULL),
(634, 'post_attachment', 1726, 1245, 'es', NULL),
(635, 'post_attachment', 1727, 1245, 'ca', 'es'),
(636, 'post_attachment', 1728, 1245, 'en', 'es'),
(637, 'post_attachment', 1729, 1246, 'es', NULL),
(638, 'post_attachment', 1730, 1246, 'ca', 'es'),
(639, 'post_attachment', 1731, 1246, 'en', 'es'),
(640, 'post_attachment', 1732, 1247, 'es', NULL),
(641, 'post_attachment', 1733, 1247, 'ca', 'es'),
(642, 'post_attachment', 1734, 1247, 'en', 'es'),
(643, 'post_attachment', 1735, 1248, 'es', NULL),
(644, 'post_attachment', 1736, 1248, 'ca', 'es'),
(645, 'post_attachment', 1737, 1248, 'en', 'es'),
(646, 'post_attachment', 1740, 930, 'ca', 'es'),
(647, 'post_attachment', 1741, 931, 'ca', 'es'),
(648, 'post_attachment', 1742, 936, 'ca', 'es'),
(649, 'post_attachment', 1743, 937, 'ca', 'es'),
(650, 'post_attachment', 1744, 938, 'ca', 'es'),
(651, 'post_attachment', 1745, 939, 'ca', 'es'),
(652, 'post_attachment', 1746, 940, 'ca', 'es'),
(653, 'post_attachment', 1747, 941, 'ca', 'es'),
(654, 'post_attachment', 1748, 948, 'ca', 'es'),
(655, 'post_attachment', 1749, 949, 'ca', 'es'),
(656, 'post_attachment', 1750, 950, 'ca', 'es'),
(657, 'post_attachment', 1751, 951, 'ca', 'es'),
(658, 'post_attachment', 1752, 952, 'ca', 'es'),
(659, 'post_attachment', 1753, 1014, 'ca', 'es'),
(660, 'post_attachment', 1754, 1015, 'ca', 'es'),
(661, 'post_attachment', 1755, 1016, 'ca', 'es'),
(662, 'post_attachment', 1756, 1017, 'ca', 'es'),
(663, 'post_attachment', 1757, 1018, 'ca', 'es'),
(664, 'post_attachment', 1758, 1024, 'ca', 'es'),
(665, 'post_attachment', 1759, 1054, 'ca', 'es'),
(666, 'post_attachment', 1760, 1070, 'ca', 'es'),
(667, 'post_attachment', 1761, 1071, 'ca', 'es'),
(668, 'post_attachment', 1762, 1072, 'ca', 'es'),
(669, 'post_attachment', 1763, 1073, 'ca', 'es'),
(670, 'post_attachment', 1765, 1249, 'es', NULL),
(671, 'post_attachment', 1766, 1249, 'ca', 'es'),
(672, 'post_attachment', 1767, 1249, 'en', 'es'),
(673, 'post_attachment', 1772, 930, 'en', 'es'),
(674, 'post_attachment', 1773, 931, 'en', 'es'),
(675, 'post_attachment', 1774, 936, 'en', 'es'),
(676, 'post_attachment', 1775, 937, 'en', 'es'),
(677, 'post_attachment', 1776, 938, 'en', 'es'),
(678, 'post_attachment', 1777, 939, 'en', 'es'),
(679, 'post_attachment', 1778, 940, 'en', 'es'),
(680, 'post_attachment', 1779, 941, 'en', 'es'),
(681, 'post_attachment', 1780, 948, 'en', 'es'),
(682, 'post_attachment', 1781, 949, 'en', 'es'),
(683, 'post_attachment', 1782, 950, 'en', 'es'),
(684, 'post_attachment', 1783, 951, 'en', 'es'),
(685, 'post_attachment', 1784, 952, 'en', 'es'),
(686, 'post_attachment', 1785, 1014, 'en', 'es'),
(687, 'post_attachment', 1786, 1015, 'en', 'es'),
(688, 'post_attachment', 1787, 1016, 'en', 'es'),
(689, 'post_attachment', 1788, 1017, 'en', 'es'),
(690, 'post_attachment', 1789, 1018, 'en', 'es'),
(691, 'post_attachment', 1790, 1024, 'en', 'es'),
(692, 'post_attachment', 1791, 1054, 'en', 'es'),
(693, 'post_attachment', 1792, 1070, 'en', 'es'),
(694, 'post_attachment', 1793, 1071, 'en', 'es'),
(695, 'post_attachment', 1794, 1072, 'en', 'es'),
(696, 'post_attachment', 1795, 1073, 'en', 'es'),
(697, 'post_attachment', 1797, 1250, 'es', NULL),
(698, 'post_attachment', 1798, 1250, 'ca', 'es'),
(699, 'post_attachment', 1799, 1250, 'en', 'es'),
(700, 'post_attachment', 1800, 1251, 'es', NULL),
(701, 'post_attachment', 1801, 1251, 'ca', 'es'),
(702, 'post_attachment', 1802, 1251, 'en', 'es'),
(704, 'package_gravity_form', 63, 1252, 'es', NULL),
(705, 'post_page', 1810, 1253, 'en', NULL),
(707, 'package_gravity_form', 64, 1254, 'es', NULL),
(708, 'post_page', 1813, 1255, 'es', NULL),
(710, 'package_page-builder-shortcode-strings', 65, 1256, 'es', NULL),
(712, 'package_gravity_form', 66, 1257, 'es', NULL),
(713, 'post_page', 1816, 1258, 'en', NULL),
(715, 'package_gravity_form', 67, 1259, 'es', NULL),
(716, 'post_page', 1820, 1260, 'en', NULL),
(717, 'package_page-builder-shortcode-strings', 32, 1261, 'es', NULL),
(729, 'package_gravity_form', 68, 1267, 'ca', NULL),
(720, 'post_attachment', 1829, 1263, 'ca', NULL),
(721, 'post_attachment', 1830, 1263, 'en', 'ca'),
(722, 'post_attachment', 1831, 1263, 'es', 'ca'),
(723, 'post_nav_menu_item', 1833, 1264, 'ca', NULL),
(724, 'post_page', 1835, 909, 'es', 'ca'),
(725, 'post_nav_menu_item', 1838, 1265, 'es', NULL),
(726, 'post_attachment', 1845, 932, 'ca', 'es'),
(727, 'post_attachment', 1846, 1266, 'ca', 'es'),
(728, 'post_attachment', 1847, 1266, 'en', 'es'),
(730, 'package_gravity_form', NULL, 1267, 'es', 'ca'),
(731, 'post_attachment', 1848, 1268, 'es', NULL),
(732, 'post_attachment', 1849, 1268, 'ca', 'es'),
(733, 'post_attachment', 1850, 1268, 'en', 'es'),
(734, 'post_attachment', 1425, 1269, 'es', NULL),
(735, 'post_attachment', 1426, 1270, 'es', NULL),
(736, 'post_attachment', 1429, 1271, 'es', NULL),
(737, 'post_attachment', 1430, 1272, 'es', NULL),
(739, 'post_attachment', 1433, 1273, 'es', NULL),
(740, 'post_attachment', 1434, 1274, 'es', NULL),
(742, 'post_attachment', 1437, 1275, 'es', NULL),
(744, 'post_attachment', 1438, 1276, 'es', NULL),
(746, 'post_attachment', 1441, 1277, 'es', NULL),
(747, 'post_attachment', 1442, 1278, 'es', NULL),
(748, 'post_attachment', 1445, 1279, 'es', NULL),
(749, 'post_attachment', 1446, 1280, 'es', NULL),
(750, 'post_attachment', 1449, 1281, 'es', NULL),
(751, 'post_attachment', 1450, 1282, 'es', NULL),
(752, 'post_attachment', 1453, 1283, 'es', NULL),
(753, 'post_attachment', 1454, 1284, 'es', NULL),
(754, 'post_page', 1025, 1285, 'es', NULL),
(755, 'post_attachment', 1858, 1286, 'es', NULL),
(756, 'post_attachment', 1859, 1286, 'ca', 'es'),
(757, 'post_attachment', 1860, 1286, 'en', 'es'),
(758, 'post_page', 1862, 1287, 'es', NULL),
(759, 'post_page', 1864, 1288, 'es', NULL),
(761, 'package_page-builder-shortcode-strings', 69, 1289, 'es', NULL),
(762, 'post_page', 1874, 1288, 'ca', 'es'),
(764, 'package_gravity_form', 70, 1290, 'es', NULL),
(765, 'post_attachment', 1879, 1291, 'es', NULL),
(766, 'post_attachment', 1880, 1291, 'ca', 'es'),
(767, 'post_attachment', 1881, 1291, 'en', 'es'),
(768, 'post_page', 1883, 1292, 'es', NULL),
(769, 'post_page', 1884, 1292, 'ca', 'es'),
(771, 'package_page-builder-shortcode-strings', 71, 1293, 'es', NULL),
(773, 'package_gravity_form', 72, 1294, 'es', NULL),
(774, 'post_page', 1896, 1295, 'es', NULL),
(776, 'package_page-builder-shortcode-strings', 73, 1296, 'es', NULL),
(778, 'package_gravity_form', 74, 1297, 'es', NULL),
(779, 'post_page', 1901, 1298, 'en', NULL),
(781, 'package_gravity_form', 75, 1299, 'es', NULL),
(782, 'post_page', 1905, 1300, 'en', NULL),
(784, 'package_gravity_form', 76, 1301, 'es', NULL),
(785, 'post_page', 1907, 1302, 'en', NULL),
(787, 'package_gravity_form', 77, 1303, 'es', NULL),
(788, 'post_page', 1910, 1304, 'ca', NULL),
(789, 'post_page', 1911, 1304, 'es', 'ca'),
(791, 'package_page-builder-shortcode-strings', 78, 1305, 'es', NULL),
(793, 'package_gravity_form', 79, 1306, 'es', NULL),
(794, 'post_page', 1915, 1307, 'en', NULL),
(795, 'post_page', 1918, 55, 'en', 'es'),
(796, 'post_nav_menu_item', 1920, 1308, 'en', NULL),
(797, 'package_gravity_form', NULL, 1220, 'en', 'es'),
(798, 'post_page', 1924, 1309, 'es', NULL),
(799, 'post_page', 1925, 1309, 'en', 'es'),
(801, 'package_page-builder-shortcode-strings', 80, 1310, 'es', NULL),
(802, 'post_attachment', 1926, 1311, 'es', NULL),
(803, 'post_attachment', 1927, 1311, 'ca', 'es'),
(804, 'post_attachment', 1928, 1311, 'en', 'es'),
(805, 'post_attachment', 1930, 1312, 'es', NULL),
(806, 'post_attachment', 1931, 1312, 'ca', 'es'),
(807, 'post_attachment', 1932, 1312, 'en', 'es'),
(808, 'post_attachment', 1934, 1313, 'es', NULL),
(809, 'post_attachment', 1935, 1313, 'ca', 'es'),
(810, 'post_attachment', 1936, 1313, 'en', 'es'),
(811, 'post_attachment', 1945, 1314, 'es', NULL),
(812, 'post_attachment', 1946, 1314, 'ca', 'es'),
(813, 'post_attachment', 1947, 1314, 'en', 'es'),
(815, 'package_gravity_form', 81, 1315, 'es', NULL),
(816, 'post_page', 1959, 1316, 'es', NULL),
(818, 'package_page-builder-shortcode-strings', 82, 1317, 'es', NULL),
(819, 'post_nav_menu_item', 1968, 1318, 'es', NULL),
(820, 'post_attachment', 1969, 1319, 'es', NULL),
(821, 'post_attachment', 1970, 1319, 'ca', 'es'),
(822, 'post_attachment', 1971, 1319, 'en', 'es'),
(823, 'post_nav_menu_item', 1974, 1320, 'es', NULL),
(824, 'post_nav_menu_item', 1975, 1321, 'ca', NULL),
(826, 'package_gravity_form', 83, 1322, 'es', NULL),
(827, 'post_page', 1976, 1323, 'en', NULL),
(829, 'package_gravity_form', 84, 1324, 'es', NULL),
(830, 'post_page', 1981, 1325, 'en', NULL),
(831, 'post_page', 1984, 1326, 'es', NULL),
(832, 'post_page', 1985, 1326, 'en', 'es'),
(834, 'package_page-builder-shortcode-strings', 85, 1327, 'es', NULL),
(835, 'post_attachment', 1998, 1328, 'es', NULL),
(836, 'post_attachment', 1999, 1328, 'ca', 'es'),
(837, 'post_attachment', 2000, 1328, 'en', 'es'),
(838, 'post_attachment', 2002, 1329, 'es', NULL),
(839, 'post_attachment', 2003, 1329, 'ca', 'es'),
(840, 'post_attachment', 2004, 1329, 'en', 'es'),
(842, 'package_gravity_form', 86, 1330, 'es', NULL),
(843, 'post_page', 2007, 1331, 'es', NULL),
(844, 'post_page', 2008, 1331, 'en', 'es'),
(846, 'package_page-builder-shortcode-strings', 87, 1332, 'es', NULL),
(847, 'post_nav_menu_item', 2016, 1333, 'es', NULL),
(849, 'package_gravity_form', 88, 1334, 'es', NULL),
(850, 'post_page', 2017, 1335, 'en', NULL),
(851, 'post_attachment', 2020, 1336, 'en', NULL),
(852, 'post_attachment', 2021, 1336, 'ca', 'en'),
(853, 'post_attachment', 2022, 1336, 'es', 'en');

-- --------------------------------------------------------

--
-- Estructura de tabla para la tabla `wp_icl_translation_batches`
--

CREATE TABLE `wp_icl_translation_batches` (
  `id` int(11) NOT NULL,
  `batch_name` text COLLATE latin1_spanish_ci NOT NULL,
  `tp_id` int(11) DEFAULT NULL,
  `ts_url` text COLLATE latin1_spanish_ci,
  `last_update` datetime DEFAULT NULL
) ENGINE=MyISAM DEFAULT CHARSET=latin1 COLLATE=latin1_spanish_ci;

--
-- Volcado de datos para la tabla `wp_icl_translation_batches`
--

INSERT INTO `wp_icl_translation_batches` (`id`, `batch_name`, `tp_id`, `ts_url`, `last_update`) VALUES
(1, 'Manual Translations from June the 23rd, 2017', NULL, NULL, '2017-06-23 07:57:00'),
(2, 'Manual Translations from June the 27th, 2017', NULL, NULL, '2017-06-27 07:19:43'),
(3, 'Manual Translations from July the 24th, 2017', NULL, NULL, '2017-07-24 11:11:46'),
(4, 'Manual Translations from July the 25th, 2017', NULL, NULL, '2017-07-25 10:13:54'),
(5, 'Manual Translations from August the 5th, 2017', NULL, NULL, '2017-08-05 09:46:28'),
(6, 'Manual Translations from August the 9th, 2017', NULL, NULL, '2017-08-09 18:24:18'),
(7, 'Manual Translations from August the 23rd, 2017', NULL, NULL, '2017-08-23 12:20:11'),
(8, 'Manual Translations from August the 24th, 2017', NULL, NULL, '2017-08-24 12:55:18'),
(9, 'Cycling Costa Daurada|WPML|es', NULL, NULL, '2017-10-02 09:25:19'),
(10, 'Cycling Costa Daurada|WPML|es|2', NULL, NULL, '2017-10-02 10:10:40'),
(11, 'Manual Translations from October the 2nd, 2017', NULL, NULL, '2017-10-02 10:12:08'),
(12, 'Cycling Costa Daurada|WPML|es|3', NULL, NULL, '2017-10-02 10:16:06'),
(13, 'Cycling Costa Daurada|WPML|es|4', NULL, NULL, '2017-10-16 15:03:46'),
(14, 'Cycling Costa Daurada|WPML|es|5', NULL, NULL, '2018-10-19 09:24:15'),
(15, 'Manual Translations from October the 20th, 2018', NULL, NULL, '2018-10-20 09:14:11'),
(16, 'Cycling Costa Daurada|WPML|es|6', NULL, NULL, '2018-11-02 07:03:33'),
(17, 'Manual Translations from November the 2nd, 2018', NULL, NULL, '2018-11-02 07:08:46'),
(18, 'Manual Translations from January the 10th, 2019', NULL, NULL, '2019-01-10 16:48:23'),
(19, 'Cycling Costa Daurada|WPML|ca', NULL, NULL, '2019-01-10 17:24:22'),
(20, 'Manual Translations from January the 11th, 2019', NULL, NULL, '2019-01-11 06:47:48'),
(21, 'Cycling Costa Daurada|WPML|es|7', NULL, NULL, '2019-01-15 07:28:42'),
(22, 'Manual Translations from January the 15th, 2019', NULL, NULL, '2019-01-15 07:33:25'),
(23, 'Cycling Costa Daurada|WPML|ca|2', NULL, NULL, '2019-01-21 16:19:55'),
(24, 'Manual Translations from January the 21st, 2019', NULL, NULL, '2019-01-21 16:21:11'),
(25, 'Manual Translations from January the 22nd, 2019', NULL, NULL, '2019-01-22 12:19:29'),
(26, 'Manual Translations from January the 23rd, 2019', NULL, NULL, '2019-01-23 09:02:45'),
(27, 'Manual Translations from January the 24th, 2019', NULL, NULL, '2019-01-24 12:36:23'),
(28, 'Manual Translations from January the 25th, 2019', NULL, NULL, '2019-01-25 13:41:07'),
(29, 'Cycling Costa Daurada|WPML|es|8', NULL, NULL, '2019-01-25 14:31:05');

-- --------------------------------------------------------

--
-- Estructura de tabla para la tabla `wp_icl_translation_status`
--

CREATE TABLE `wp_icl_translation_status` (
  `rid` bigint(20) NOT NULL,
  `translation_id` bigint(20) NOT NULL,
  `status` tinyint(4) NOT NULL,
  `translator_id` bigint(20) NOT NULL,
  `needs_update` tinyint(4) NOT NULL,
  `md5` varchar(32) COLLATE latin1_spanish_ci NOT NULL,
  `translation_service` varchar(16) COLLATE latin1_spanish_ci NOT NULL,
  `batch_id` int(11) NOT NULL DEFAULT '0',
  `translation_package` longtext COLLATE latin1_spanish_ci NOT NULL,
  `timestamp` timestamp NOT NULL DEFAULT CURRENT_TIMESTAMP ON UPDATE CURRENT_TIMESTAMP,
  `links_fixed` tinyint(4) NOT NULL DEFAULT '0',
  `_prevstate` longtext COLLATE latin1_spanish_ci,
  `uuid` varchar(36) COLLATE latin1_spanish_ci DEFAULT NULL,
  `tp_id` int(11) DEFAULT NULL,
  `tp_revision` int(11) NOT NULL DEFAULT '1',
  `ts_status` text COLLATE latin1_spanish_ci
) ENGINE=MyISAM DEFAULT CHARSET=latin1 COLLATE=latin1_spanish_ci;

--
-- Volcado de datos para la tabla `wp_icl_translation_status`
--

INSERT INTO `wp_icl_translation_status` (`rid`, `translation_id`, `status`, `translator_id`, `needs_update`, `md5`, `translation_service`, `batch_id`, `translation_package`, `timestamp`, `links_fixed`, `_prevstate`, `uuid`, `tp_id`, `tp_revision`, `ts_status`) VALUES
(1, 80, 10, 4, 0, 'e61189bb26aa8e536feb39f0a8631fcb', 'local', 1, 'a:4:{s:3:\"url\";s:42:\"http://cyclingcostadaurada.com?page_id=534\";s:5:\"title\";s:11:\"Daily Rides\";s:8:\"contents\";a:44:{s:11:\"original_id\";a:2:{s:9:\"translate\";i:0;s:4:\"data\";i:534;}s:5:\"title\";a:3:{s:9:\"translate\";i:1;s:4:\"data\";s:16:\"RGFpbHkgUmlkZXM=\";s:6:\"format\";s:6:\"base64\";}s:4:\"body\";a:3:{s:9:\"translate\";i:0;s:4:\"data\";s:36412:\"[encoded data, 36412 characters]\";s:6:\"format\";s:6:\"base64\";}s:7:\"excerpt\";a:3:{s:9:\"translate\";i:1;s:4:\"data\";s:0:\"\";s:6:\"format\";s:6:\"base64\";}s:4:\"t_30\";a:3:{s:9:\"translate\";i:1;s:4:\"data\";s:12:\"T3BjaW9uYWw=\";s:6:\"format\";s:6:\"base64\";}s:23:\"package-string-21-14738\";a:3:{s:9:\"translate\";i:1;s:4:\"data\";s:12:\"Sm9pbiBvdXI=\";s:6:\"format\";s:6:\"base64\";}s:23:\"package-string-21-14739\";a:3:{s:9:\"translate\";i:1;s:4:\"data\";s:16:\"RGFpbHkgUmlkZXM=\";s:6:\"format\";s:6:\"base64\";}s:23:\"package-string-21-14741\";a:3:{s:9:\"translate\";i:1;s:4:\"data\";s:12:\"Qk9PSyBOT1c=\";s:6:\"format\";s:6:\"base64\";}s:23:\"package-string-21-14742\";a:3:{s:9:\"translate\";i:1;s:4:\"data\";s:24:\"dXJsOiUyM2Jvb2tub3d8fHw=\";s:6:\"format\";s:6:\"base64\";}s:23:\"package-string-21-14743\";a:3:{s:9:\"translate\";i:1;s:4:\"data\";s:84:\"Sm9pbiBvdXIgYWxsIGluY2x1c2l2ZSBEYWlseSBSaWRlcyBhbmQgZW5qb3kgYSBjeWNsaW5nIHBhcmFkaXNl\";s:6:\"format\";s:6:\"base64\";}s:23:\"package-string-21-14744\";a:3:{s:9:\"translate\";i:1;s:4:\"data\";s:76:\"R3VpZGVkIGN5Y2xpbmcgcmlkZXMgc3RhcnRpbmcgZnJvbSBDYW1icmlscyBQYXJrIFJlc29ydA==\";s:6:\"format\";s:6:\"base64\";}s:23:\"package-string-21-14745\";a:3:{s:9:\"translate\";i:1;s:4:\"data\";s:676:\"DQo8cCBzdHlsZT0iZm9udC1zaXplOiAxNnB4OyBmb250LWZhbWlseTogbG9yYTsgZm9udC13ZWlnaHQ6IDEwMDsgY29sb3I6ICMzMzMzMzM7IHRleHQtYWxpZ246IGp1c3RpZnk7Ij5Zb3UgY2FtZSB0byBDYW1icmlscyBmb3IgYSBob2xpZGF5cyB3aXRoIHlvdXIgZmFtaWx5IGFuZCBqdXN0IGFmdGVyIHNvbWUgaG91cnMgYmVpbmcgaGVyZSB5b3UgcmVhbGl6ZWQgYWJvdXQgdGhlIGh1Z2UgYW1vdW50IG9mIGN5Y2xpc3RzIG9uIHRoZSByb2Fkcy4gTm90IGEgY29pbmNpZGVuY2UuIEFjdHVhbGx5IENhbWJyaWxzIGlzIGEgY3ljbGluZyBwYXJhZGlzZSBhbmQgdGhlIGNob2ljZSBmb3IgcHJvZmVzc2lvbmFsIHRlYW1zIGxpa2UgR2lhbnQsIEZESiBhbmQgV2lnZ2lucy4gQnV0IHlvdSBvYnZpb3VzbHkgZGlkbicgdCBicmluZyB5b3VyIG93biBiaWtlLCB5b3VyIHNob2VzIG9yIGV2ZW4geW91ciBoZWxtZXQuIEtlZXAgcmVhZGluZywgd2UgZ290IHNvbWV0aGluZyBmb3IgeW91LjwvcD4NCg==\";s:6:\"format\";s:6:\"base64\";}s:23:\"package-string-21-14747\";a:3:{s:9:\"translate\";i:1;s:4:\"data\";s:124:\"Rm9yIHlvdXIgY29tZm9ydCB3ZSBicmluZyB5b3UgZXZlcnl0aGluZyBuZWVkZWQgZm9yIHRoZSByaWRlLiBZb3UganVzdMKgZHJlc3MgbGlrZSBhIGN5Y2xpc3Qu\";s:6:\"format\";s:6:\"base64\";}s:23:\"package-string-21-14748\";a:3:{s:9:\"translate\";i:1;s:4:\"data\";s:12:\"SU5DTFVERVM=\";s:6:\"format\";s:6:\"base64\";}s:23:\"package-string-21-14749\";a:3:{s:9:\"translate\";i:1;s:4:\"data\";s:264:\"T3VyIGxvY2FsIGd1aWRlcyBzcGVuZCBoYWxmIG9mIHRoZWlywqBsaWZlcyByaWRpbmcgdG8gYnJpbmcgeW91IHRoZSBiZXN0IHJvdXRlcyBvZiB0aGUgem9uZS4gRGlzY292ZXIgdGhlIENvc3RhIERhdXJhZGEsIHRoZSBwb3B1bGFyIFByaW9yYXQgYW5kIG11Y2ggbW9yZSBpbiA2MC0xMDBrbSByb3V0ZXMgYWRhcHRlZCB0byB5b3VyIGxldmVsLg==\";s:6:\"format\";s:6:\"base64\";}s:23:\"package-string-21-14750\";a:3:{s:9:\"translate\";i:1;s:4:\"data\";s:8:\"R1VJREU=\";s:6:\"format\";s:6:\"base64\";}s:23:\"package-string-21-22223\";a:3:{s:9:\"translate\";i:1;s:4:\"data\";s:120:\"R3VpZGVkIHJvYWQgcmlkZXMgc3RhcnRpbmcgZnJvbSBDYW1icmlscyBQYXJrIFJlc29ydCBldmVyeSBkYXkgaW5jbHVkaW5nIGJpa2UgYW5kIHBlZGFscy4=\";s:6:\"format\";s:6:\"base64\";}s:23:\"package-string-21-14752\";a:3:{s:9:\"translate\";i:1;s:4:\"data\";s:12:\"RVFVSVBNRU5U\";s:6:\"format\";s:6:\"base64\";}s:23:\"package-string-21-14753\";a:3:{s:9:\"translate\";i:1;s:4:\"data\";s:220:\"WWVzLCBiZWVycyBpbmNsdWRlZC4gV2Ugd2lsbCBnaXZlIHlvdSBhIGN5Y2xpbmcgcGFjayB3aXRoIGFsbCB0aGUgZm9vZCBuZWVkZWQgZHVyaW5nIHRoZSByaWRlLiBBZnRlciBpdCwgc29tZSBjb2xkIGRyaW5rcyB3aWxsIHdhaXQgZm9yIHVzIGluIENhbWJyaWxzIFBhcmsgUmVzb3J0Lg==\";s:6:\"format\";s:6:\"base64\";}s:23:\"package-string-21-14754\";a:3:{s:9:\"translate\";i:1;s:4:\"data\";s:20:\"Rk9PRCBBTkQgRFJJTktT\";s:6:\"format\";s:6:\"base64\";}s:23:\"package-string-21-14755\";a:3:{s:9:\"translate\";i:1;s:4:\"data\";s:192:\"WW91IGFyZSBhY2NvbW1vZGF0ZWQgb3V0IG9mIENhbWJyaWxzIFBhcmsgUmVzb3J0PyBObyBwcm9ibGVtLiBXZSB3aWxsIHBpY2sgeW91IHVwIHdoZXJldmVyIGFuZCBicmluZyB5b3UgYmFjayBhZnRlciB0aGUgcmlkZS4gWWVzLCBpdCcgcyBmcmVlLg==\";s:6:\"format\";s:6:\"base64\";}s:23:\"package-string-21-14756\";a:3:{s:9:\"translate\";i:1;s:4:\"data\";s:12:\"VFJBTlNGRVI=\";s:6:\"format\";s:6:\"base64\";}s:23:\"package-string-21-14757\";a:3:{s:9:\"translate\";i:1;s:4:\"data\";s:240:\"V2UgZ290IGV2ZXJ5dGhpbmcgY292ZXJlZC4gT3VyIFRyZWsgYW5kIE1lcmlkYSBiaWtlcyBhcmUgd2FpdGluZyBmb3IgeW91LiBIZWxtZXQsIHNob2VzIGFuZCBwZWRhbHMgaW5jbHVkZWQuIEFsbCBzaXplcyBhdmFpbGFibGUuIFlvdSBmb3Jnb3TCoGNsb3RoaW5nPyBKdXN0IGJ1eSBhIG5ldyBraXQgZnJvbSB1cy4=\";s:6:\"format\";s:6:\"base64\";}s:23:\"package-string-21-14758\";a:3:{s:9:\"translate\";i:1;s:4:\"data\";s:184:\"DQo8cCBzdHlsZT0idGV4dC1hbGlnbjogY2VudGVyOyI+UmVhZHkgdG8gYnJpbmcgeW91IHRocm91Z2ggdGhlIGJlc3Qgcm9hZHMsIG91ciBsb2NhbCBndWlkZXMgaGF2ZSBhIGRlZXAga25vd2xlZGdlIGFib3V0IHRoZSB6b25lLjwvcD4NCg==\";s:6:\"format\";s:6:\"base64\";}s:23:\"package-string-21-14759\";a:3:{s:9:\"translate\";i:1;s:4:\"data\";s:16:\"T1VSIEdVSURFUw==\";s:6:\"format\";s:6:\"base64\";}s:23:\"package-string-21-14760\";a:3:{s:9:\"translate\";i:1;s:4:\"data\";s:16:\"SmF1bWUgUnXDqQ==\";s:6:\"format\";s:6:\"base64\";}s:23:\"package-string-21-14762\";a:3:{s:9:\"translate\";i:1;s:4:\"data\";s:28:\"RmVybmFuZG8gR3V0acOpcnJleg==\";s:6:\"format\";s:6:\"base64\";}s:23:\"package-string-21-14763\";a:3:{s:9:\"translate\";i:1;s:4:\"data\";s:96:\"T3VyIG1hcmtldGluZyBndXkgYm9ybiBpbiBDYW1icmlscyBoYXMgc29tZSBzZXJpb3VzIHNraWxscyBvbiB0aGUgYmlrZS4=\";s:6:\"format\";s:6:\"base64\";}s:23:\"package-string-21-14764\";a:3:{s:9:\"translate\";i:1;s:4:\"data\";s:16:\"SmFpbWUgTWFydGlu\";s:6:\"format\";s:6:\"base64\";}s:23:\"package-string-21-14765\";a:3:{s:9:\"translate\";i:1;s:4:\"data\";s:96:\"U3BlYWtzIG1vcmUgbGFuZ3VhZ2VzIHRoYW4gZ29vZ2xlIGFuZCB3aWxsIG1ha2UgeW91IGZlZWwgbGlrZSBhdCBob21lLg==\";s:6:\"format\";s:6:\"base64\";}s:23:\"package-string-21-14766\";a:3:{s:9:\"translate\";i:1;s:4:\"data\";s:20:\"Sm9mcmUgUHJ1bmVyYQ==\";s:6:\"format\";s:6:\"base64\";}s:23:\"package-string-21-14767\";a:3:{s:9:\"translate\";i:1;s:4:\"data\";s:96:\"TW9yZSB0aGFuIDE1IHllYXJzIG9mIHJvYWQgYW5kIE1UQiByYWNpbmcgdG8gYmVjb21lIHRoZSBjb2FjaCB5b3UgbmVlZC4=\";s:6:\"format\";s:6:\"base64\";}s:23:\"package-string-21-14768\";a:3:{s:9:\"translate\";i:1;s:4:\"data\";s:120:\"Qm9vayB5b3VyIHJpZGUgYW55IHdlZWtkYXkuIFJpZGVzIHN0YXJ0IGF0IDc6MzBoIGZyb20gQ2FtYnJpbHMgUGFyayBSZXNvcnQuIFBheSBsb2NhbGx5Lg==\";s:6:\"format\";s:6:\"base64\";}s:23:\"package-string-21-14770\";a:3:{s:9:\"translate\";i:1;s:4:\"data\";s:12:\"T05FIFBSSUNF\";s:6:\"format\";s:6:\"base64\";}s:23:\"package-string-21-14771\";a:3:{s:9:\"translate\";i:1;s:4:\"data\";s:16:\"UGVyc29uL2RheQ==\";s:6:\"format\";s:6:\"base64\";}s:23:\"package-string-21-14773\";a:3:{s:9:\"translate\";i:1;s:4:\"data\";s:64:\"Sm9pbiBvdXIgbmV3c2xldHRlciBub3cgYW5kIHN0YXkgdHVuZWQgZm9yIG1vcmUu\";s:6:\"format\";s:6:\"base64\";}s:23:\"package-string-21-14774\";a:3:{s:9:\"translate\";i:1;s:4:\"data\";s:16:\"TmV3c2xldHRlcg==\";s:6:\"format\";s:6:\"base64\";}s:23:\"package-string-21-14777\";a:3:{s:9:\"translate\";i:1;s:4:\"data\";s:100:\"IEZ1bGwgdGltZSBndWlkZSB3aXRoIGEgZGVlcCBsb3ZlIGZvciBoaXMgam9iIGFuZCB0aGUgem9uZSB3aGVyZSBoZSByaWRlcy4=\";s:6:\"format\";s:6:\"base64\";}s:23:\"package-string-21-19724\";a:3:{s:9:\"translate\";i:1;s:4:\"data\";s:32:\"UGF5IGxvY2FsbHkgY2FzaC9jYXJkLg==\";s:6:\"format\";s:6:\"base64\";}s:23:\"package-string-21-19725\";a:3:{s:9:\"translate\";i:1;s:4:\"data\";s:36:\"SGVsbWV0OiA14oKsIHwgU2hvZXM6IDXigqw=\";s:6:\"format\";s:6:\"base64\";}s:23:\"package-string-21-19726\";a:3:{s:9:\"translate\";i:1;s:4:\"data\";s:8:\"RVhUUkE=\";s:6:\"format\";s:6:\"base64\";}s:23:\"package-string-21-22222\";a:3:{s:9:\"translate\";i:1;s:4:\"data\";s:212:\"V2UgZ290IGV2ZXJ5dGhpbmcgY292ZXJlZC4gT3VyIEFyZ29uIDE4IEdvISBiaWtlIGlzIHdhaXRpbmcgZm9yIHlvdS7CoFBlZGFscyBpbmNsdWRlZC4gQWxsIHNpemVzIGF2YWlsYWJsZS4gWW91IGZvcmdvdMKgY2xvdGhpbmc/IEp1c3QgYnV5IGEgbmV3IGtpdCBmcm9tIHVzLg==\";s:6:\"format\";s:6:\"base64\";}s:23:\"package-string-21-23209\";a:3:{s:9:\"translate\";i:1;s:4:\"data\";s:620:\"DQo8cCBzdHlsZT0iZm9udC1zaXplOiAxNnB4OyBmb250LWZhbWlseTogbG9yYTsgZm9udC13ZWlnaHQ6IDEwMDsgY29sb3I6ICMzMzMzMzM7IHRleHQtYWxpZ246IGp1c3RpZnk7Ij5FdmVyeSB3ZWVrIGRheSBhdCA3OjMwaCB5b3UgaGF2ZSB0aGUgY2hhbmNlIHRvIGpvaW4gb3VyIEN5Y2xpbmcgQ29zdGEgRGF1cmFkYSBEYWlseSBSaWRlcy4gRXZlcnkgcmlkZSBoYXMgYSBleHBlcnQgZ3VpZGUgYW5kIGlzIGFkYXB0ZWQgdG8geW91ciBsZXZlbC4gVGhlIHJvdXRlcyBhcmUgNjAtMTIwa20gbG9uZyBhbmQgd2lsbCBtYWtlIHlvdSBkaXNjb3ZlciB0aGUgZW1wdHkgcm9hZHMgb2YgdGhlIENvc3RhIERhdXJhZGEgTW91bnRhaW5zLCB0aGUgUHJpb3JhdCBhbmQgZXZlbiB0aGUgTW9udHNhbnQgTmF0dXJhbCBQYXJrLsKgRXZlcnl0aGluZyBmb3IganVzdCA2MOKCrC9kYXkuIE9ubHkgcm9hZCBjeWNsaW5nLjwvcD4NCg==\";s:6:\"format\";s:6:\"base64\";}s:23:\"package-string-21-23210\";a:3:{s:9:\"translate\";i:1;s:4:\"data\";s:8:\"NjDigqw=\";s:6:\"format\";s:6:\"base64\";}}s:4:\"type\";s:4:\"post\";}', '2018-11-12 17:28:05', 1, NULL, NULL, NULL, 1, NULL);
INSERT INTO `wp_icl_translation_status` (`rid`, `translation_id`, `status`, `translator_id`, `needs_update`, `md5`, `translation_service`, `batch_id`, `translation_package`, `timestamp`, `links_fixed`, `_prevstate`, `uuid`, `tp_id`, `tp_revision`, `ts_status`) VALUES
(2, 100, 10, 4, 0, '937e6810fdb76492b8e9e7778db4d795', 'local', 2, 'a:4:{s:3:\"url\";s:40:\"http://cyclingcostadaurada.com?page_id=6\";s:5:\"title\";s:21:\"Cycling Costa Daurada\";s:8:\"contents\";a:9:{s:11:\"original_id\";a:2:{s:9:\"translate\";i:0;s:4:\"data\";i:6;}s:5:\"title\";a:3:{s:9:\"translate\";i:1;s:4:\"data\";s:28:\"Q3ljbGluZyBDb3N0YSBEYXVyYWRh\";s:6:\"format\";s:6:\"base64\";}s:4:\"body\";a:3:{s:9:\"translate\";i:0;s:4:\"data\";s:19052:\"[encoded data, 19052 characters]\";s:6:\"format\";s:6:\"base64\";}s:7:\"excerpt\";a:3:{s:9:\"translate\";i:1;s:4:\"data\";s:0:\"\";s:6:\"format\";s:6:\"base64\";}s:4:\"t_32\";a:3:{s:9:\"translate\";i:1;s:4:\"data\";s:12:\"T3B0aW9uYWw=\";s:6:\"format\";s:6:\"base64\";}s:22:\"package-string-9-13541\";a:3:{s:9:\"translate\";i:1;s:4:\"data\";s:20:\"UXVpw6luZXMgc29tb3M=\";s:6:\"format\";s:6:\"base64\";}s:22:\"package-string-9-13542\";a:3:{s:9:\"translate\";i:1;s:4:\"data\";s:784:\"Q3ljbGluZyBDb3N0YSBEYXVyYWRhIGVzIHVuIHByb3llY3RvIGhlY2hvIHBvciB5IHBhcmEgY2ljbGlzdGFzLg0KTnVlc3RyYSBhZ2VuY2lhIGRlIHZpYWplcyBuYWNlIGVuIGVsIDIwMTMgY29uIGVsIG9iamV0aXZvIGRlIGNvbnZlcnRpciBDYW1icmlscyB5IGxhIENvc3RhIERhdXJhZGEgZW4gZWwgZGVzdGlubyBjaWNsb3R1cmlzdGEgcHJlZmVyaWRvIGRlIGNpY2xpc3RhcyBuYWNpb25hbGVzIGUgaW50ZXJuYWNpb25hbGVzLiBIZW1vcyBjb21wYXJ0aWRvIG51ZXN0cmFzIGNhcnJldGVyYXMgY29uIGNpY2xpc3RhcyBkZSBJbmdsYXRlcnJhLCBOb3J1ZWdhLCBGcmFuY2lhLCBJdGFsaWEsIFJ1c2lhLCBJcmxhbmRhLCBBbmRvcnJhLCBTdWl6YSB5IG11Y2hvcyBtw6FzLg0KDQpUcmFzIGN1YXRybyBhw7FvcyB5IG11bHRpdHVkIGRlIGV4aXRvc29zIGV2ZW50b3MsIHNvbW9zIHJlZmVyZW50ZXMgYSBuaXZlbCBuYWNpb25hbCBlIGludGVybmFjaW9uYWwgZW4gb3JnYW5pemFjacOzbiBkZSBldmVudG9zIGNpY2xpc3RhcyB5IGVuIG9mZXJ0YSBkZSBzZXJ2aWNpb3MgZXNwZWNpYWxpemFkb3MgcGFyYSB0b2RvcyBsb3Mgbml2ZWxlcy4=\";s:6:\"format\";s:6:\"base64\";}s:22:\"package-string-9-13543\";a:3:{s:9:\"translate\";i:1;s:4:\"data\";s:96:\"U3Vic2Nyw61iZXRlIGEgbnVlc3RyYSBuZXdzbGV0dGVyIHBhcmEgZW50ZXJhcnRlIGRlIG51ZXN0cmFzIG5vdmVkYWRlcy4=\";s:6:\"format\";s:6:\"base64\";}s:22:\"package-string-9-13544\";a:3:{s:9:\"translate\";i:1;s:4:\"data\";s:16:\"TmV3c2xldHRlcg==\";s:6:\"format\";s:6:\"base64\";}}s:4:\"type\";s:4:\"post\";}', '2018-11-08 18:38:41', 1, NULL, NULL, NULL, 1, NULL),
(3, 103, 10, 4, 0, 'b916a0c654b7e917f9df58ec5b1b06e6', 'local', 2, 'a:4:{s:3:\"url\";s:42:\"http://cyclingcostadaurada.com?page_id=199\";s:5:\"title\";s:22:\"Cycling holidays spain\";s:8:\"contents\";a:21:{s:11:\"original_id\";a:2:{s:9:\"translate\";i:0;s:4:\"data\";i:199;}s:5:\"title\";a:3:{s:9:\"translate\";i:1;s:4:\"data\";s:32:\"Q3ljbGluZyBob2xpZGF5cyBzcGFpbg==\";s:6:\"format\";s:6:\"base64\";}s:4:\"body\";a:3:{s:9:\"translate\";i:0;s:4:\"data\";s:15464:\"[encoded data, 15464 characters]\";s:6:\"format\";s:6:\"base64\";}s:7:\"excerpt\";a:3:{s:9:\"translate\";i:1;s:4:\"data\";s:0:\"\";s:6:\"format\";s:6:\"base64\";}s:23:\"package-string-10-13547\";a:3:{s:9:\"translate\";i:1;s:4:\"data\";s:28:\"RXhwZXJpZW5jaWFzIMO6bmljYXM=\";s:6:\"format\";s:6:\"base64\";}s:23:\"package-string-10-13548\";a:3:{s:9:\"translate\";i:1;s:4:\"data\";s:24:\"c29icmUgdHUgYmljaWNsZXRh\";s:6:\"format\";s:6:\"base64\";}s:23:\"package-string-10-13549\";a:3:{s:9:\"translate\";i:1;s:4:\"data\";s:68:\"UGVkYWxlYSBsYXMgbWVqb3JlcyBjYXJyZXRlcmFzIGRlIGxhIENvc3RhIERhdXJhZGE=\";s:6:\"format\";s:6:\"base64\";}s:23:\"package-string-10-13550\";a:3:{s:9:\"translate\";i:1;s:4:\"data\";s:44:\"wr9RdcOpIHNvbiBsb3MgQ3ljbGluZyBIb2xpZGF5cz8=\";s:6:\"format\";s:6:\"base64\";}s:23:\"package-string-10-13551\";a:3:{s:9:\"translate\";i:1;s:4:\"data\";s:440:\"TnVlc3RyYXMgQ3ljbGluZyBIb2xpZGF5cyBzb24gZXN0YW5jaWFzIGVuZm9jYWRhcyBhIGxhIHByw6FjdGljYSBkZWwgY2ljbGlzbW8uIFNlIGJhc2FuIGVuIGFwYXJ0YW1lbnRvcyBkZSA0IGVzdHJlbGxhcyBkZW50cm8gZGVsIG1lam9yIFJlc29ydCBkZSBsYSBDb3N0YSBNZWRpdGVycsOhbmVhLCBDYW1icmlscyBQYXJrIFNwb3J0IFZpbGxhZ2UuIENhZGEgZMOtYSBkdXJhbnRlIGxhIGVzdGFuY2lhIHNlIHJlYWxpemEgdW5hIHNhbGlkYSBjaWNsaXN0YSBlbiBncnVwbyBndWlhZGEgcG9yIHVuIGd1w61hIGV4cGVydG8geSBjb24gYXNpc3RlbmNpYSBkZSB1biB2ZWjDrWN1bG8u\";s:6:\"format\";s:6:\"base64\";}s:23:\"package-string-10-13552\";a:3:{s:9:\"translate\";i:1;s:4:\"data\";s:408:\"TGFzIHJ1dGFzIHRyYW5zY3VycmVuIHBvciBsYXMgbWVqb3JlcyBjYXJyZXRlcmFzIGRlIGxhIENvc3RhIERhdXJhZGEsIGVsIFByaW9yYXQgeSBlbCBNb250c2FudC4gTcOhcyBkZSAyMDAwa20gZGUgYXNmYWx0byBlbiBwZXJmZWN0YXMgY29uZGljaW9uZXMsIHBvY28gdHLDoWZpY28sIGNsaW1hIHN1YXZlIHkgcGFyYWplcyBlc3BlY3RhY3VsYXJlcy4gUmVzZXJ2YSB5YSB0dSBleHBlcmllbmNpYSBlbiBncnVwbyBvIHNvbGl0YXJpbyB5IMO6bmV0ZSBhIGxvcyBjaWVudG9zIGRlIGNpY2xpc3RhcyBxdWUgcmVwaXRlbiBjYWRhIGHDsW8u\";s:6:\"format\";s:6:\"base64\";}s:23:\"package-string-10-13553\";a:3:{s:9:\"translate\";i:1;s:4:\"data\";s:12:\"U2VydmljaW9z\";s:6:\"format\";s:6:\"base64\";}s:23:\"package-string-10-13554\";a:3:{s:9:\"translate\";i:1;s:4:\"data\";s:16:\"QWxvamFtaWVudG8=\";s:6:\"format\";s:6:\"base64\";}s:23:\"package-string-10-13555\";a:3:{s:9:\"translate\";i:1;s:4:\"data\";s:224:\"QWzDs2phdGUgZW4gQ2FtYnJpbHMgUGFyayBSZXNvcnQgVmlsbGFnZSBkdXJhbnRlIHR1IGVzdGFuY2lhIHkgaGF6IGRlIHR1IGV4cGVyaWVuY2lhIHVuIGx1am8uIEFwYXJ0YW1lbnRvcyBkZSA0IGVzdHJlbGxhcyBlbiBlbCBtZWpvciBSZXNvcnQgZGUgbGEgQ29zdGEgTWVkaXRlcnLDoW5lYS4=\";s:6:\"format\";s:6:\"base64\";}s:23:\"package-string-10-13556\";a:3:{s:9:\"translate\";i:1;s:4:\"data\";s:20:\"U2FsaWRhcyBndWlhZGFz\";s:6:\"format\";s:6:\"base64\";}s:23:\"package-string-10-13557\";a:3:{s:9:\"translate\";i:1;s:4:\"data\";s:232:\"Q2FkYSBkw61hIGRpc2ZydXRhIGRlIHNhbGlkYXMgw7puaWNhcyBwb3IgbGFzIGNhcnJldGVyYXMgZGUgbGEgQ29zdGEgRGF1cmFkYS4gRWwgZ3J1cG8gY3VlbnRhIGNvbiB1biBndcOtYSBjaWNsaXN0YSBleHBlcnRvIGVuIGxhIHpvbmEgcXVlIGFjb21wYcOxYXLDoSBkdXJhbnRlIHRvZGEgbGEgcnV0YS4=\";s:6:\"format\";s:6:\"base64\";}s:23:\"package-string-10-13558\";a:3:{s:9:\"translate\";i:1;s:4:\"data\";s:16:\"QXNpc3RlbmNpYQ==\";s:6:\"format\";s:6:\"base64\";}s:23:\"package-string-10-13559\";a:3:{s:9:\"translate\";i:1;s:4:\"data\";s:240:\"VG9kbyBlc3TDoSBjdWJpZXJ0bywgYWNhYmFyw6FzIHRvZGFzIGxhcyBydXRhcyBlbmNpbWEgZGUgbGEgYmljaWNsZXRhLiBVbiB2ZWjDrWN1bG8gZGUgYXNpc3RlbmNpYSBwcm92ZWUgc2VydmljaW8gbWVjw6FuaWNvIHkgYXZpdHVhbGxhbWllbnRvcyBlbiBkaWZlcmVudGVzIHB1bnRvcyBkZWwgcmVjb3JyaWRvLg==\";s:6:\"format\";s:6:\"base64\";}s:23:\"package-string-10-13560\";a:3:{s:9:\"translate\";i:1;s:4:\"data\";s:28:\"QWxxdWlsZXIgZGUgYmljaWNsZXRh\";s:6:\"format\";s:6:\"base64\";}s:23:\"package-string-10-13561\";a:3:{s:9:\"translate\";i:1;s:4:\"data\";s:244:\"RGlzcG9uZW1vcyBkZSB1bmEgZmxvdGEgZGUgYmljaWNsZXRhcyBkZSBjYXJib25vIGVxdWlwYWRhcyBjb24gVWx0ZWdyYSBkaXNwb25pYmxlcyBwYXJhIGFscXVpbGFyIGR1cmFudGUgdHUgZXN0YW5jaWEuIFZpYWphIGPDs21vZGFtZW50ZSB5IHJlc2VydmEgdHUgYmljaWNsZXRhIHBhcmEgdG9kYSBsYSBlc3RhbmNpYS4=\";s:6:\"format\";s:6:\"base64\";}s:23:\"package-string-10-13562\";a:3:{s:9:\"translate\";i:1;s:4:\"data\";s:12:\"RGVzY3VicmU=\";s:6:\"format\";s:6:\"base64\";}s:23:\"package-string-10-13563\";a:3:{s:9:\"translate\";i:1;s:4:\"data\";s:56:\"UGFyYWplcyDDum5pY29zIGVuIHVuIGVudG9ybm8gaW5zdXBlcmFibGU=\";s:6:\"format\";s:6:\"base64\";}}s:4:\"type\";s:4:\"post\";}', '2018-08-08 15:28:36', 1, NULL, NULL, NULL, 1, NULL);
INSERT INTO `wp_icl_translation_status` (`rid`, `translation_id`, `status`, `translator_id`, `needs_update`, `md5`, `translation_service`, `batch_id`, `translation_package`, `timestamp`, `links_fixed`, `_prevstate`, `uuid`, `tp_id`, `tp_revision`, `ts_status`) VALUES
(4, 134, 10, 4, 0, '937e6810fdb76492b8e9e7778db4d795', 'local', 3, 'a:4:{s:3:\"url\";s:40:\"http://cyclingcostadaurada.com?page_id=6\";s:5:\"title\";s:21:\"Cycling Costa Daurada\";s:8:\"contents\";a:9:{s:11:\"original_id\";a:2:{s:9:\"translate\";i:0;s:4:\"data\";i:6;}s:5:\"title\";a:3:{s:9:\"translate\";i:1;s:4:\"data\";s:28:\"Q3ljbGluZyBDb3N0YSBEYXVyYWRh\";s:6:\"format\";s:6:\"base64\";}s:4:\"body\";a:3:{s:9:\"translate\";i:0;s:4:\"data\";s:19052:\"[encoded data, 19052 characters]\";s:6:\"format\";s:6:\"base64\";}s:7:\"excerpt\";a:3:{s:9:\"translate\";i:1;s:4:\"data\";s:0:\"\";s:6:\"format\";s:6:\"base64\";}s:4:\"t_31\";a:3:{s:9:\"translate\";i:1;s:4:\"data\";s:12:\"T3B0aW9uYWw=\";s:6:\"format\";s:6:\"base64\";}s:22:\"package-string-9-13541\";a:3:{s:9:\"translate\";i:1;s:4:\"data\";s:20:\"UXVpw6luZXMgc29tb3M=\";s:6:\"format\";s:6:\"base64\";}s:22:\"package-string-9-13542\";a:3:{s:9:\"translate\";i:1;s:4:\"data\";s:784:\"Q3ljbGluZyBDb3N0YSBEYXVyYWRhIGVzIHVuIHByb3llY3RvIGhlY2hvIHBvciB5IHBhcmEgY2ljbGlzdGFzLg0KTnVlc3RyYSBhZ2VuY2lhIGRlIHZpYWplcyBuYWNlIGVuIGVsIDIwMTMgY29uIGVsIG9iamV0aXZvIGRlIGNvbnZlcnRpciBDYW1icmlscyB5IGxhIENvc3RhIERhdXJhZGEgZW4gZWwgZGVzdGlubyBjaWNsb3R1cmlzdGEgcHJlZmVyaWRvIGRlIGNpY2xpc3RhcyBuYWNpb25hbGVzIGUgaW50ZXJuYWNpb25hbGVzLiBIZW1vcyBjb21wYXJ0aWRvIG51ZXN0cmFzIGNhcnJldGVyYXMgY29uIGNpY2xpc3RhcyBkZSBJbmdsYXRlcnJhLCBOb3J1ZWdhLCBGcmFuY2lhLCBJdGFsaWEsIFJ1c2lhLCBJcmxhbmRhLCBBbmRvcnJhLCBTdWl6YSB5IG11Y2hvcyBtw6FzLg0KDQpUcmFzIGN1YXRybyBhw7FvcyB5IG11bHRpdHVkIGRlIGV4aXRvc29zIGV2ZW50b3MsIHNvbW9zIHJlZmVyZW50ZXMgYSBuaXZlbCBuYWNpb25hbCBlIGludGVybmFjaW9uYWwgZW4gb3JnYW5pemFjacOzbiBkZSBldmVudG9zIGNpY2xpc3RhcyB5IGVuIG9mZXJ0YSBkZSBzZXJ2aWNpb3MgZXNwZWNpYWxpemFkb3MgcGFyYSB0b2RvcyBsb3Mgbml2ZWxlcy4=\";s:6:\"format\";s:6:\"base64\";}s:22:\"package-string-9-13543\";a:3:{s:9:\"translate\";i:1;s:4:\"data\";s:96:\"U3Vic2Nyw61iZXRlIGEgbnVlc3RyYSBuZXdzbGV0dGVyIHBhcmEgZW50ZXJhcnRlIGRlIG51ZXN0cmFzIG5vdmVkYWRlcy4=\";s:6:\"format\";s:6:\"base64\";}s:22:\"package-string-9-13544\";a:3:{s:9:\"translate\";i:1;s:4:\"data\";s:16:\"TmV3c2xldHRlcg==\";s:6:\"format\";s:6:\"base64\";}}s:4:\"type\";s:4:\"post\";}', '2018-11-08 18:30:02', 1, NULL, NULL, NULL, 1, NULL);
INSERT INTO `wp_icl_translation_status` (`rid`, `translation_id`, `status`, `translator_id`, `needs_update`, `md5`, `translation_service`, `batch_id`, `translation_package`, `timestamp`, `links_fixed`, `_prevstate`, `uuid`, `tp_id`, `tp_revision`, `ts_status`) VALUES
(5, 142, 10, 1, 1, '68b8644f7a666642afe683bb5625fc4a', 'local', 4, 'a:3:{s:3:\"url\";s:42:\"http://cyclingcostadaurada.com?page_id=907\";s:8:\"contents\";a:100:{s:11:\"original_id\";a:2:{s:9:\"translate\";i:0;s:4:\"data\";i:907;}s:5:\"title\";a:3:{s:9:\"translate\";i:1;s:4:\"data\";s:52:\"RXN0YWRhIGNpY2xpc21lIGNhdGVnb3JpZXMgZGUgZm9ybWFjacOz\";s:6:\"format\";s:6:\"base64\";}s:4:\"body\";a:3:{s:9:\"translate\";i:0;s:4:\"data\";s:100400:\"[encoded data, 100400 characters]\";s:6:\"format\";s:6:\"base64\";}s:7:\"excerpt\";a:3:{s:9:\"translate\";i:1;s:4:\"data\";s:0:\"\";s:6:\"format\";s:6:\"base64\";}s:23:\"package-string-14-14897\";a:3:{s:9:\"translate\";i:1;s:4:\"data\";s:32:\"RGl2ZW5kcmVzIHwgNDJrbSAtIDQ1MCs=\";s:6:\"format\";s:6:\"base64\";}s:23:\"package-string-14-14896\";a:3:{s:9:\"translate\";i:1;s:4:\"data\";s:908:\"DQo8cCBzdHlsZT0iZm9udC1zaXplOiAxN3B4OyBmb250LWZhbWlseTogbG9yYTsgZm9udC13ZWlnaHQ6IDEwMDsgY29sb3I6ICMzMzMzMzM7IHRleHQtYWxpZ246IHJpZ2h0OyI+VW5hIHJ1dGEgY2lyY3VsYXIgcXVlLCBlbmNhcmEgbm8gdGVuaW50IGNhcCBwb3J0LCBhcnJpYmEgYSBhY3VtdWxhciA0NTBtIGRlIGRlc25pdmVsbCBwb3NpdGl1LiBBbWIgdW4gaW5pY2kgbW9sdCBwcm9ncmVzc2l1IHBhc3NhbnQgcGVyIGxhIHBhcnQgYWx0YSBkZSBDYW1icmlscywgZW5zIGRpcmlnaW0gY2FwIGEgTW9udGJyacOzIGRlbCBDYW1wIGksIHBvYyBkZXNwcsOpcywgZW50cmVtIGEgQm90YXJlbGwuIEFxdcOtIGFjdW11bGFyZW0gZ3JhbiBwYXJ0IGRlbCBkZXNuaXZlbGwgdG90YWwuIFBhc3NhdCBCb3RhcmVsbCBmYXJlbSBjYXAgYSBWaWxhbm92YSBk4oCZIEVzY29ybmFsYm91IHBhc3NhbnQgcGVyIFJpdWRlY2FueWVzLjwvcD4NCjxwIHN0eWxlPSJmb250LXNpemU6IDE3cHg7IGZvbnQtZmFtaWx5OiBsb3JhOyBmb250LXdlaWdodDogMTAwOyBjb2xvcjogIzMzMzMzMzsgdGV4dC1hbGlnbjogcmlnaHQ7Ij5VbmEgdmVnYWRhIHBhc3NhdCBWaWxhbm92YSwgdHJvYmVtIHVuYSB0b3JuYWRhIGEgY2FzYSBlbiBiYWl4YWRhIHF1ZSBubyBzdXBvc2Fyw6AgY2FwIHByb2JsZW1hIHBlciBuaW5nw7ouPC9wPg0K\";s:6:\"format\";s:6:\"base64\";}s:23:\"package-string-14-13891\";a:3:{s:9:\"translate\";i:1;s:4:\"data\";s:24:\"RXN0YWRhIGRlIGNpY2xpc21l\";s:6:\"format\";s:6:\"base64\";}s:23:\"package-string-14-13892\";a:3:{s:9:\"translate\";i:1;s:4:\"data\";s:8:\"cGVyIA==\";s:6:\"format\";s:6:\"base64\";}s:23:\"package-string-14-13893\";a:3:{s:9:\"translate\";i:1;s:4:\"data\";s:48:\"YWxldmlucw0KaW5mYW50aWxzDQpjYWRldHMNCmp1bmlvcnM=\";s:6:\"format\";s:6:\"base64\";}s:23:\"package-string-14-13959\";a:3:{s:9:\"translate\";i:1;s:4:\"data\";s:128:\"DQo8cCBzdHlsZT0idGV4dC1hbGlnbjogY2VudGVyOyI+RGVzY29icmVpeCBhcXVlc3RhIHZpbGEgY29tcGxldGFtZW50IGVuZm9jYWRhIGVuIGVzcG9ydHMuPC9wPg0K\";s:6:\"format\";s:6:\"base64\";}s:23:\"package-string-14-13903\";a:3:{s:9:\"translate\";i:1;s:4:\"data\";s:12:\"UHJvZ3JhbWE=\";s:6:\"format\";s:6:\"base64\";}s:23:\"package-string-14-13904\";a:3:{s:9:\"translate\";i:1;s:4:\"data\";s:172:\"DQo8cCBzdHlsZT0idGV4dC10cmFuc2Zvcm06IHVwcGVyY2FzZTsgZm9udC1zaXplOiAyNHB4OyBmb250LWZhbWlseTogbGF0bzsgZm9udC13ZWlnaHQ6IDMwMDsgY29sb3I6ICMzMzMzMzM7Ij5ERVMgREUgMTc6MDA8L3A+DQo=\";s:6:\"format\";s:6:\"base64\";}s:23:\"package-string-14-13905\";a:3:{s:9:\"translate\";i:1;s:4:\"data\";s:204:\"DQo8cCBzdHlsZT0idGV4dC10cmFuc2Zvcm06IHVwcGVyY2FzZTsgZm9udC1zaXplOiAyNHB4OyBmb250LWZhbWlseTogbGF0bzsgZm9udC13ZWlnaHQ6IDMwMDsgY29sb3I6ICMzMzMzMzM7Ij5DSEVDSy1JTiBDQU1CUklMUyBQQVJLIFNQT1JUIFZJTExBR0U8L3A+DQo=\";s:6:\"format\";s:6:\"base64\";}s:23:\"package-string-14-13906\";a:3:{s:9:\"translate\";i:1;s:4:\"data\";s:336:\"DQo8cCBzdHlsZT0iZm9udC1zaXplOiAxN3B4OyBmb250LWZhbWlseTogbG9yYTsgZm9udC13ZWlnaHQ6IDMwMDsgY29sb3I6ICMzMzMzMzM7Ij5CZW52aW5ndXRzL2VzLiBSZWdpc3RyZXUgbGEgdm9zdHJhIGVudHJhZGEgYSBsYSByZWNlcGNpw7MgZGUgbGEgQ2FzYSBkZSBsYSBWaWxhIGRlIENhbWJyaWxzIFBhcmsgU3BvcnQgVmlsbGFnZS4gVXMgaW5kaWNhcmFuIGFwYXJ0YW1lbnQgaSBww6BycXVpbmcgcGVyIGFsIGNvdHhlLjwvcD4NCg==\";s:6:\"format\";s:6:\"base64\";}s:23:\"package-string-14-13907\";a:3:{s:9:\"translate\";i:1;s:4:\"data\";s:172:\"DQo8cCBzdHlsZT0idGV4dC10cmFuc2Zvcm06IHVwcGVyY2FzZTsgZm9udC1zaXplOiAyNHB4OyBmb250LWZhbWlseTogbGF0bzsgZm9udC13ZWlnaHQ6IDMwMDsgY29sb3I6ICMzMzMzMzM7Ij4xOTowMCAtIDIwOjAwPC9wPg0K\";s:6:\"format\";s:6:\"base64\";}s:23:\"package-string-14-13908\";a:3:{s:9:\"translate\";i:1;s:4:\"data\";s:188:\"DQo8cCBzdHlsZT0idGV4dC10cmFuc2Zvcm06IHVwcGVyY2FzZTsgZm9udC1zaXplOiAyNHB4OyBmb250LWZhbWlseTogbGF0bzsgZm9udC13ZWlnaHQ6IDMwMDsgY29sb3I6ICMzMzMzMzM7Ij5wcmVzZW50YWNpw7MgZGUgbGEgZXN0YWRhPC9wPg0K\";s:6:\"format\";s:6:\"base64\";}s:23:\"package-string-14-13909\";a:3:{s:9:\"translate\";i:1;s:4:\"data\";s:256:\"DQo8cCBzdHlsZT0iZm9udC1zaXplOiAxN3B4OyBmb250LWZhbWlseTogbG9yYTsgZm9udC13ZWlnaHQ6IDMwMDsgY29sb3I6ICMzMzMzMzM7Ij5CcmllZmluZyBnZW5lcmFsIHNvYnJlIGwnIGVzdGFkYSBvbiBlbnMgcG9kcmVtIGNvbmVpeGVyIHRvdHMgaSBvbiByZXBhc3NhcmVtIGVsIHByb2dyYW1hIGRlIGNhZGEgZGlhLjwvcD4NCg==\";s:6:\"format\";s:6:\"base64\";}s:23:\"package-string-14-13910\";a:3:{s:9:\"translate\";i:1;s:4:\"data\";s:172:\"DQo8cCBzdHlsZT0idGV4dC10cmFuc2Zvcm06IHVwcGVyY2FzZTsgZm9udC1zaXplOiAyNHB4OyBmb250LWZhbWlseTogbGF0bzsgZm9udC13ZWlnaHQ6IDMwMDsgY29sb3I6ICMzMzMzMzM7Ij4yMTowMCAtIDIyOjMwPC9wPg0K\";s:6:\"format\";s:6:\"base64\";}s:23:\"package-string-14-13911\";a:3:{s:9:\"translate\";i:1;s:4:\"data\";s:176:\"DQo8cCBzdHlsZT0idGV4dC10cmFuc2Zvcm06IHVwcGVyY2FzZTsgZm9udC1zaXplOiAyNHB4OyBmb250LWZhbWlseTogbGF0bzsgZm9udC13ZWlnaHQ6IDMwMDsgY29sb3I6ICMzMzMzMzM7Ij5zb3BhciBhbCBidWZmZXQ8L3A+DQo=\";s:6:\"format\";s:6:\"base64\";}s:23:\"package-string-14-13912\";a:3:{s:9:\"translate\";i:1;s:4:\"data\";s:456:\"DQo8cCBzdHlsZT0iZm9udC1zaXplOiAxN3B4OyBmb250LWZhbWlseTogbG9yYTsgZm9udC13ZWlnaHQ6IDMwMDsgY29sb3I6ICMzMzMzMzM7Ij5Tb3BhcmVtIGFsIDxzcGFuIGNsYXNzPSJoaWRkZW5TcGVsbEVycm9yIj5idWZmZXQ8L3NwYW4+IGRlIENhbWJyaWxzIDxzcGFuIGNsYXNzPSJoaWRkZW5TcGVsbEVycm9yIj5QYXJrPC9zcGFuPiA8c3BhbiBjbGFzcz0iaGlkZGVuU3BlbGxFcnJvciI+U3BvcnQ8L3NwYW4+IDxzcGFuIGNsYXNzPSJoaWRkZW5TcGVsbEVycm9yIj5WaWxsYWdlPC9zcGFuPiBwZXIgYWdhZmFyIGZvcmNlcy4gQSBsJyBlbmRlbcOgIHRvY2Egc29ydGlyIGVuIGJpY2kuPC9wPg0K\";s:6:\"format\";s:6:\"base64\";}s:23:\"package-string-14-13913\";a:3:{s:9:\"translate\";i:1;s:4:\"data\";s:24:\"RGlqb3VzIDcgZGVzZW1icmU=\";s:6:\"format\";s:6:\"base64\";}s:23:\"package-string-14-13914\";a:3:{s:9:\"translate\";i:1;s:4:\"data\";s:172:\"DQo8cCBzdHlsZT0idGV4dC10cmFuc2Zvcm06IHVwcGVyY2FzZTsgZm9udC1zaXplOiAyNHB4OyBmb250LWZhbWlseTogbGF0bzsgZm9udC13ZWlnaHQ6IDMwMDsgY29sb3I6ICMzMzMzMzM7Ij4wODowMCAtIDA4OjQwPC9wPg0K\";s:6:\"format\";s:6:\"base64\";}s:23:\"package-string-14-13915\";a:3:{s:9:\"translate\";i:1;s:4:\"data\";s:168:\"DQo8cCBzdHlsZT0idGV4dC10cmFuc2Zvcm06IHVwcGVyY2FzZTsgZm9udC1zaXplOiAyNHB4OyBmb250LWZhbWlseTogbGF0bzsgZm9udC13ZWlnaHQ6IDMwMDsgY29sb3I6ICMzMzMzMzM7Ij5lc21vcnphcjwvcD4NCg==\";s:6:\"format\";s:6:\"base64\";}s:23:\"package-string-14-13917\";a:3:{s:9:\"translate\";i:1;s:4:\"data\";s:164:\"DQo8cCBzdHlsZT0idGV4dC10cmFuc2Zvcm06IHVwcGVyY2FzZTsgZm9udC1zaXplOiAyNHB4OyBmb250LWZhbWlseTogbGF0bzsgZm9udC13ZWlnaHQ6IDMwMDsgY29sb3I6ICMzMzMzMzM7Ij4wODo0NTwvcD4NCg==\";s:6:\"format\";s:6:\"base64\";}s:23:\"package-string-14-13918\";a:3:{s:9:\"translate\";i:1;s:4:\"data\";s:204:\"DQo8cCBzdHlsZT0idGV4dC10cmFuc2Zvcm06IHVwcGVyY2FzZTsgZm9udC1zaXplOiAyNHB4OyBmb250LWZhbWlseTogbGF0bzsgZm9udC13ZWlnaHQ6IDMwMDsgY29sb3I6ICMzMzMzMzM7Ij5jb25jZW50cmFjacOzIGEgY3ljbGluZyBjb3N0YSBkYXVyYWRhPC9wPg0K\";s:6:\"format\";s:6:\"base64\";}s:23:\"package-string-14-13919\";a:3:{s:9:\"translate\";i:1;s:4:\"data\";s:260:\"DQo8cCBzdHlsZT0iZm9udC1zaXplOiAxN3B4OyBmb250LWZhbWlseTogbG9yYTsgZm9udC13ZWlnaHQ6IDMwMDsgY29sb3I6ICMzMzMzMzM7Ij5FbnMgdmVpZW0gdG90cyBhIGwnIGVzdGFjacOzIGRlIGNpY2xpc21lOiBsJyBvZmljaW5hIGRlIEN5Y2xpbmcgQ29zdGEgRGF1cmFkYS4gSW1wb3J0YW50IGxhIHB1bnR1YWxpdGF0LjwvcD4NCg==\";s:6:\"format\";s:6:\"base64\";}s:23:\"package-string-14-13920\";a:3:{s:9:\"translate\";i:1;s:4:\"data\";s:164:\"DQo8cCBzdHlsZT0idGV4dC10cmFuc2Zvcm06IHVwcGVyY2FzZTsgZm9udC1zaXplOiAyNHB4OyBmb250LWZhbWlseTogbGF0bzsgZm9udC13ZWlnaHQ6IDMwMDsgY29sb3I6ICMzMzMzMzM7Ij4wOTowMDwvcD4NCg==\";s:6:\"format\";s:6:\"base64\";}s:23:\"package-string-14-13921\";a:3:{s:9:\"translate\";i:1;s:4:\"data\";s:164:\"DQo8cCBzdHlsZT0idGV4dC10cmFuc2Zvcm06IHVwcGVyY2FzZTsgZm9udC1zaXplOiAyNHB4OyBmb250LWZhbWlseTogbGF0bzsgZm9udC13ZWlnaHQ6IDMwMDsgY29sb3I6ICMzMzMzMzM7Ij5zb3J0aWRhPC9wPg0K\";s:6:\"format\";s:6:\"base64\";}s:23:\"package-string-14-13922\";a:3:{s:9:\"translate\";i:1;s:4:\"data\";s:216:\"DQo8cCBzdHlsZT0iZm9udC1zaXplOiAxN3B4OyBmb250LWZhbWlseTogbG9yYTsgZm9udC13ZWlnaHQ6IDMwMDsgY29sb3I6ICMzMzMzMzM7Ij5Tb3J0aWRhIGRlIGxhIHByaW1lcmEgcnV0YSBkZSBsJyBlc3RhZGEgcGVyIHRvdHMgZWxzIGdydXBzIGkgY2F0ZWdvcmllcy48L3A+DQo=\";s:6:\"format\";s:6:\"base64\";}s:23:\"package-string-14-13923\";a:3:{s:9:\"translate\";i:1;s:4:\"data\";s:172:\"DQo8cCBzdHlsZT0idGV4dC10cmFuc2Zvcm06IHVwcGVyY2FzZTsgZm9udC1zaXplOiAyNHB4OyBmb250LWZhbWlseTogbGF0bzsgZm9udC13ZWlnaHQ6IDMwMDsgY29sb3I6ICMzMzMzMzM7Ij4xMzozMCAtIDE0OjAwPC9wPg0K\";s:6:\"format\";s:6:\"base64\";}s:23:\"package-string-14-13924\";a:3:{s:9:\"translate\";i:1;s:4:\"data\";s:168:\"DQo8cCBzdHlsZT0idGV4dC10cmFuc2Zvcm06IHVwcGVyY2FzZTsgZm9udC1zaXplOiAyNHB4OyBmb250LWZhbWlseTogbGF0bzsgZm9udC13ZWlnaHQ6IDMwMDsgY29sb3I6ICMzMzMzMzM7Ij5hcnJpYmFkYTwvcD4NCg==\";s:6:\"format\";s:6:\"base64\";}s:23:\"package-string-14-13925\";a:3:{s:9:\"translate\";i:1;s:4:\"data\";s:228:\"DQo8cCBzdHlsZT0iZm9udC1zaXplOiAxN3B4OyBmb250LWZhbWlseTogbG9yYTsgZm9udC13ZWlnaHQ6IDMwMDsgY29sb3I6ICMzMzMzMzM7Ij5BcnJpYmFkYSBhcHJveGltYWRhIGEgQ2FtYnJpbHMgUGFyayBTcG9ydCBWaWxsYWdlIGRlIHRvdHMgZWxzIGdydXBzIGkgY2F0ZWdvcmllcy48L3A+DQo=\";s:6:\"format\";s:6:\"base64\";}s:23:\"package-string-14-13926\";a:3:{s:9:\"translate\";i:1;s:4:\"data\";s:164:\"DQo8cCBzdHlsZT0idGV4dC10cmFuc2Zvcm06IHVwcGVyY2FzZTsgZm9udC1zaXplOiAyNHB4OyBmb250LWZhbWlseTogbGF0bzsgZm9udC13ZWlnaHQ6IDMwMDsgY29sb3I6ICMzMzMzMzM7Ij4xNDowMDwvcD4NCg==\";s:6:\"format\";s:6:\"base64\";}s:23:\"package-string-14-13927\";a:3:{s:9:\"translate\";i:1;s:4:\"data\";s:164:\"DQo8cCBzdHlsZT0idGV4dC10cmFuc2Zvcm06IHVwcGVyY2FzZTsgZm9udC1zaXplOiAyNHB4OyBmb250LWZhbWlseTogbGF0bzsgZm9udC13ZWlnaHQ6IDMwMDsgY29sb3I6ICMzMzMzMzM7Ij5kaW5hcjwvcD4NCg==\";s:6:\"format\";s:6:\"base64\";}s:23:\"package-string-14-13928\";a:3:{s:9:\"translate\";i:1;s:4:\"data\";s:140:\"DQo8cCBzdHlsZT0iZm9udC1zaXplOiAxN3B4OyBmb250LWZhbWlseTogbG9yYTsgZm9udC13ZWlnaHQ6IDMwMDsgY29sb3I6ICMzMzMzMzM7Ij5EaW5hciBhbCBidWZmZXQuPC9wPg0K\";s:6:\"format\";s:6:\"base64\";}s:23:\"package-string-14-13929\";a:3:{s:9:\"translate\";i:1;s:4:\"data\";s:164:\"DQo8cCBzdHlsZT0idGV4dC10cmFuc2Zvcm06IHVwcGVyY2FzZTsgZm9udC1zaXplOiAyNHB4OyBmb250LWZhbWlseTogbGF0bzsgZm9udC13ZWlnaHQ6IDMwMDsgY29sb3I6ICMzMzMzMzM7Ij4xODowMDwvcD4NCg==\";s:6:\"format\";s:6:\"base64\";}s:23:\"package-string-14-13932\";a:3:{s:9:\"translate\";i:1;s:4:\"data\";s:172:\"DQo8cCBzdHlsZT0idGV4dC10cmFuc2Zvcm06IHVwcGVyY2FzZTsgZm9udC1zaXplOiAyNHB4OyBmb250LWZhbWlseTogbGF0bzsgZm9udC13ZWlnaHQ6IDMwMDsgY29sb3I6ICMzMzMzMzM7Ij4yMDozMCAtIDIyOjMwPC9wPg0K\";s:6:\"format\";s:6:\"base64\";}s:23:\"package-string-14-13933\";a:3:{s:9:\"translate\";i:1;s:4:\"data\";s:164:\"DQo8cCBzdHlsZT0idGV4dC10cmFuc2Zvcm06IHVwcGVyY2FzZTsgZm9udC1zaXplOiAyNHB4OyBmb250LWZhbWlseTogbGF0bzsgZm9udC13ZWlnaHQ6IDMwMDsgY29sb3I6ICMzMzMzMzM7Ij5zb3BhcjwvcD4NCg==\";s:6:\"format\";s:6:\"base64\";}s:23:\"package-string-14-13934\";a:3:{s:9:\"translate\";i:1;s:4:\"data\";s:168:\"DQo8cCBzdHlsZT0iZm9udC1zaXplOiAxN3B4OyBmb250LWZhbWlseTogbG9yYTsgZm9udC13ZWlnaHQ6IDMwMDsgY29sb3I6ICMzMzMzMzM7Ij5Tb3BhciBhbCBidWZmZXQgZGUgQ1AgU3BvcnQgVmlsbGFnZS48L3A+DQo=\";s:6:\"format\";s:6:\"base64\";}s:23:\"package-string-14-13935\";a:3:{s:9:\"translate\";i:1;s:4:\"data\";s:28:\"RGl2ZW5kcmVzIDggZGVzZW1icmU=\";s:6:\"format\";s:6:\"base64\";}s:23:\"package-string-14-14002\";a:3:{s:9:\"translate\";i:1;s:4:\"data\";s:652:\"DQo8cCBzdHlsZT0iZm9udC1zaXplOiAxN3B4OyBmb250LWZhbWlseTogbG9yYTsgZm9udC13ZWlnaHQ6IDEwMDsgY29sb3I6ICMzMzMzMzM7IHRleHQtYWxpZ246IGxlZnQ7Ij5FbnMgYWxsb3RqYXJlbSBhIExhIE1lZGl0ZXJyw6BuaWEgZGUgQ2FtYnJpbHMgUGFyayBTcG9ydCBWaWxsYWdlLiBBcXVlc3RzIGFwYXJ0YW1lbnRzIGVzdMOhbiBjb21wbGV0YW1lbnQgZXF1aXBhdHMgYW1iIGN1aW5hLCBzYWxhIGQnIGVzdGFyIGFtYiBUViBpIGhhYml0YWNpb25zIGFtYiBiYW55IHByaXZhdCBpIFRWLjwvcD4NCjxwIHN0eWxlPSJmb250LXNpemU6IDE3cHg7IGZvbnQtZmFtaWx5OiBsb3JhOyBmb250LXdlaWdodDogMTAwOyBjb2xvcjogIzMzMzMzMzsgdGV4dC1hbGlnbjogbGVmdDsiPkxhIG3DoHhpbWEgY29tb2RpdGF0IHBlciBhbHMgcGV0aXRzIGkgZWxzIHBhcmVzLiBBcGFydGFtZW50cyBkJyB1bmEsIGR1ZXMgbyB0cmVzIGhhYml0YWNpb25zLjwvcD4NCg==\";s:6:\"format\";s:6:\"base64\";}s:23:\"package-string-14-13993\";a:3:{s:9:\"translate\";i:1;s:4:\"data\";s:24:\"Q09OU1VMVEEgRUwgVFJBQ0s=\";s:6:\"format\";s:6:\"base64\";}s:23:\"package-string-14-14039\";a:3:{s:9:\"translate\";i:1;s:4:\"data\";s:32:\"RGl2ZW5kcmVzIHwgODVrbSAtIDEzNDYr\";s:6:\"format\";s:6:\"base64\";}s:23:\"package-string-14-14040\";a:3:{s:9:\"translate\";i:1;s:4:\"data\";s:96:\"dXJsOmh0dHBzJTNBJTJGJTJGd3d3LnN0cmF2YS5jb20lMkZyb3V0ZXMlMkY5NTg2NjMzfHx0YXJnZXQ6JTIwX2JsYW5rfA==\";s:6:\"format\";s:6:\"base64\";}s:23:\"package-string-14-14041\";a:3:{s:9:\"translate\";i:1;s:4:\"data\";s:736:\"DQo8cCBzdHlsZT0iZm9udC1zaXplOiAxN3B4OyBmb250LWZhbWlseTogbG9yYTsgZm9udC13ZWlnaHQ6IDEwMDsgY29sb3I6ICMzMzMzMzM7IHRleHQtYWxpZ246IGxlZnQ7Ij5IZW0gZGlzc2VueWF0IHVuYSBydXRhIHF1ZSBvZmVyZWl4IGxhIHBvc3NpYmlsaXRhdCBkZSByZXRhbGxhciBlbiBjYXMgcXVlIGhpIGhhZ2kgdW4gZ3J1cCBxdWUgdnVsZ3VpIGZlciB1biByZWNvcnJlZ3V0IHVuYSBtaWNhIG3DqXMgY3VydC4gQW1iIHRyZXMgY29sbHMsIHN1cGVyZW0gcHJpbWVyIENvbGxkZWpvdSwgdW4gcG9ydCBtb2x0IHByb2dyZXNzaXUsIHBlciBiYWl4YXIgY2FwIGEgTGEgVG9ycmUgZGUgRm9udGF1YmVsbGEuIFVuYSB2ZWdhZGEgcGFzc2VtIHBlciBNYXLDp8OgIGkgYXJyaWJlbSBhIEZhbHNldCwgY29tZW7Dp2FyZW0gZWwgcGV0aXQgQ29sbCBkZSBGYWxzZXQsIGRlIG5vbcOpcyA0IGttLiBQZXIgw7psdGltLCBwdWphcmVtIExhIFRlaXhldGEgcGVsIGNvc3RhdCBkZSBQb3JyZXJhIGkgYmFpeGFyZW0gY2FwIGFsIFBhbnTDoCBkZSBSaXVkZWNhbnllcy48L3A+DQo=\";s:6:\"format\";s:6:\"base64\";}s:23:\"package-string-14-14038\";a:3:{s:9:\"translate\";i:1;s:4:\"data\";s:736:\"DQo8cCBzdHlsZT0iZm9udC1zaXplOiAxN3B4OyBmb250LWZhbWlseTogbG9yYTsgZm9udC13ZWlnaHQ6IDEwMDsgY29sb3I6ICMzMzMzMzM7IHRleHQtYWxpZ246IHJpZ2h0OyI+SGVtIGRpc3NlbnlhdCB1bmEgcnV0YSBxdWUgb2ZlcmVpeCBsYSBwb3NzaWJpbGl0YXQgZGUgcmV0YWxsYXIgZW4gY2FzIHF1ZSBoaSBoYWdpIHVuIGdydXAgcXVlIHZ1bGd1aSBmZXIgdW4gcmVjb3JyZWd1dCB1bmEgbWljYSBtw6lzIGN1cnQuIEFtYiB0cmVzIGNvbGxzLCBzdXBlcmVtIHByaW1lciBDb2xsZGVqb3UsIHVuIHBvcnQgbW9sdCBwcm9ncmVzc2l1LCBwZXIgYmFpeGFyIGNhcCBhIExhIFRvcnJlIGRlIEZvbnRhdWJlbGxhLiBVbmEgdmVnYWRhIHBhc3NlbSBwZXIgTWFyw6fDoCBpIGFycmliZW0gYSBGYWxzZXQsIGNvbWVuw6dhcmVtIGVsIHBldGl0IENvbGwgZGUgRmFsc2V0LCBkZSBub23DqXMgNCBrbS4gUGVyIMO6bHRpbSwgcHVqYXJlbSBMYSBUZWl4ZXRhIHBlbCBjb3N0YXQgZGUgUG9ycmVyYSBpIGJhaXhhcmVtIGNhcCBhbCBQYW50w6AgZGUgUml1ZGVjYW55ZXMuPC9wPg0K\";s:6:\"format\";s:6:\"base64\";}s:23:\"package-string-14-13945\";a:3:{s:9:\"translate\";i:1;s:4:\"data\";s:28:\"RGlzc2FidGUgOSBkZXNlbWJyZQ==\";s:6:\"format\";s:6:\"base64\";}s:23:\"package-string-14-13946\";a:3:{s:9:\"translate\";i:1;s:4:\"data\";s:28:\"RGl1bWVuZ2UgMTAgZGVzZW1icmU=\";s:6:\"format\";s:6:\"base64\";}s:23:\"package-string-14-13956\";a:3:{s:9:\"translate\";i:1;s:4:\"data\";s:96:\"U3Vic2Nyw61iZXRlIGEgbnVlc3RyYSBuZXdzbGV0dGVyIHBhcmEgZW50ZXJhcnRlIGRlIG51ZXN0cmFzIG5vdmVkYWRlcy4=\";s:6:\"format\";s:6:\"base64\";}s:23:\"package-string-14-13957\";a:3:{s:9:\"translate\";i:1;s:4:\"data\";s:16:\"TmV3c2xldHRlcg==\";s:6:\"format\";s:6:\"base64\";}s:23:\"package-string-14-13958\";a:3:{s:9:\"translate\";i:1;s:4:\"data\";s:44:\"SG9yYXJpcyByZWNvbWFuYXRzIHBlciBsJyBlc3RhZGEu\";s:6:\"format\";s:6:\"base64\";}s:23:\"package-string-14-13960\";a:3:{s:9:\"translate\";i:1;s:4:\"data\";s:36:\"Q2FtYnJpbHMgUGFyayBTcG9ydCBWaWxsYWdl\";s:6:\"format\";s:6:\"base64\";}s:23:\"package-string-14-14001\";a:3:{s:9:\"translate\";i:1;s:4:\"data\";s:652:\"DQo8cCBzdHlsZT0iZm9udC1zaXplOiAxN3B4OyBmb250LWZhbWlseTogbG9yYTsgZm9udC13ZWlnaHQ6IDEwMDsgY29sb3I6ICMzMzMzMzM7IHRleHQtYWxpZ246IHJpZ2h0OyI+RW5zIGFsbG90amFyZW0gYSBMYSBNZWRpdGVycsOgbmlhIGRlIENhbWJyaWxzIFBhcmsgU3BvcnQgVmlsbGFnZS4gQXF1ZXN0cyBhcGFydGFtZW50cyBlc3TDoW4gY29tcGxldGFtZW50IGVxdWlwYXRzIGFtYiBjdWluYSwgc2FsYSBkJyBlc3RhciBhbWIgVFYgaSBoYWJpdGFjaW9ucyBhbWIgYmFueSBwcml2YXQgaSBUVi48L3A+DQo8cCBzdHlsZT0iZm9udC1zaXplOiAxN3B4OyBmb250LWZhbWlseTogbG9yYTsgZm9udC13ZWlnaHQ6IDEwMDsgY29sb3I6ICMzMzMzMzM7IHRleHQtYWxpZ246IHJpZ2h0OyI+TGEgbcOgeGltYSBjb21vZGl0YXQgcGVyIGFscyBwZXRpdHMgaSBlbHMgcGFyZXMuIEFwYXJ0YW1lbnRzIGQnIHVuYSwgZHVlcyBvIHRyZXMgaGFiaXRhY2lvbnMuPC9wPg0K\";s:6:\"format\";s:6:\"base64\";}s:23:\"package-string-14-13998\";a:3:{s:9:\"translate\";i:1;s:4:\"data\";s:32:\"RGlzc2FidGUgfCA1N2ttIC0gNzE5Kw==\";s:6:\"format\";s:6:\"base64\";}s:23:\"package-string-14-13999\";a:3:{s:9:\"translate\";i:1;s:4:\"data\";s:96:\"dXJsOmh0dHBzJTNBJTJGJTJGd3d3LnN0cmF2YS5jb20lMkZyb3V0ZXMlMkY5NTg1MDExfHx0YXJnZXQ6JTIwX2JsYW5rfA==\";s:6:\"format\";s:6:\"base64\";}s:23:\"package-string-14-13962\";a:3:{s:9:\"translate\";i:1;s:4:\"data\";s:36:\"QXBhcnRhbWVudHMgZGUgNCBlc3RyZWxsZXM=\";s:6:\"format\";s:6:\"base64\";}s:23:\"package-string-14-13963\";a:3:{s:9:\"translate\";i:1;s:4:\"data\";s:24:\"TEEgTUVESVRFUlLDgE5JQQ==\";s:6:\"format\";s:6:\"base64\";}s:23:\"package-string-14-13964\";a:3:{s:9:\"translate\";i:1;s:4:\"data\";s:144:\"dXJsOmh0dHBzJTNBJTJGJTJGZmFtaWx5cmVzb3J0LmNhbWJyaWxzcGFyay5jb20lMkZjYSUyRmFsbG90amFtZW50cyUyRmxhLW1lZGl0ZXJyYW5pYSUyRnx8dGFyZ2V0OiUyMF9ibGFua3w=\";s:6:\"format\";s:6:\"base64\";}s:23:\"package-string-14-14049\";a:3:{s:9:\"translate\";i:1;s:4:\"data\";s:96:\"dXJsOmh0dHBzJTNBJTJGJTJGd3d3LnN0cmF2YS5jb20lMkZyb3V0ZXMlMkY5NTgzMDk5fHx0YXJnZXQ6JTIwX2JsYW5rfA==\";s:6:\"format\";s:6:\"base64\";}s:23:\"package-string-14-13972\";a:3:{s:9:\"translate\";i:1;s:4:\"data\";s:60:\"RGlmZXJlbnRzIHJ1dGVzIGVuIGZ1bmNpw7MgZGUgbGEgY2F0ZWdvcsOtYS4=\";s:6:\"format\";s:6:\"base64\";}s:23:\"package-string-14-13973\";a:3:{s:9:\"translate\";i:1;s:4:\"data\";s:8:\"UnV0ZXM=\";s:6:\"format\";s:6:\"base64\";}s:23:\"package-string-14-13997\";a:3:{s:9:\"translate\";i:1;s:4:\"data\";s:892:\"DQo8cCBzdHlsZT0iZm9udC1zaXplOiAxN3B4OyBmb250LWZhbWlseTogbG9yYTsgZm9udC13ZWlnaHQ6IDEwMDsgY29sb3I6ICMzMzMzMzM7IHRleHQtYWxpZ246IGxlZnQ7Ij5FbCBkaXNzYWJ0ZSBwdWphcmVtIGNhcCBhIHVuIGRlbHMgcG9ydHMgbcOpcyBjb25lZ3V0cyBkZSBsYSB6b25hOiBMYSBUZWl4ZXRhLiBQZXLDsiwgYWJhbnMgPHNwYW4gY2xhc3M9ImhpZGRlbkdyYW1tYXJFcnJvciI+ZCcgYXJyaWJhcjwvc3Bhbj4gYWwgcGV1IGRlbCBwb3J0LCB2b3JlamFyZW0gPHNwYW4gY2xhc3M9ImhpZGRlbkdyYW1tYXJFcnJvciI+bCcgaW5jcmXDrWJsZTwvc3Bhbj4gUGFudMOgIGRlIFJpdWRlY2FueWVzIGEgdHJhdsOpcyA8c3BhbiBjbGFzcz0iaGlkZGVuR3JhbW1hckVycm9yIj5kJyB1bmE8L3NwYW4+IGNhcnJldGVyYSBwbGVuYSBkZSBjb3JiZXMuPC9wPg0KVW5hIHZlZ2FkYSBhbCBwb3J0IGVscyBwYXJ0aWNpcGFudHMgc29ydGlyYW4gZW4gaW50ZXJ2YWxzIDxzcGFuIGNsYXNzPSJoaWRkZW5HcmFtbWFyRXJyb3IiPmQnIHVuPC9zcGFuPiBtaW51dCBwZXIgZmVyIGVsIHNldSBtaWxsb3IgdGVtcHMuIEVsIGNvbnRyb2wgZGUgdGVtcHMgZXMgZmFyw6AgcGVyIHhpcCBpIGVzIGRvbmFyYW4gcHJlbWlzIGFscyBndWFueWFkb3JzIGRlIGNhZGEgY2F0ZWdvcmlhLg0KDQo=\";s:6:\"format\";s:6:\"base64\";}s:23:\"package-string-14-13980\";a:3:{s:9:\"translate\";i:1;s:4:\"data\";s:192:\"DQo8cCBzdHlsZT0idGV4dC10cmFuc2Zvcm06IHVwcGVyY2FzZTsgZm9udC1zaXplOiAyNHB4OyBmb250LWZhbWlseTogbGF0bzsgZm9udC13ZWlnaHQ6IDMwMDsgY29sb3I6ICMzMzMzMzM7Ij5lTlRSRUdBIERFIFRST0ZFVVMgSSBDT01JQVQ8L3A+DQo=\";s:6:\"format\";s:6:\"base64\";}s:23:\"package-string-14-13981\";a:3:{s:9:\"translate\";i:1;s:4:\"data\";s:304:\"DQo8cCBzdHlsZT0iZm9udC1zaXplOiAxN3B4OyBmb250LWZhbWlseTogbG9yYTsgZm9udC13ZWlnaHQ6IDMwMDsgY29sb3I6ICMzMzMzMzM7Ij5GYXJlbSBsJyBlbnRyZWdhIGRlIHRyb2ZldXMsIHVuIHNvcnRlaWcgZCcgb2JzZXF1aXMsIGwnIGVudHJlZ2EgZGUgZGlwbG9tZXMgcGVyIGwnIGFzc3NpdMOobmNpYSBhIGwnIGVzdGFkYSBpLCBmaW5hbG1lbnQsIGVucyBhY29taWFkYXJlbS48L3A+DQo=\";s:6:\"format\";s:6:\"base64\";}s:23:\"package-string-14-13982\";a:3:{s:9:\"translate\";i:1;s:4:\"data\";s:172:\"DQo8cCBzdHlsZT0idGV4dC10cmFuc2Zvcm06IHVwcGVyY2FzZTsgZm9udC1zaXplOiAyNHB4OyBmb250LWZhbWlseTogbGF0bzsgZm9udC13ZWlnaHQ6IDMwMDsgY29sb3I6ICMzMzMzMzM7Ij4wODowMCAtIDA5OjAwPC9wPg0K\";s:6:\"format\";s:6:\"base64\";}s:23:\"package-string-14-13983\";a:3:{s:9:\"translate\";i:1;s:4:\"data\";s:168:\"DQo8cCBzdHlsZT0idGV4dC10cmFuc2Zvcm06IHVwcGVyY2FzZTsgZm9udC1zaXplOiAyNHB4OyBmb250LWZhbWlseTogbGF0bzsgZm9udC13ZWlnaHQ6IDMwMDsgY29sb3I6ICMzMzMzMzM7Ij5jaGVjay1vdXQ8L3A+DQo=\";s:6:\"format\";s:6:\"base64\";}s:23:\"package-string-14-13984\";a:3:{s:9:\"translate\";i:1;s:4:\"data\";s:224:\"DQo8cCBzdHlsZT0iZm9udC1zaXplOiAxN3B4OyBmb250LWZhbWlseTogbG9yYTsgZm9udC13ZWlnaHQ6IDMwMDsgY29sb3I6ICMzMzMzMzM7Ij5DaGVjay1vdXQgZGUgQ2FtYnJpbHMgUGFyayBTcG9ydCBWaWxsYWdlLiBIYXVyw6BzIGRlIGRlaXhhciBsJyBhcGFydGFtZW50IHZ1aXQuPC9wPg0K\";s:6:\"format\";s:6:\"base64\";}s:23:\"package-string-14-13985\";a:3:{s:9:\"translate\";i:1;s:4:\"data\";s:164:\"DQo8cCBzdHlsZT0idGV4dC10cmFuc2Zvcm06IHVwcGVyY2FzZTsgZm9udC1zaXplOiAyNHB4OyBmb250LWZhbWlseTogbGF0bzsgZm9udC13ZWlnaHQ6IDMwMDsgY29sb3I6ICMzMzMzMzM7Ij4xMDowMDwvcD4NCg==\";s:6:\"format\";s:6:\"base64\";}s:23:\"package-string-14-13986\";a:3:{s:9:\"translate\";i:1;s:4:\"data\";s:172:\"DQo8cCBzdHlsZT0idGV4dC10cmFuc2Zvcm06IHVwcGVyY2FzZTsgZm9udC1zaXplOiAyNHB4OyBmb250LWZhbWlseTogbGF0bzsgZm9udC13ZWlnaHQ6IDMwMDsgY29sb3I6ICMzMzMzMzM7Ij5QT1JUIEFWRU5UVVJBPC9wPg0K\";s:6:\"format\";s:6:\"base64\";}s:23:\"package-string-14-13987\";a:3:{s:9:\"translate\";i:1;s:4:\"data\";s:248:\"DQo8cCBzdHlsZT0iZm9udC1zaXplOiAxN3B4OyBmb250LWZhbWlseTogbG9yYTsgZm9udC13ZWlnaHQ6IDMwMDsgY29sb3I6ICMzMzMzMzM7Ij5SZWNvcmRhIHF1ZSBsJyBlbnRyYWRhIGEgUG9ydCBBdmVudHVyYSBlc3TDoCBpbmNsb3NhIGEgbCcgZXN0YWRhLiBUb2NhIGRpc2ZydXRhciBzZW5zZSBsYSBiaWNpITwvcD4NCg==\";s:6:\"format\";s:6:\"base64\";}s:23:\"package-string-14-14003\";a:3:{s:9:\"translate\";i:1;s:4:\"data\";s:484:\"DQo8cCBzdHlsZT0iZm9udC1zaXplOiAxN3B4OyBmb250LWZhbWlseTogbG9yYTsgZm9udC13ZWlnaHQ6IDEwMDsgY29sb3I6ICMzMzMzMzM7IHRleHQtYWxpZ246IGxlZnQ7Ij5MYSB2aWxhIGNvbXB0YSBhbWIgem9uZXMgZGUgam9jcywgU3BhLCBidWZmZXQsIHJlc3RhdXJhbnQsIGVsIEJhciBGw7JydW0sIEdpbW7DoHMgaSBlc3RhY2nDsyBkZSBjaWNsaXNtZSwgZW50cmUgZCcgYWx0cmVzLiBBaXjDsiBzdXBvc2EgdW5hIGdyYW4gcXVhbnRpdGF0IGQnIGVudHJldGVuaW1lbnRzIHBlciBhcXVlbGxzIHF1ZSBubyBwZWRhbGVuIGksIGV2aWRlbnRtZW50LCBwZXIgZW50cmV0ZW5pci1zZSBkZXNwcsOpcyBkZSBsZXMgcnV0ZXMuPC9wPg0K\";s:6:\"format\";s:6:\"base64\";}s:23:\"package-string-14-14004\";a:3:{s:9:\"translate\";i:1;s:4:\"data\";s:52:\"VW5hIHZpbGEgZXNwb3J0aXZhIHBsZW5hIGRlIGNvbW9kaXRhdHM=\";s:6:\"format\";s:6:\"base64\";}s:23:\"package-string-14-14005\";a:3:{s:9:\"translate\";i:1;s:4:\"data\";s:20:\"U0FCRVItTkUgTcOJUw==\";s:6:\"format\";s:6:\"base64\";}s:23:\"package-string-14-14006\";a:3:{s:9:\"translate\";i:1;s:4:\"data\";s:136:\"dXJsOmh0dHBzJTNBJTJGJTJGZmFtaWx5cmVzb3J0LmNhbWJyaWxzcGFyay5jb20lMkZjYSUyRmVsLXJlc29ydCUyRnNwb3J0LXZpbGxhZ2UlMkZ8fHRhcmdldDolMjBfYmxhbmt8\";s:6:\"format\";s:6:\"base64\";}s:23:\"package-string-14-14054\";a:3:{s:9:\"translate\";i:1;s:4:\"data\";s:16:\"VG90IGluY2zDsnM=\";s:6:\"format\";s:6:\"base64\";}s:23:\"package-string-14-14053\";a:3:{s:9:\"translate\";i:1;s:4:\"data\";s:92:\"TCcgZXN0YWRhIGluY2xvdSB0b3RlcyBsZXMgY29tb2RpdGF0cyBwZXIgYXNzZWd1cmFyIDQgZGllcyBwZXJmZWN0ZXM=\";s:6:\"format\";s:6:\"base64\";}s:23:\"package-string-14-14051\";a:3:{s:9:\"translate\";i:1;s:4:\"data\";s:24:\"QWxldmlucy9JbmZhbnRpbHM=\";s:6:\"format\";s:6:\"base64\";}s:23:\"package-string-14-14052\";a:3:{s:9:\"translate\";i:1;s:4:\"data\";s:20:\"Q2FkZXRzL0p1bmlvcnM=\";s:6:\"format\";s:6:\"base64\";}s:23:\"package-string-14-14062\";a:3:{s:9:\"translate\";i:1;s:4:\"data\";s:68:\"Vml1IGVsIGNpY2xpc21lIGEgQ2FtYnJpbHMgZGVsIDcgYWwgMTAgZGUgZGVzZW1icmU=\";s:6:\"format\";s:6:\"base64\";}s:23:\"package-string-14-14061\";a:3:{s:9:\"translate\";i:1;s:4:\"data\";s:108:\"RXhjbHVzaXUgcGVyIGFsZXZpbnMsIGluZmFudGlscywgY2FkZXRzIGkganVuaW9ycyBhbWIgbGVzIHNldmVzIGZhbWlsaWVzIGkgY2x1YnM=\";s:6:\"format\";s:6:\"base64\";}s:23:\"package-string-14-14059\";a:3:{s:9:\"translate\";i:1;s:4:\"data\";s:628:\"DQo8cCBzdHlsZT0iZm9udC1zaXplOiAxN3B4OyBmb250LWZhbWlseTogbG9yYTsgZm9udC13ZWlnaHQ6IDEwMDsgY29sb3I6ICMzMzMzMzM7IHRleHQtYWxpZ246IGp1c3RpZnk7Ij5VbmEgZXN0YWRhIGNpY2xpc3RhIGVuZm9jYWRhIGVuIGNhdGVnb3JpZXMgaW5mZXJpb3JzIHF1ZSBidXNjYSBqdW50YXIgY2ljbGlzbWUgZCcgb2NpIGkgY29tcGV0aWNpw7MgZW4gdW4gYW1iaWVudCBmYW1pbGlhci4gQW1iIGJhc2UgYSBDYW1icmlscyBQYXJrIFNwb3J0IFZpbGxhZ2UsIGVzIHVuYSBvcGNpw7MgaWRlYWwgcGVyIHBhc3NhciA0IGRpZXMgZW4gZmFtaWxpYSBvIHBlciBjbHVicy9lc2NvbGVzIHF1ZSB2b2xlbiBhbXBsaWFyIGxhIGZvcm1hY2nDsyBkZWxzIG3DqXMgcGV0aXRzIGFtYiB1bmEgYWN0aXZpdGF0IG1vbHQgZGlmZXJlbnQuIFRvdCBpbmNsw7JzIHBlciBsYSBtw6B4aW1hIGNvbW9kaXRhdCBkZSB0b3RzLjwvcD4NCg==\";s:6:\"format\";s:6:\"base64\";}s:23:\"package-string-14-14060\";a:3:{s:9:\"translate\";i:1;s:4:\"data\";s:668:\"DQo8cCBzdHlsZT0iZm9udC1zaXplOiAxN3B4OyBmb250LWZhbWlseTogbG9yYTsgZm9udC13ZWlnaHQ6IDEwMDsgY29sb3I6ICMzMzMzMzM7IHRleHQtYWxpZ246IGp1c3RpZnk7Ij5MYSB6b25hIHJlc3VsdGEgaWRlYWwgcGVyIGxhIHByw6BjdGljYSBkZSBjaWNsaXNtZSwgc29icmV0b3QgYSBsJyBoaXZlcm4uIExlcyBidWlkZXMgY2FycmV0ZXJhcyBpIGVsIGNsaW1hIHN1YXUgcG9zc2liaWxpdGVuIHBlZGFsYXIgYSB0b3RzIGVscyBuaXZlbGxzIGkgYW1iIHF1YWxzZXZvbCBvYmplY3RpdS4gQW1iIHVuIGVuZm9jIGRlIGRpdmVyc2nDsyB5IGRlIHBhc3Nhci1obyBiw6ksIGwnIGVzdGFkYSBpbmNsb3UgdW5hIHByb3ZhIGNvbm9tZXRyYWRhIGEgTGEgVGVpeGV0YSBwZXIgYWZlZ2lyIHVuIHB1bnQgY29tcGV0aXRpdS4gVG90cyBlbHMgbmVucyBpIG5lbmVzIG5hc2N1dHMgZW50cmUgMTk5OSBpIDIwMDYgaSBsZXMgc2V2ZXMgZmFtaWxpZXMgc29uIGJlbnZpbmd1dHMhPC9wPg0K\";s:6:\"format\";s:6:\"base64\";}s:23:\"package-string-14-14358\";a:3:{s:9:\"translate\";i:1;s:4:\"data\";s:8:\"UHJldXM=\";s:6:\"format\";s:6:\"base64\";}s:23:\"package-string-14-14360\";a:3:{s:9:\"translate\";i:1;s:4:\"data\";s:24:\"SW5zY3JpcGNpw7MgbmVucw==\";s:6:\"format\";s:6:\"base64\";}s:23:\"package-string-14-14363\";a:3:{s:9:\"translate\";i:1;s:4:\"data\";s:24:\"SW5zY3JpcGNpw7MgcGFyZXM=\";s:6:\"format\";s:6:\"base64\";}s:23:\"package-string-14-14476\";a:3:{s:9:\"translate\";i:1;s:4:\"data\";s:28:\"NyBhbCAxMCBkZSBkZXNlbWJyZQ==\";s:6:\"format\";s:6:\"base64\";}s:23:\"package-string-14-14561\";a:3:{s:9:\"translate\";i:1;s:4:\"data\";s:312:\"DQo8cCBzdHlsZT0iZm9udC1zaXplOiAxN3B4OyBmb250LWZhbWlseTogbG9yYTsgZm9udC13ZWlnaHQ6IDMwMDsgY29sb3I6ICMzMzMzMzM7Ij5Tb3J0aWRhIGRlIGxhIHNlZ29uYSBydXRhIGRlIGwnIGVzdGFkYSBwZXIgdG90cyBlbHMgZ3J1cHMgaSBjYXRlZ29yaWVzLsKgVGVuaW0gY3Jvbm9lc2NhbGFkYSBhbCBDb2xsIGRlIGxhIFRlaXhldGEgYW1iIHByZW1pcyBwZXIgYWxzIGd1YW55YWRvcnMuPC9wPg0K\";s:6:\"format\";s:6:\"base64\";}s:23:\"package-string-14-14566\";a:3:{s:9:\"translate\";i:1;s:4:\"data\";s:168:\"DQo8cCBzdHlsZT0iZm9udC1zaXplOiAxN3B4OyBmb250LWZhbWlseTogbG9yYTsgZm9udC13ZWlnaHQ6IDMwMDsgY29sb3I6ICMzMzMzMzM7Ij5Fc21vcnphcsKgYnVmZmV0IGEgQ1AgU3BvcnQgVmlsbGFnZS48L3A+DQo=\";s:6:\"format\";s:6:\"base64\";}s:23:\"package-string-14-14567\";a:3:{s:9:\"translate\";i:1;s:4:\"data\";s:200:\"DQo8cCBzdHlsZT0idGV4dC10cmFuc2Zvcm06IHVwcGVyY2FzZTsgZm9udC1zaXplOiAyNHB4OyBmb250LWZhbWlseTogbGF0bzsgZm9udC13ZWlnaHQ6IDMwMDsgY29sb3I6ICMzMzMzMzM7Ij54ZXJyYWRhIHTDqWNuaWNhIHwgSk9GUkUgUFJVTkVSQTwvcD4NCg==\";s:6:\"format\";s:6:\"base64\";}s:23:\"package-string-14-14568\";a:3:{s:9:\"translate\";i:1;s:4:\"data\";s:280:\"DQo8cCBzdHlsZT0iZm9udC1zaXplOiAxN3B4OyBmb250LWZhbWlseTogbG9yYTsgZm9udC13ZWlnaHQ6IDMwMDsgY29sb3I6ICMzMzMzMzM7Ij5HYXVkaXJlbcKgZCcgdW5hIHhlcnJhZGEgdMOpbmljYSBhIGPDoHJyZWMgZGUgSm9mcmUgUHJ1bmVyYSBkZSAxMDEgUGVyY2VudCBhbCBDZW50cmUgZGUgQ29udmVuY2lvbnMgZGUgQ1AgU3BvcnQgVmlsbGFnZS48L3A+DQo=\";s:6:\"format\";s:6:\"base64\";}s:23:\"package-string-14-14898\";a:3:{s:9:\"translate\";i:1;s:4:\"data\";s:908:\"DQo8cCBzdHlsZT0iZm9udC1zaXplOiAxN3B4OyBmb250LWZhbWlseTogbG9yYTsgZm9udC13ZWlnaHQ6IDEwMDsgY29sb3I6ICMzMzMzMzM7IHRleHQtYWxpZ246IGxlZnQ7Ij5VbmEgcnV0YSBjaXJjdWxhciBxdWUsIGVuY2FyYSBubyB0ZW5pbnQgY2FwIHBvcnQsIGFycmliYSBhIGFjdW11bGFyIDQ1MG0gZGUgZGVzbml2ZWxsIHBvc2l0aXUuIEFtYiB1biBpbmljaSBtb2x0IHByb2dyZXNzaXUgcGFzc2FudCBwZXIgbGEgcGFydCBhbHRhIGRlIENhbWJyaWxzLCBlbnMgZGlyaWdpbSBjYXAgYSBNb250YnJpw7MgZGVsIENhbXAgaSwgcG9jIGRlc3Byw6lzLCBlbnRyZW0gYSBCb3RhcmVsbC4gQXF1w60gYWN1bXVsYXJlbSBncmFuIHBhcnQgZGVsIGRlc25pdmVsbCB0b3RhbC4gUGFzc2F0IEJvdGFyZWxsIGZhcmVtIGNhcCBhIFZpbGFub3ZhIGTigJkgRXNjb3JuYWxib3UgcGFzc2FudCBwZXIgUml1ZGVjYW55ZXMuPC9wPg0KPHAgc3R5bGU9ImZvbnQtc2l6ZTogMTdweDsgZm9udC1mYW1pbHk6IGxvcmE7IGZvbnQtd2VpZ2h0OiAxMDA7IGNvbG9yOiAjMzMzMzMzOyB0ZXh0LWFsaWduOiBsZWZ0OyI+VW5hIHZlZ2FkYSBwYXNzYXQgVmlsYW5vdmEsIHRyb2JlbSB1bmEgdG9ybmFkYSBhIGNhc2EgZW4gYmFpeGFkYSBxdWUgbm8gc3Vwb3NhcsOgIGNhcCBwcm9ibGVtYSBwZXIgbmluZ8O6LjwvcD4NCg==\";s:6:\"format\";s:6:\"base64\";}s:23:\"package-string-14-14921\";a:3:{s:9:\"translate\";i:1;s:4:\"data\";s:40:\"QW1iIGxhIGNvbMK3bGFib3JhY2nDsyBkZSBsYQ==\";s:6:\"format\";s:6:\"base64\";}s:23:\"package-string-14-14922\";a:3:{s:9:\"translate\";i:1;s:4:\"data\";s:44:\"RmVkZXJhY2nDsyBDYXRhbGFuYSBkZSBDaWNsaXNtZQ==\";s:6:\"format\";s:6:\"base64\";}s:23:\"package-string-14-14923\";a:3:{s:9:\"translate\";i:1;s:4:\"data\";s:276:\"Q29tIGEgZXZlbnQgcXVlIHByb21vY2lvbmEgbCcgZXNwb3J0IGQnIHVuYSBtYW5lcmEgcmVzcG9uc2FibGUsIGNvbXB0ZW0gYW1iIGVsIHN1cG9ydCBkZSBsYSBGZWRlcmFjacOzIENhdGFsYW5hIGRlIENpY2xpc21lLCBxdWUgYXNzZXNzb3JhIGkgcHJvbW9jaW9uYSBhcXVlc3QgY2FtcHVzIGVuZm9jYXQgZW4gbGVzIGNhdGVnb3JpZXMgZGUgZm9ybWFjacOzLg==\";s:6:\"format\";s:6:\"base64\";}s:23:\"package-string-14-15558\";a:3:{s:9:\"translate\";i:1;s:4:\"data\";s:52:\"Q29tcGFydGVpeGVuIGhhYml0YWNpw7MgY29uIGFsdHJlcyBuZW4=\";s:6:\"format\";s:6:\"base64\";}s:23:\"package-string-14-15559\";a:3:{s:9:\"translate\";i:1;s:4:\"data\";s:8:\"MjI14oKs\";s:6:\"format\";s:6:\"base64\";}s:23:\"package-string-14-15560\";a:3:{s:9:\"translate\";i:1;s:4:\"data\";s:44:\"RW4gYXBhcnRhbWVudCBkJyBoYWJpdGFjacOzIGRvYmxl\";s:6:\"format\";s:6:\"base64\";}s:23:\"package-string-14-15561\";a:3:{s:9:\"translate\";i:1;s:4:\"data\";s:36:\"RGl1bWVuZ2UgYcKgUG9ydCBBdmVudHVyYS4=\";s:6:\"format\";s:6:\"base64\";}s:23:\"package-string-14-15562\";a:3:{s:9:\"translate\";i:1;s:4:\"data\";s:28:\"RW50cmFkYSBQb3J0IEF2ZW50dXJh\";s:6:\"format\";s:6:\"base64\";}s:23:\"package-string-14-15563\";a:3:{s:9:\"translate\";i:1;s:4:\"data\";s:8:\"NDLigqw=\";s:6:\"format\";s:6:\"base64\";}}s:4:\"type\";s:4:\"post\";}', '2017-07-25 10:13:54', 1, NULL, NULL, NULL, 1, NULL);
